{"id":10393,"date":"2024-09-16T09:02:37","date_gmt":"2024-09-16T07:02:37","guid":{"rendered":"https:\/\/www.1055.fr\/pontarlier\/?page_id=10393"},"modified":"2025-06-02T14:34:53","modified_gmt":"2025-06-02T12:34:53","slug":"contact","status":"publish","type":"page","link":"https:\/\/www.1055.fr\/pontarlier\/contact\/","title":{"rendered":"Nous contacter"},"content":{"rendered":"\n<p class=\"has-text-align-left has-black-color has-white-background-color has-text-color has-background\"><em>Veuillez trouver ci-dessous nos formulaires pour toute demande de contact : aide \u00e0 la r\u00e9servation, questions diverses, demande de sorties, commandes de billetterie CSE, privatisation, probl\u00e8mes techniques &#8230;<\/em><\/p>\n\n\n\n<h2 class=\"wp-block-heading\">PARTICULIERS &amp; ASSOCIATIONS<\/h2>\n\n\n\n<ul class=\"wp-block-list\">\n<li><strong>Vous \u00eates un particulier (client ou futur client) ou une association <\/strong><\/li>\n<\/ul>\n\n\n\n<div class=\"wp-block-buttons is-layout-flex wp-block-buttons-is-layout-flex\">\n<div class=\"wp-block-button is-style-outline is-style-outline--1\"><a class=\"wp-block-button__link has-black-color has-luminous-vivid-amber-background-color has-text-color has-background wp-element-button\" href=\"https:\/\/cloud.groupe.1055.fr\/particuliers-contactez-nous\">Contactez-nous ici<\/a><\/div>\n<\/div>\n\n\n\n<hr class=\"wp-block-separator has-alpha-channel-opacity\"\/>\n\n\n\n<h2 class=\"wp-block-heading\">ENTREPRISES &amp; CENTRES DE LOISIRS \/ SP\u00c9CIALIS\u00c9S <\/h2>\n\n\n\n<ul class=\"wp-block-list\">\n<li><strong>Vous \u00eates une entreprise, une administration, un centre de loisirs ou un \u00e9tablissement scolaire, un centre sp\u00e9cialis\u00e9 accueillant des enfants, personnes \u00e2g\u00e9es ou en situation de handicap<\/strong><\/li>\n<\/ul>\n\n\n\n<div class=\"wp-block-buttons is-layout-flex wp-block-buttons-is-layout-flex\">\n<div class=\"wp-block-button is-style-outline is-style-outline--2\"><a class=\"wp-block-button__link has-black-color has-vivid-cyan-blue-background-color has-text-color has-background wp-element-button\" href=\"https:\/\/cloud.groupe.1055.fr\/professionnels-contactez-nous\">Contactez-nous ici<\/a><\/div>\n<\/div>\n\n\n\n<div style=\"height:100px\" aria-hidden=\"true\" class=\"wp-block-spacer\"><\/div>\n\n\n\n<p><em>Nous vous informons qu\u2019au titre du respect de la r\u00e8glement europ\u00e9enne sur la protection des donn\u00e9es (RGPD), les informations communiqu\u00e9es par vos soins via ce formulaire permettent le traitement de votre demande. Elles sont transmises de mani\u00e8re s\u00e9curis\u00e9e \u00e0 l&rsquo;\u00e9diteur du site internet et stock\u00e9es dans un syst\u00e8me informatique s\u00e9curis\u00e9 install\u00e9 sur le territoire fran\u00e7ais. <strong>Elles ne seront pas c\u00e9d\u00e9es \u00e0 des tiers, que ce soit \u00e0 titre on\u00e9reux ou gratuit<\/strong>. Vous disposez des droits d\u2019acc\u00e8s, de rectification et de suppression des informations vous concernant. Vous pouvez exercer ce droit en nous contactant directement via ce formulaire : <a href=\"https:\/\/www.1055.fr\/pontarlier\/contact-acces-espace-loisirs-chalon\/\">Contactez-nous<\/a><\/em><\/p>\n\n\n\n<p><em>Vous pouvez \u00e9galement en savoir plus sur la <a href=\"https:\/\/www.1055.fr\/pontarlier\/mentions-legales\/\">protection des donn\u00e9es<\/a> gr\u00e2ce \u00e0 notre page d&rsquo;informations sur les <a href=\"https:\/\/www.1055.fr\/pontarlier\/mentions-legales\/\">mentions l\u00e9gales<\/a> et sur les <a href=\"https:\/\/www.1055.fr\/pontarlier\/utilisation-des-cookies\/\">cookies<\/a>.<\/em><\/p>\n","protected":false},"excerpt":{"rendered":"<p>Veuillez trouver ci-dessous nos formulaires pour toute demande de contact : aide \u00e0 la r\u00e9servation, questions diverses, demande de sorties, &hellip;<\/p>\n","protected":false},"author":15,"featured_media":0,"parent":0,"menu_order":0,"comment_status":"closed","ping_status":"closed","template":"","meta":{"_acf_changed":false,"footnotes":""},"class_list":["post-10393","page","type-page","status-publish","hentry"],"acf":[],"yoast_head":"<!-- This site is optimized with the Yoast SEO plugin v24.6 - https:\/\/yoast.com\/wordpress\/plugins\/seo\/ -->\n<title>Nous contacter<\/title>\n<meta name=\"robots\" content=\"index, follow, max-snippet:-1, max-image-preview:large, max-video-preview:-1\" \/>\n<link rel=\"canonical\" href=\"https:\/\/www.1055.fr\/pontarlier\/contact\/\" \/>\n<meta property=\"og:locale\" content=\"fr_FR\" \/>\n<meta property=\"og:type\" content=\"article\" \/>\n<meta property=\"og:title\" content=\"Nous contacter\" \/>\n<meta property=\"og:description\" content=\"Veuillez trouver ci-dessous nos formulaires pour toute demande de contact : aide \u00e0 la r\u00e9servation, questions diverses, demande de sorties, &hellip;\" \/>\n<meta property=\"og:url\" content=\"https:\/\/www.1055.fr\/pontarlier\/contact\/\" \/>\n<meta property=\"og:site_name\" content=\"1055 - Pontarlier\" \/>\n<meta property=\"article:modified_time\" content=\"2025-06-02T12:34:53+00:00\" \/>\n<meta name=\"twitter:card\" content=\"summary_large_image\" \/>\n<meta name=\"twitter:label1\" content=\"Dur\u00e9e de lecture estim\u00e9e\" \/>\n\t<meta name=\"twitter:data1\" content=\"2 minutes\" \/>\n<script type=\"application\/ld+json\" class=\"yoast-schema-graph\">{\"@context\":\"https:\/\/schema.org\",\"@graph\":[{\"@type\":\"WebPage\",\"@id\":\"https:\/\/www.1055.fr\/pontarlier\/contact\/\",\"url\":\"https:\/\/www.1055.fr\/pontarlier\/contact\/\",\"name\":\"Nous contacter\",\"isPartOf\":{\"@id\":\"https:\/\/www.1055.fr\/chalon\/#website\"},\"datePublished\":\"2024-09-16T07:02:37+00:00\",\"dateModified\":\"2025-06-02T12:34:53+00:00\",\"breadcrumb\":{\"@id\":\"https:\/\/www.1055.fr\/pontarlier\/contact\/#breadcrumb\"},\"inLanguage\":\"fr-FR\",\"potentialAction\":[{\"@type\":\"ReadAction\",\"target\":[\"https:\/\/www.1055.fr\/pontarlier\/contact\/\"]}]},{\"@type\":\"BreadcrumbList\",\"@id\":\"https:\/\/www.1055.fr\/pontarlier\/contact\/#breadcrumb\",\"itemListElement\":[{\"@type\":\"ListItem\",\"position\":1,\"name\":\"Home\",\"item\":\"https:\/\/www.1055.fr\/pontarlier\/\"},{\"@type\":\"ListItem\",\"position\":2,\"name\":\"Nous contacter\"}]},{\"@type\":\"WebSite\",\"@id\":\"https:\/\/www.1055.fr\/chalon\/#website\",\"url\":\"https:\/\/www.1055.fr\/chalon\/\",\"name\":\"1055 - Pontarlier\",\"description\":\"\",\"potentialAction\":[{\"@type\":\"SearchAction\",\"target\":{\"@type\":\"EntryPoint\",\"urlTemplate\":\"https:\/\/www.1055.fr\/chalon\/?s={search_term_string}\"},\"query-input\":{\"@type\":\"PropertyValueSpecification\",\"valueRequired\":true,\"valueName\":\"search_term_string\"}}],\"inLanguage\":\"fr-FR\"}]}<\/script>\n<!-- \/ Yoast SEO plugin. -->","yoast_head_json":{"title":"Nous contacter","robots":{"index":"index","follow":"follow","max-snippet":"max-snippet:-1","max-image-preview":"max-image-preview:large","max-video-preview":"max-video-preview:-1"},"canonical":"https:\/\/www.1055.fr\/pontarlier\/contact\/","og_locale":"fr_FR","og_type":"article","og_title":"Nous contacter","og_description":"Veuillez trouver ci-dessous nos formulaires pour toute demande de contact : aide \u00e0 la r\u00e9servation, questions diverses, demande de sorties, &hellip;","og_url":"https:\/\/www.1055.fr\/pontarlier\/contact\/","og_site_name":"1055 - Pontarlier","article_modified_time":"2025-06-02T12:34:53+00:00","twitter_card":"summary_large_image","twitter_misc":{"Dur\u00e9e de lecture estim\u00e9e":"2 minutes"},"schema":{"@context":"https:\/\/schema.org","@graph":[{"@type":"WebPage","@id":"https:\/\/www.1055.fr\/pontarlier\/contact\/","url":"https:\/\/www.1055.fr\/pontarlier\/contact\/","name":"Nous contacter","isPartOf":{"@id":"https:\/\/www.1055.fr\/chalon\/#website"},"datePublished":"2024-09-16T07:02:37+00:00","dateModified":"2025-06-02T12:34:53+00:00","breadcrumb":{"@id":"https:\/\/www.1055.fr\/pontarlier\/contact\/#breadcrumb"},"inLanguage":"fr-FR","potentialAction":[{"@type":"ReadAction","target":["https:\/\/www.1055.fr\/pontarlier\/contact\/"]}]},{"@type":"BreadcrumbList","@id":"https:\/\/www.1055.fr\/pontarlier\/contact\/#breadcrumb","itemListElement":[{"@type":"ListItem","position":1,"name":"Home","item":"https:\/\/www.1055.fr\/pontarlier\/"},{"@type":"ListItem","position":2,"name":"Nous contacter"}]},{"@type":"WebSite","@id":"https:\/\/www.1055.fr\/chalon\/#website","url":"https:\/\/www.1055.fr\/chalon\/","name":"1055 - Pontarlier","description":"","potentialAction":[{"@type":"SearchAction","target":{"@type":"EntryPoint","urlTemplate":"https:\/\/www.1055.fr\/chalon\/?s={search_term_string}"},"query-input":{"@type":"PropertyValueSpecification","valueRequired":true,"valueName":"search_term_string"}}],"inLanguage":"fr-FR"}]}},"_links":{"self":[{"href":"https:\/\/www.1055.fr\/pontarlier\/wp-json\/wp\/v2\/pages\/10393","targetHints":{"allow":["GET"]}}],"collection":[{"href":"https:\/\/www.1055.fr\/pontarlier\/wp-json\/wp\/v2\/pages"}],"about":[{"href":"https:\/\/www.1055.fr\/pontarlier\/wp-json\/wp\/v2\/types\/page"}],"author":[{"embeddable":true,"href":"https:\/\/www.1055.fr\/pontarlier\/wp-json\/wp\/v2\/users\/15"}],"replies":[{"embeddable":true,"href":"https:\/\/www.1055.fr\/pontarlier\/wp-json\/wp\/v2\/comments?post=10393"}],"version-history":[{"count":2,"href":"https:\/\/www.1055.fr\/pontarlier\/wp-json\/wp\/v2\/pages\/10393\/revisions"}],"predecessor-version":[{"id":11515,"href":"https:\/\/www.1055.fr\/pontarlier\/wp-json\/wp\/v2\/pages\/10393\/revisions\/11515"}],"wp:attachment":[{"href":"https:\/\/www.1055.fr\/pontarlier\/wp-json\/wp\/v2\/media?parent=10393"}],"curies":[{"name":"wp","href":"https:\/\/api.w.org\/{rel}","templated":true}]}}