{"id":9287,"date":"2023-10-17T10:51:38","date_gmt":"2023-10-17T08:51:38","guid":{"rendered":"https:\/\/www.1055.fr\/chalon\/?page_id=9287"},"modified":"2025-10-15T11:48:52","modified_gmt":"2025-10-15T09:48:52","slug":"lancer-de-haches","status":"publish","type":"page","link":"https:\/\/www.1055.fr\/epinal\/activites\/lancer-de-haches\/","title":{"rendered":"Lancer de haches"},"content":{"rendered":"\n<h2 class=\"wp-block-heading\">Lancer de hache \u00e0 Epinal : une activit\u00e9 insolite \u00e0 d\u00e9couvrir au 10\u00b755<\/h2>\n\n\n<div class=\"wp-block-image\">\n<figure class=\"aligncenter size-large is-resized\"><img loading=\"lazy\" decoding=\"async\" width=\"1024\" height=\"683\" src=\"https:\/\/www.1055.fr\/epinal\/contenu\/uploads\/2025\/06\/LANCER-DE-HACHE-2-1024x683.jpg\" alt=\"lancer de hache belfort\" class=\"wp-image-10282\" style=\"width:508px;height:auto\" srcset=\"https:\/\/www.1055.fr\/epinal\/contenu\/uploads\/2025\/06\/LANCER-DE-HACHE-2-1024x683.jpg 1024w, https:\/\/www.1055.fr\/epinal\/contenu\/uploads\/2025\/06\/LANCER-DE-HACHE-2-300x200.jpg 300w, https:\/\/www.1055.fr\/epinal\/contenu\/uploads\/2025\/06\/LANCER-DE-HACHE-2-768x512.jpg 768w, https:\/\/www.1055.fr\/epinal\/contenu\/uploads\/2025\/06\/LANCER-DE-HACHE-2-1536x1024.jpg 1536w, https:\/\/www.1055.fr\/epinal\/contenu\/uploads\/2025\/06\/LANCER-DE-HACHE-2-24x16.jpg 24w, https:\/\/www.1055.fr\/epinal\/contenu\/uploads\/2025\/06\/LANCER-DE-HACHE-2-36x24.jpg 36w, https:\/\/www.1055.fr\/epinal\/contenu\/uploads\/2025\/06\/LANCER-DE-HACHE-2-48x32.jpg 48w, https:\/\/www.1055.fr\/epinal\/contenu\/uploads\/2025\/06\/LANCER-DE-HACHE-2.jpg 2048w\" sizes=\"auto, (max-width: 767px) 89vw, (max-width: 1000px) 54vw, (max-width: 1071px) 543px, 580px\" \/><\/figure>\n<\/div>\n\n\n<h3 class=\"wp-block-heading\">2 cibles pour s\u2019affronter en toute s\u00e9curit\u00e9 au lancer de hache \u00e0 Epinal<\/h3>\n\n\n\n<p>Notre zone de <strong>lancer de hache<\/strong> est \u00e9quip\u00e9e de <strong>2 cibles<\/strong>, parfaites pour s\u2019initier \u00e0 cette discipline insolite dans une ambiance ludique. Accessible d\u00e8s 16 ans (avec autorisation parentale), l\u2019activit\u00e9 est encadr\u00e9e par nos \u00e9quipes pour garantir un maximum de <strong>fun et de s\u00e9curit\u00e9<\/strong>.<\/p>\n\n\n\n<h3 class=\"wp-block-heading\">2 cibles pour s\u2019affronter en toute s\u00e9curit\u00e9<\/h3>\n\n\n\n<p>Notre zone de <strong>lancer de hache<\/strong> est \u00e9quip\u00e9e de <strong>2 cibles<\/strong>, parfaites pour s\u2019initier \u00e0 cette discipline insolite dans une ambiance unique au 10\u00b755 de Epinal. La Team 10\u00b755 est form\u00e9e pour vous expliquer les r\u00e8gles de s\u00e9curit\u00e9 afin que vous puissiez <strong>lancer vos haches en toute s\u00e9curit\u00e9. <\/strong><\/p>\n\n\n\n<h3 class=\"wp-block-heading\">Lancer de hache + ap\u00e9ro ? C\u2019est possible !<\/h3>\n\n\n\n<p>Apr\u00e8s l&rsquo;effort, le r\u00e9confort ! Prolongez l&rsquo;exp\u00e9rience en r\u00e9servant une table \u00e0 notre <strong><a href=\"https:\/\/www.labrasserie-1055.fr\/\">Brasserie<\/a><\/strong> ou en profitant d\u2019un moment plus d\u00e9tendu au <a><strong>B<\/strong><\/a><strong><a href=\"https:\/\/www.1055.fr\/epinal\/bar-food\/\">ar &amp; Snacking<\/a><\/strong>. L\u2019ambiance du 10\u00b755, c\u2019est aussi \u00e7a : des activit\u00e9s fun <strong>et une offre food &amp; drink<\/strong> pens\u00e9e pour toutes les envies.<\/p>\n\n\n\n<div class=\"wp-block-columns is-not-stacked-on-mobile is-layout-flex wp-container-core-columns-is-layout-9d6595d7 wp-block-columns-is-layout-flex\">\n<div class=\"wp-block-column is-layout-flow wp-block-column-is-layout-flow\">\n<figure class=\"wp-block-image size-large is-style-default wp-duotone-unset-1\"><img loading=\"lazy\" decoding=\"async\" width=\"1213\" height=\"808\" src=\"https:\/\/www.1055.fr\/epinal\/contenu\/uploads\/2025\/06\/tapas-devant-lancer-de-hache-01-edited.jpg\" alt=\"\" class=\"wp-image-10285\" style=\"aspect-ratio:9\/16;object-fit:cover\" srcset=\"https:\/\/www.1055.fr\/epinal\/contenu\/uploads\/2025\/06\/tapas-devant-lancer-de-hache-01-edited.jpg 1213w, https:\/\/www.1055.fr\/epinal\/contenu\/uploads\/2025\/06\/tapas-devant-lancer-de-hache-01-edited-300x200.jpg 300w, https:\/\/www.1055.fr\/epinal\/contenu\/uploads\/2025\/06\/tapas-devant-lancer-de-hache-01-edited-1024x682.jpg 1024w, https:\/\/www.1055.fr\/epinal\/contenu\/uploads\/2025\/06\/tapas-devant-lancer-de-hache-01-edited-768x512.jpg 768w, https:\/\/www.1055.fr\/epinal\/contenu\/uploads\/2025\/06\/tapas-devant-lancer-de-hache-01-edited-24x16.jpg 24w, https:\/\/www.1055.fr\/epinal\/contenu\/uploads\/2025\/06\/tapas-devant-lancer-de-hache-01-edited-36x24.jpg 36w, https:\/\/www.1055.fr\/epinal\/contenu\/uploads\/2025\/06\/tapas-devant-lancer-de-hache-01-edited-48x32.jpg 48w\" sizes=\"auto, (max-width: 767px) 89vw, (max-width: 1000px) 54vw, (max-width: 1071px) 543px, 580px\" \/><\/figure>\n<\/div>\n\n\n\n<div class=\"wp-block-column is-layout-flow wp-block-column-is-layout-flow\">\n<figure class=\"wp-block-image size-large\"><img loading=\"lazy\" decoding=\"async\" width=\"1024\" height=\"683\" src=\"https:\/\/www.1055.fr\/epinal\/contenu\/uploads\/2025\/06\/tapas-devant-lancer-de-hache-11-1024x683.jpg\" alt=\"\" class=\"wp-image-10284\" style=\"aspect-ratio:9\/16;object-fit:cover\" srcset=\"https:\/\/www.1055.fr\/epinal\/contenu\/uploads\/2025\/06\/tapas-devant-lancer-de-hache-11-1024x683.jpg 1024w, https:\/\/www.1055.fr\/epinal\/contenu\/uploads\/2025\/06\/tapas-devant-lancer-de-hache-11-300x200.jpg 300w, https:\/\/www.1055.fr\/epinal\/contenu\/uploads\/2025\/06\/tapas-devant-lancer-de-hache-11-768x512.jpg 768w, https:\/\/www.1055.fr\/epinal\/contenu\/uploads\/2025\/06\/tapas-devant-lancer-de-hache-11-1536x1024.jpg 1536w, https:\/\/www.1055.fr\/epinal\/contenu\/uploads\/2025\/06\/tapas-devant-lancer-de-hache-11-24x16.jpg 24w, https:\/\/www.1055.fr\/epinal\/contenu\/uploads\/2025\/06\/tapas-devant-lancer-de-hache-11-36x24.jpg 36w, https:\/\/www.1055.fr\/epinal\/contenu\/uploads\/2025\/06\/tapas-devant-lancer-de-hache-11-48x32.jpg 48w, https:\/\/www.1055.fr\/epinal\/contenu\/uploads\/2025\/06\/tapas-devant-lancer-de-hache-11.jpg 2048w\" sizes=\"auto, (max-width: 767px) 89vw, (max-width: 1000px) 54vw, (max-width: 1071px) 543px, 580px\" \/><\/figure>\n<\/div>\n<\/div>\n\n\n\n<hr class=\"wp-block-separator has-alpha-channel-opacity\"\/>\n\n\n\n<div class=\"wp-block-columns is-not-stacked-on-mobile is-layout-flex wp-container-core-columns-is-layout-9d6595d7 wp-block-columns-is-layout-flex\">\n<div class=\"wp-block-column is-layout-flow wp-block-column-is-layout-flow\">\n<h4 class=\"wp-block-heading\"><a href=\"https:\/\/www.1055.fr\/epinal\/activites\/\">\u2197 + d&rsquo;activit\u00e9s <\/a><\/h4>\n\n\n\n<p>D\u00e9couvrez toutes les activit\u00e9s Indoor que le 10\u00b755 a \u00e0 vous offrir <\/p>\n\n\n\n<figure class=\"wp-block-image size-full\"><img loading=\"lazy\" decoding=\"async\" width=\"900\" height=\"160\" src=\"https:\/\/www.1055.fr\/epinal\/contenu\/uploads\/2025\/06\/TACTIC-petite-banniere-900x160-2.jpg\" alt=\"\" class=\"wp-image-10277\" srcset=\"https:\/\/www.1055.fr\/epinal\/contenu\/uploads\/2025\/06\/TACTIC-petite-banniere-900x160-2.jpg 900w, https:\/\/www.1055.fr\/epinal\/contenu\/uploads\/2025\/06\/TACTIC-petite-banniere-900x160-2-300x53.jpg 300w, https:\/\/www.1055.fr\/epinal\/contenu\/uploads\/2025\/06\/TACTIC-petite-banniere-900x160-2-768x137.jpg 768w, https:\/\/www.1055.fr\/epinal\/contenu\/uploads\/2025\/06\/TACTIC-petite-banniere-900x160-2-24x4.jpg 24w, https:\/\/www.1055.fr\/epinal\/contenu\/uploads\/2025\/06\/TACTIC-petite-banniere-900x160-2-36x6.jpg 36w, https:\/\/www.1055.fr\/epinal\/contenu\/uploads\/2025\/06\/TACTIC-petite-banniere-900x160-2-48x9.jpg 48w\" sizes=\"auto, (max-width: 767px) 89vw, (max-width: 1000px) 54vw, (max-width: 1071px) 543px, 580px\" \/><\/figure>\n<\/div>\n\n\n\n<div class=\"wp-block-column is-layout-flow wp-block-column-is-layout-flow\">\n<h4 class=\"wp-block-heading\"><a href=\"https:\/\/www.1055.fr\/epinal\/groupes\/\">\u2197 Offres CSE ? <\/a><\/h4>\n\n\n\n<p>Le 10\u00b755 travaille avec les CSE; parlez \u00e0 votre CSE !<\/p>\n\n\n\n<figure class=\"wp-block-image size-full\"><img loading=\"lazy\" decoding=\"async\" width=\"900\" height=\"160\" src=\"https:\/\/www.1055.fr\/epinal\/contenu\/uploads\/2025\/06\/Petite-banniere_BtoC_2.png\" alt=\"\" class=\"wp-image-10296\" srcset=\"https:\/\/www.1055.fr\/epinal\/contenu\/uploads\/2025\/06\/Petite-banniere_BtoC_2.png 900w, https:\/\/www.1055.fr\/epinal\/contenu\/uploads\/2025\/06\/Petite-banniere_BtoC_2-300x53.png 300w, https:\/\/www.1055.fr\/epinal\/contenu\/uploads\/2025\/06\/Petite-banniere_BtoC_2-768x137.png 768w, https:\/\/www.1055.fr\/epinal\/contenu\/uploads\/2025\/06\/Petite-banniere_BtoC_2-24x4.png 24w, https:\/\/www.1055.fr\/epinal\/contenu\/uploads\/2025\/06\/Petite-banniere_BtoC_2-36x6.png 36w, https:\/\/www.1055.fr\/epinal\/contenu\/uploads\/2025\/06\/Petite-banniere_BtoC_2-48x9.png 48w\" sizes=\"auto, (max-width: 767px) 89vw, (max-width: 1000px) 54vw, (max-width: 1071px) 543px, 580px\" \/><\/figure>\n<\/div>\n<\/div>\n\n\n\n<p><\/p>\n","protected":false},"excerpt":{"rendered":"<p>D\u00e9couvrez une activit\u00e9 assez insolite \u00e0 tester sans tarder : le lancer de haches ! <\/p>\n","protected":false},"author":10,"featured_media":10152,"parent":221,"menu_order":0,"comment_status":"closed","ping_status":"closed","template":"page-activite.php","meta":{"_acf_changed":false,"footnotes":""},"class_list":["post-9287","page","type-page","status-publish","has-post-thumbnail","hentry"],"acf":[],"yoast_head":"<!-- This site is optimized with the Yoast SEO plugin v25.9 - https:\/\/yoast.com\/wordpress\/plugins\/seo\/ -->\n<title>Lancer de haches | 10\u00b755 Epinal<\/title>\n<meta name=\"description\" content=\"Testez le lancer de hache \u00e0 Epinal ! Une activit\u00e9 insolite avec 2 cibles, id\u00e9ale pour les amis, familles et entreprise dans les Vosges.\" \/>\n<meta name=\"robots\" content=\"index, follow, max-snippet:-1, max-image-preview:large, max-video-preview:-1\" \/>\n<link rel=\"canonical\" href=\"https:\/\/www.1055.fr\/epinal\/activites\/lancer-de-haches\/\" \/>\n<meta property=\"og:locale\" content=\"fr_FR\" \/>\n<meta property=\"og:type\" content=\"article\" \/>\n<meta property=\"og:title\" content=\"Lancer de haches | 10\u00b755 Epinal\" \/>\n<meta property=\"og:description\" content=\"Testez le lancer de hache \u00e0 Epinal ! Une activit\u00e9 insolite avec 2 cibles, id\u00e9ale pour les amis, familles et entreprise dans les Vosges.\" \/>\n<meta property=\"og:url\" content=\"https:\/\/www.1055.fr\/epinal\/activites\/lancer-de-haches\/\" \/>\n<meta property=\"og:site_name\" content=\"1055 Epinal\" \/>\n<meta property=\"article:modified_time\" content=\"2025-10-15T09:48:52+00:00\" \/>\n<meta property=\"og:image\" content=\"https:\/\/www.1055.fr\/epinal\/contenu\/uploads\/2024\/07\/banniere-activite-lancer-de-hache.jpg\" \/>\n\t<meta property=\"og:image:width\" content=\"1800\" \/>\n\t<meta property=\"og:image:height\" content=\"360\" \/>\n\t<meta property=\"og:image:type\" content=\"image\/jpeg\" \/>\n<meta name=\"twitter:card\" content=\"summary_large_image\" \/>\n<meta name=\"twitter:label1\" content=\"Dur\u00e9e de lecture estim\u00e9e\" \/>\n\t<meta name=\"twitter:data1\" content=\"5 minutes\" \/>\n<script type=\"application\/ld+json\" class=\"yoast-schema-graph\">{\"@context\":\"https:\/\/schema.org\",\"@graph\":[{\"@type\":\"WebPage\",\"@id\":\"https:\/\/www.1055.fr\/epinal\/activites\/lancer-de-haches\/\",\"url\":\"https:\/\/www.1055.fr\/epinal\/activites\/lancer-de-haches\/\",\"name\":\"Lancer de haches | 10\u00b755 Epinal\",\"isPartOf\":{\"@id\":\"https:\/\/www.1055.fr\/epinal\/#website\"},\"primaryImageOfPage\":{\"@id\":\"https:\/\/www.1055.fr\/epinal\/activites\/lancer-de-haches\/#primaryimage\"},\"image\":{\"@id\":\"https:\/\/www.1055.fr\/epinal\/activites\/lancer-de-haches\/#primaryimage\"},\"thumbnailUrl\":\"https:\/\/www.1055.fr\/epinal\/contenu\/uploads\/2024\/07\/banniere-activite-lancer-de-hache.jpg\",\"datePublished\":\"2023-10-17T08:51:38+00:00\",\"dateModified\":\"2025-10-15T09:48:52+00:00\",\"description\":\"Testez le lancer de hache \u00e0 Epinal ! Une activit\u00e9 insolite avec 2 cibles, id\u00e9ale pour les amis, familles et entreprise dans les Vosges.\",\"breadcrumb\":{\"@id\":\"https:\/\/www.1055.fr\/epinal\/activites\/lancer-de-haches\/#breadcrumb\"},\"inLanguage\":\"fr-FR\",\"potentialAction\":[{\"@type\":\"ReadAction\",\"target\":[\"https:\/\/www.1055.fr\/epinal\/activites\/lancer-de-haches\/\"]}]},{\"@type\":\"ImageObject\",\"inLanguage\":\"fr-FR\",\"@id\":\"https:\/\/www.1055.fr\/epinal\/activites\/lancer-de-haches\/#primaryimage\",\"url\":\"https:\/\/www.1055.fr\/epinal\/contenu\/uploads\/2024\/07\/banniere-activite-lancer-de-hache.jpg\",\"contentUrl\":\"https:\/\/www.1055.fr\/epinal\/contenu\/uploads\/2024\/07\/banniere-activite-lancer-de-hache.jpg\",\"width\":1800,\"height\":360},{\"@type\":\"BreadcrumbList\",\"@id\":\"https:\/\/www.1055.fr\/epinal\/activites\/lancer-de-haches\/#breadcrumb\",\"itemListElement\":[{\"@type\":\"ListItem\",\"position\":1,\"name\":\"Home\",\"item\":\"https:\/\/www.1055.fr\/epinal\/\"},{\"@type\":\"ListItem\",\"position\":2,\"name\":\"Activit\u00e9s\",\"item\":\"https:\/\/www.1055.fr\/epinal\/activites\/\"},{\"@type\":\"ListItem\",\"position\":3,\"name\":\"Lancer de haches\"}]},{\"@type\":\"WebSite\",\"@id\":\"https:\/\/www.1055.fr\/epinal\/#website\",\"url\":\"https:\/\/www.1055.fr\/epinal\/\",\"name\":\"1055 Epinal\",\"description\":\"\",\"potentialAction\":[{\"@type\":\"SearchAction\",\"target\":{\"@type\":\"EntryPoint\",\"urlTemplate\":\"https:\/\/www.1055.fr\/epinal\/?s={search_term_string}\"},\"query-input\":{\"@type\":\"PropertyValueSpecification\",\"valueRequired\":true,\"valueName\":\"search_term_string\"}}],\"inLanguage\":\"fr-FR\"}]}<\/script>\n<!-- \/ Yoast SEO plugin. -->","yoast_head_json":{"title":"Lancer de haches | 10\u00b755 Epinal","description":"Testez le lancer de hache \u00e0 Epinal ! Une activit\u00e9 insolite avec 2 cibles, id\u00e9ale pour les amis, familles et entreprise dans les Vosges.","robots":{"index":"index","follow":"follow","max-snippet":"max-snippet:-1","max-image-preview":"max-image-preview:large","max-video-preview":"max-video-preview:-1"},"canonical":"https:\/\/www.1055.fr\/epinal\/activites\/lancer-de-haches\/","og_locale":"fr_FR","og_type":"article","og_title":"Lancer de haches | 10\u00b755 Epinal","og_description":"Testez le lancer de hache \u00e0 Epinal ! Une activit\u00e9 insolite avec 2 cibles, id\u00e9ale pour les amis, familles et entreprise dans les Vosges.","og_url":"https:\/\/www.1055.fr\/epinal\/activites\/lancer-de-haches\/","og_site_name":"1055 Epinal","article_modified_time":"2025-10-15T09:48:52+00:00","og_image":[{"width":1800,"height":360,"url":"https:\/\/www.1055.fr\/epinal\/contenu\/uploads\/2024\/07\/banniere-activite-lancer-de-hache.jpg","type":"image\/jpeg"}],"twitter_card":"summary_large_image","twitter_misc":{"Dur\u00e9e de lecture estim\u00e9e":"5 minutes"},"schema":{"@context":"https:\/\/schema.org","@graph":[{"@type":"WebPage","@id":"https:\/\/www.1055.fr\/epinal\/activites\/lancer-de-haches\/","url":"https:\/\/www.1055.fr\/epinal\/activites\/lancer-de-haches\/","name":"Lancer de haches | 10\u00b755 Epinal","isPartOf":{"@id":"https:\/\/www.1055.fr\/epinal\/#website"},"primaryImageOfPage":{"@id":"https:\/\/www.1055.fr\/epinal\/activites\/lancer-de-haches\/#primaryimage"},"image":{"@id":"https:\/\/www.1055.fr\/epinal\/activites\/lancer-de-haches\/#primaryimage"},"thumbnailUrl":"https:\/\/www.1055.fr\/epinal\/contenu\/uploads\/2024\/07\/banniere-activite-lancer-de-hache.jpg","datePublished":"2023-10-17T08:51:38+00:00","dateModified":"2025-10-15T09:48:52+00:00","description":"Testez le lancer de hache \u00e0 Epinal ! Une activit\u00e9 insolite avec 2 cibles, id\u00e9ale pour les amis, familles et entreprise dans les Vosges.","breadcrumb":{"@id":"https:\/\/www.1055.fr\/epinal\/activites\/lancer-de-haches\/#breadcrumb"},"inLanguage":"fr-FR","potentialAction":[{"@type":"ReadAction","target":["https:\/\/www.1055.fr\/epinal\/activites\/lancer-de-haches\/"]}]},{"@type":"ImageObject","inLanguage":"fr-FR","@id":"https:\/\/www.1055.fr\/epinal\/activites\/lancer-de-haches\/#primaryimage","url":"https:\/\/www.1055.fr\/epinal\/contenu\/uploads\/2024\/07\/banniere-activite-lancer-de-hache.jpg","contentUrl":"https:\/\/www.1055.fr\/epinal\/contenu\/uploads\/2024\/07\/banniere-activite-lancer-de-hache.jpg","width":1800,"height":360},{"@type":"BreadcrumbList","@id":"https:\/\/www.1055.fr\/epinal\/activites\/lancer-de-haches\/#breadcrumb","itemListElement":[{"@type":"ListItem","position":1,"name":"Home","item":"https:\/\/www.1055.fr\/epinal\/"},{"@type":"ListItem","position":2,"name":"Activit\u00e9s","item":"https:\/\/www.1055.fr\/epinal\/activites\/"},{"@type":"ListItem","position":3,"name":"Lancer de haches"}]},{"@type":"WebSite","@id":"https:\/\/www.1055.fr\/epinal\/#website","url":"https:\/\/www.1055.fr\/epinal\/","name":"1055 Epinal","description":"","potentialAction":[{"@type":"SearchAction","target":{"@type":"EntryPoint","urlTemplate":"https:\/\/www.1055.fr\/epinal\/?s={search_term_string}"},"query-input":{"@type":"PropertyValueSpecification","valueRequired":true,"valueName":"search_term_string"}}],"inLanguage":"fr-FR"}]}},"_links":{"self":[{"href":"https:\/\/www.1055.fr\/epinal\/wp-json\/wp\/v2\/pages\/9287","targetHints":{"allow":["GET"]}}],"collection":[{"href":"https:\/\/www.1055.fr\/epinal\/wp-json\/wp\/v2\/pages"}],"about":[{"href":"https:\/\/www.1055.fr\/epinal\/wp-json\/wp\/v2\/types\/page"}],"author":[{"embeddable":true,"href":"https:\/\/www.1055.fr\/epinal\/wp-json\/wp\/v2\/users\/10"}],"replies":[{"embeddable":true,"href":"https:\/\/www.1055.fr\/epinal\/wp-json\/wp\/v2\/comments?post=9287"}],"version-history":[{"count":2,"href":"https:\/\/www.1055.fr\/epinal\/wp-json\/wp\/v2\/pages\/9287\/revisions"}],"predecessor-version":[{"id":10745,"href":"https:\/\/www.1055.fr\/epinal\/wp-json\/wp\/v2\/pages\/9287\/revisions\/10745"}],"up":[{"embeddable":true,"href":"https:\/\/www.1055.fr\/epinal\/wp-json\/wp\/v2\/pages\/221"}],"wp:featuredmedia":[{"embeddable":true,"href":"https:\/\/www.1055.fr\/epinal\/wp-json\/wp\/v2\/media\/10152"}],"wp:attachment":[{"href":"https:\/\/www.1055.fr\/epinal\/wp-json\/wp\/v2\/media?parent=9287"}],"curies":[{"name":"wp","href":"https:\/\/api.w.org\/{rel}","templated":true}]}}