{"id":64,"date":"2021-10-21T23:59:06","date_gmt":"2021-10-21T21:59:06","guid":{"rendered":"\/chalon\/trampoline-park\/"},"modified":"2025-10-15T12:02:16","modified_gmt":"2025-10-15T10:02:16","slug":"trampoline-park","status":"publish","type":"page","link":"https:\/\/www.1055.fr\/epinal\/activites\/trampoline-park\/","title":{"rendered":"Trampoline park"},"content":{"rendered":"\n<h2 class=\"wp-block-heading\">Trampoline Park \u00e0 Epinal \u2013 10\u00b755 Epinal<\/h2>\n\n\n\n<figure class=\"wp-block-embed is-type-video is-provider-youtube wp-block-embed-youtube wp-embed-aspect-16-9 wp-has-aspect-ratio\"><div class=\"wp-block-embed__wrapper\">\n<iframe loading=\"lazy\" title=\"TRAMPOLINE PARK AU 10\u00b755\" width=\"443\" height=\"788\" src=\"https:\/\/www.youtube.com\/embed\/VdvU5cWc6hM?feature=oembed\" frameborder=\"0\" allow=\"accelerometer; autoplay; clipboard-write; encrypted-media; gyroscope; picture-in-picture; web-share\" referrerpolicy=\"strict-origin-when-cross-origin\" allowfullscreen><\/iframe>\n<\/div><figcaption class=\"wp-element-caption\">Vid\u00e9o tourn\u00e9e au <a href=\"https:\/\/www.1055.fr\/lons-le-saunier\/\">10\u00b755 de Lons\/Perrigny<\/a><\/figcaption><\/figure>\n\n\n\n<h3 class=\"wp-block-heading\">Sauts, rires et \u00e9nergie au rendez-vous !<\/h3>\n\n\n\n<p>Venez faire le plein de fun et de sensations fortes dans le <strong>Trampoline Park du 10\u00b755 \u00e0<\/strong> Epinal! Situ\u00e9 dans les Vosges, notre espace d\u00e9di\u00e9 au saut est pens\u00e9 pour tous les \u00e2ges : des enfants pleins d&rsquo;\u00e9nergie aux adultes en qu\u00eate de l\u00e2cher-prise. Pr\u00e9parez-vous \u00e0 bondir, voltiger et rire dans un d\u00e9cor dynamique et s\u00e9curis\u00e9.<\/p>\n\n\n\n<h3 class=\"wp-block-heading\">Un espace de jeux XXL pour petits et grands<\/h3>\n\n\n\n<p>Notre <strong>Trampoline Park indoor<\/strong> est \u00e9quip\u00e9 de zones vari\u00e9es : trampolines classiques, paniers de dunk, et bien plus encore ! Que vous soyez acrobate ou juste l\u00e0 pour vous amuser, chaque visite est un moment unique \u00e0 partager.<\/p>\n\n\n\n<h3 class=\"wp-block-heading\">L\u2019activit\u00e9 id\u00e9ale en famille, entre amis ou coll\u00e8gues<\/h3>\n\n\n\n<p>Notre <strong>Trampoline Park \u00e0 Epinal dans les Vosges<\/strong> est parfait pour une sortie en famille, un anniversaire, une journ\u00e9e entre amis ou un <strong>team building<\/strong> original. D\u00e9foulement garanti, sans prise de t\u00eate !<\/p>\n\n\n\n<h3 class=\"wp-block-heading\">Apr\u00e8s vous \u00eatres d\u00e9foul\u00e9s, place au confort<\/h3>\n\n\n\n<p>Prolongez votre moment au <strong>10\u00b755 Epinal<\/strong> en vous installant dans notre <strong>brasserie<\/strong> pour reprendre des forces, ou dans notre <strong>bar &amp; snacking<\/strong> pour un go\u00fbter bien m\u00e9rit\u00e9. Le 10\u00b755, c\u2019est plus qu\u2019un Trampoline Park, c\u2019est une vraie journ\u00e9e de loisirs !<\/p>\n\n\n\n<hr class=\"wp-block-separator has-alpha-channel-opacity\"\/>\n\n\n\n<div class=\"wp-block-columns is-not-stacked-on-mobile is-layout-flex wp-container-core-columns-is-layout-9d6595d7 wp-block-columns-is-layout-flex\">\n<div class=\"wp-block-column is-layout-flow wp-block-column-is-layout-flow\">\n<h4 class=\"wp-block-heading\">\u2197 La carte 10\u00b755 <\/h4>\n\n\n\n<p>Maitriser votre budget gr\u00e2ce \u00e0 la carte, gratuite &amp; digitale ! <\/p>\n\n\n\n<figure class=\"wp-block-image size-full\"><img loading=\"lazy\" decoding=\"async\" width=\"900\" height=\"160\" src=\"https:\/\/www.1055.fr\/epinal\/contenu\/uploads\/2025\/06\/CARTE-10-55-petite-banniere-900x160-1.jpg\" alt=\"\" class=\"wp-image-10276\" srcset=\"https:\/\/www.1055.fr\/epinal\/contenu\/uploads\/2025\/06\/CARTE-10-55-petite-banniere-900x160-1.jpg 900w, https:\/\/www.1055.fr\/epinal\/contenu\/uploads\/2025\/06\/CARTE-10-55-petite-banniere-900x160-1-300x53.jpg 300w, https:\/\/www.1055.fr\/epinal\/contenu\/uploads\/2025\/06\/CARTE-10-55-petite-banniere-900x160-1-768x137.jpg 768w, https:\/\/www.1055.fr\/epinal\/contenu\/uploads\/2025\/06\/CARTE-10-55-petite-banniere-900x160-1-24x4.jpg 24w, https:\/\/www.1055.fr\/epinal\/contenu\/uploads\/2025\/06\/CARTE-10-55-petite-banniere-900x160-1-36x6.jpg 36w, https:\/\/www.1055.fr\/epinal\/contenu\/uploads\/2025\/06\/CARTE-10-55-petite-banniere-900x160-1-48x9.jpg 48w\" sizes=\"auto, (max-width: 767px) 89vw, (max-width: 1000px) 54vw, (max-width: 1071px) 543px, 580px\" \/><\/figure>\n<\/div>\n\n\n\n<div class=\"wp-block-column is-layout-flow wp-block-column-is-layout-flow\">\n<h4 class=\"wp-block-heading\"><a href=\"https:\/\/www.labrasserie-1055.fr\/\">\u2197 La brasserie <\/a><\/h4>\n\n\n\n<p>Un v\u00e9ritable restaurant, unique &amp; moderne \u00e0 d\u00e9couvrir <\/p>\n\n\n\n<figure class=\"wp-block-image size-full\"><img loading=\"lazy\" decoding=\"async\" width=\"900\" height=\"160\" src=\"https:\/\/www.1055.fr\/epinal\/contenu\/uploads\/2025\/06\/BRASSERIE_DU_10_55-PetiteBannie\u00a6Cre-complexe-de-loisirs.jpg\" alt=\"\" class=\"wp-image-10322\" srcset=\"https:\/\/www.1055.fr\/epinal\/contenu\/uploads\/2025\/06\/BRASSERIE_DU_10_55-PetiteBannie\u00a6Cre-complexe-de-loisirs.jpg 900w, https:\/\/www.1055.fr\/epinal\/contenu\/uploads\/2025\/06\/BRASSERIE_DU_10_55-PetiteBannie\u00a6Cre-complexe-de-loisirs-300x53.jpg 300w, https:\/\/www.1055.fr\/epinal\/contenu\/uploads\/2025\/06\/BRASSERIE_DU_10_55-PetiteBannie\u00a6Cre-complexe-de-loisirs-768x137.jpg 768w, https:\/\/www.1055.fr\/epinal\/contenu\/uploads\/2025\/06\/BRASSERIE_DU_10_55-PetiteBannie\u00a6Cre-complexe-de-loisirs-24x4.jpg 24w, https:\/\/www.1055.fr\/epinal\/contenu\/uploads\/2025\/06\/BRASSERIE_DU_10_55-PetiteBannie\u00a6Cre-complexe-de-loisirs-36x6.jpg 36w, https:\/\/www.1055.fr\/epinal\/contenu\/uploads\/2025\/06\/BRASSERIE_DU_10_55-PetiteBannie\u00a6Cre-complexe-de-loisirs-48x9.jpg 48w\" sizes=\"auto, (max-width: 767px) 89vw, (max-width: 1000px) 54vw, (max-width: 1071px) 543px, 580px\" \/><\/figure>\n<\/div>\n<\/div>\n\n\n\n<p><\/p>\n","protected":false},"excerpt":{"rendered":"<p>Bondissez &#038; rebondissez dans notre trampoline park ! <\/p>\n","protected":false},"author":10,"featured_media":10150,"parent":221,"menu_order":0,"comment_status":"closed","ping_status":"closed","template":"page-activite.php","meta":{"_acf_changed":false,"footnotes":""},"class_list":["post-64","page","type-page","status-publish","has-post-thumbnail","hentry"],"acf":[],"yoast_head":"<!-- This site is optimized with the Yoast SEO plugin v25.9 - https:\/\/yoast.com\/wordpress\/plugins\/seo\/ -->\n<title>Trampoline Park et Loisirs indoor | Epinal : le 10\u00b755<\/title>\n<meta name=\"description\" content=\"Au 10.55 de Epinal, parmi toutes nos activit\u00e9s indoor vous pouvez profiter de notre superbe Trampoline Park !\" \/>\n<meta name=\"robots\" content=\"index, follow, max-snippet:-1, max-image-preview:large, max-video-preview:-1\" \/>\n<link rel=\"canonical\" href=\"https:\/\/www.1055.fr\/epinal\/activites\/trampoline-park\/\" \/>\n<meta property=\"og:locale\" content=\"fr_FR\" \/>\n<meta property=\"og:type\" content=\"article\" \/>\n<meta property=\"og:title\" content=\"Trampoline Park et Loisirs indoor | Epinal : le 10\u00b755\" \/>\n<meta property=\"og:description\" content=\"Au 10.55 de Epinal, parmi toutes nos activit\u00e9s indoor vous pouvez profiter de notre superbe Trampoline Park !\" \/>\n<meta property=\"og:url\" content=\"https:\/\/www.1055.fr\/epinal\/activites\/trampoline-park\/\" \/>\n<meta property=\"og:site_name\" content=\"1055 Epinal\" \/>\n<meta property=\"article:modified_time\" content=\"2025-10-15T10:02:16+00:00\" \/>\n<meta property=\"og:image\" content=\"https:\/\/www.1055.fr\/epinal\/contenu\/uploads\/2024\/07\/trampobanniereinterne.jpg\" \/>\n\t<meta property=\"og:image:width\" content=\"1800\" \/>\n\t<meta property=\"og:image:height\" content=\"360\" \/>\n\t<meta property=\"og:image:type\" content=\"image\/jpeg\" \/>\n<meta name=\"twitter:card\" content=\"summary_large_image\" \/>\n<meta name=\"twitter:label1\" content=\"Dur\u00e9e de lecture estim\u00e9e\" \/>\n\t<meta name=\"twitter:data1\" content=\"2 minutes\" \/>\n<script type=\"application\/ld+json\" class=\"yoast-schema-graph\">{\"@context\":\"https:\/\/schema.org\",\"@graph\":[{\"@type\":\"WebPage\",\"@id\":\"https:\/\/www.1055.fr\/epinal\/activites\/trampoline-park\/\",\"url\":\"https:\/\/www.1055.fr\/epinal\/activites\/trampoline-park\/\",\"name\":\"Trampoline Park et Loisirs indoor | Epinal : le 10\u00b755\",\"isPartOf\":{\"@id\":\"https:\/\/www.1055.fr\/epinal\/#website\"},\"primaryImageOfPage\":{\"@id\":\"https:\/\/www.1055.fr\/epinal\/activites\/trampoline-park\/#primaryimage\"},\"image\":{\"@id\":\"https:\/\/www.1055.fr\/epinal\/activites\/trampoline-park\/#primaryimage\"},\"thumbnailUrl\":\"https:\/\/www.1055.fr\/epinal\/contenu\/uploads\/2024\/07\/trampobanniereinterne.jpg\",\"datePublished\":\"2021-10-21T21:59:06+00:00\",\"dateModified\":\"2025-10-15T10:02:16+00:00\",\"description\":\"Au 10.55 de Epinal, parmi toutes nos activit\u00e9s indoor vous pouvez profiter de notre superbe Trampoline Park !\",\"breadcrumb\":{\"@id\":\"https:\/\/www.1055.fr\/epinal\/activites\/trampoline-park\/#breadcrumb\"},\"inLanguage\":\"fr-FR\",\"potentialAction\":[{\"@type\":\"ReadAction\",\"target\":[\"https:\/\/www.1055.fr\/epinal\/activites\/trampoline-park\/\"]}]},{\"@type\":\"ImageObject\",\"inLanguage\":\"fr-FR\",\"@id\":\"https:\/\/www.1055.fr\/epinal\/activites\/trampoline-park\/#primaryimage\",\"url\":\"https:\/\/www.1055.fr\/epinal\/contenu\/uploads\/2024\/07\/trampobanniereinterne.jpg\",\"contentUrl\":\"https:\/\/www.1055.fr\/epinal\/contenu\/uploads\/2024\/07\/trampobanniereinterne.jpg\",\"width\":1800,\"height\":360},{\"@type\":\"BreadcrumbList\",\"@id\":\"https:\/\/www.1055.fr\/epinal\/activites\/trampoline-park\/#breadcrumb\",\"itemListElement\":[{\"@type\":\"ListItem\",\"position\":1,\"name\":\"Home\",\"item\":\"https:\/\/www.1055.fr\/epinal\/\"},{\"@type\":\"ListItem\",\"position\":2,\"name\":\"Activit\u00e9s\",\"item\":\"https:\/\/www.1055.fr\/epinal\/activites\/\"},{\"@type\":\"ListItem\",\"position\":3,\"name\":\"Trampoline park\"}]},{\"@type\":\"WebSite\",\"@id\":\"https:\/\/www.1055.fr\/epinal\/#website\",\"url\":\"https:\/\/www.1055.fr\/epinal\/\",\"name\":\"1055 Epinal\",\"description\":\"\",\"potentialAction\":[{\"@type\":\"SearchAction\",\"target\":{\"@type\":\"EntryPoint\",\"urlTemplate\":\"https:\/\/www.1055.fr\/epinal\/?s={search_term_string}\"},\"query-input\":{\"@type\":\"PropertyValueSpecification\",\"valueRequired\":true,\"valueName\":\"search_term_string\"}}],\"inLanguage\":\"fr-FR\"}]}<\/script>\n<!-- \/ Yoast SEO plugin. -->","yoast_head_json":{"title":"Trampoline Park et Loisirs indoor | Epinal : le 10\u00b755","description":"Au 10.55 de Epinal, parmi toutes nos activit\u00e9s indoor vous pouvez profiter de notre superbe Trampoline Park !","robots":{"index":"index","follow":"follow","max-snippet":"max-snippet:-1","max-image-preview":"max-image-preview:large","max-video-preview":"max-video-preview:-1"},"canonical":"https:\/\/www.1055.fr\/epinal\/activites\/trampoline-park\/","og_locale":"fr_FR","og_type":"article","og_title":"Trampoline Park et Loisirs indoor | Epinal : le 10\u00b755","og_description":"Au 10.55 de Epinal, parmi toutes nos activit\u00e9s indoor vous pouvez profiter de notre superbe Trampoline Park !","og_url":"https:\/\/www.1055.fr\/epinal\/activites\/trampoline-park\/","og_site_name":"1055 Epinal","article_modified_time":"2025-10-15T10:02:16+00:00","og_image":[{"width":1800,"height":360,"url":"https:\/\/www.1055.fr\/epinal\/contenu\/uploads\/2024\/07\/trampobanniereinterne.jpg","type":"image\/jpeg"}],"twitter_card":"summary_large_image","twitter_misc":{"Dur\u00e9e de lecture estim\u00e9e":"2 minutes"},"schema":{"@context":"https:\/\/schema.org","@graph":[{"@type":"WebPage","@id":"https:\/\/www.1055.fr\/epinal\/activites\/trampoline-park\/","url":"https:\/\/www.1055.fr\/epinal\/activites\/trampoline-park\/","name":"Trampoline Park et Loisirs indoor | Epinal : le 10\u00b755","isPartOf":{"@id":"https:\/\/www.1055.fr\/epinal\/#website"},"primaryImageOfPage":{"@id":"https:\/\/www.1055.fr\/epinal\/activites\/trampoline-park\/#primaryimage"},"image":{"@id":"https:\/\/www.1055.fr\/epinal\/activites\/trampoline-park\/#primaryimage"},"thumbnailUrl":"https:\/\/www.1055.fr\/epinal\/contenu\/uploads\/2024\/07\/trampobanniereinterne.jpg","datePublished":"2021-10-21T21:59:06+00:00","dateModified":"2025-10-15T10:02:16+00:00","description":"Au 10.55 de Epinal, parmi toutes nos activit\u00e9s indoor vous pouvez profiter de notre superbe Trampoline Park !","breadcrumb":{"@id":"https:\/\/www.1055.fr\/epinal\/activites\/trampoline-park\/#breadcrumb"},"inLanguage":"fr-FR","potentialAction":[{"@type":"ReadAction","target":["https:\/\/www.1055.fr\/epinal\/activites\/trampoline-park\/"]}]},{"@type":"ImageObject","inLanguage":"fr-FR","@id":"https:\/\/www.1055.fr\/epinal\/activites\/trampoline-park\/#primaryimage","url":"https:\/\/www.1055.fr\/epinal\/contenu\/uploads\/2024\/07\/trampobanniereinterne.jpg","contentUrl":"https:\/\/www.1055.fr\/epinal\/contenu\/uploads\/2024\/07\/trampobanniereinterne.jpg","width":1800,"height":360},{"@type":"BreadcrumbList","@id":"https:\/\/www.1055.fr\/epinal\/activites\/trampoline-park\/#breadcrumb","itemListElement":[{"@type":"ListItem","position":1,"name":"Home","item":"https:\/\/www.1055.fr\/epinal\/"},{"@type":"ListItem","position":2,"name":"Activit\u00e9s","item":"https:\/\/www.1055.fr\/epinal\/activites\/"},{"@type":"ListItem","position":3,"name":"Trampoline park"}]},{"@type":"WebSite","@id":"https:\/\/www.1055.fr\/epinal\/#website","url":"https:\/\/www.1055.fr\/epinal\/","name":"1055 Epinal","description":"","potentialAction":[{"@type":"SearchAction","target":{"@type":"EntryPoint","urlTemplate":"https:\/\/www.1055.fr\/epinal\/?s={search_term_string}"},"query-input":{"@type":"PropertyValueSpecification","valueRequired":true,"valueName":"search_term_string"}}],"inLanguage":"fr-FR"}]}},"_links":{"self":[{"href":"https:\/\/www.1055.fr\/epinal\/wp-json\/wp\/v2\/pages\/64","targetHints":{"allow":["GET"]}}],"collection":[{"href":"https:\/\/www.1055.fr\/epinal\/wp-json\/wp\/v2\/pages"}],"about":[{"href":"https:\/\/www.1055.fr\/epinal\/wp-json\/wp\/v2\/types\/page"}],"author":[{"embeddable":true,"href":"https:\/\/www.1055.fr\/epinal\/wp-json\/wp\/v2\/users\/10"}],"replies":[{"embeddable":true,"href":"https:\/\/www.1055.fr\/epinal\/wp-json\/wp\/v2\/comments?post=64"}],"version-history":[{"count":2,"href":"https:\/\/www.1055.fr\/epinal\/wp-json\/wp\/v2\/pages\/64\/revisions"}],"predecessor-version":[{"id":10751,"href":"https:\/\/www.1055.fr\/epinal\/wp-json\/wp\/v2\/pages\/64\/revisions\/10751"}],"up":[{"embeddable":true,"href":"https:\/\/www.1055.fr\/epinal\/wp-json\/wp\/v2\/pages\/221"}],"wp:featuredmedia":[{"embeddable":true,"href":"https:\/\/www.1055.fr\/epinal\/wp-json\/wp\/v2\/media\/10150"}],"wp:attachment":[{"href":"https:\/\/www.1055.fr\/epinal\/wp-json\/wp\/v2\/media?parent=64"}],"curies":[{"name":"wp","href":"https:\/\/api.w.org\/{rel}","templated":true}]}}