{"id":226,"date":"2025-09-16T11:50:15","date_gmt":"2025-09-16T09:50:15","guid":{"rendered":"\/chalon\/?page_id=48"},"modified":"2026-02-23T16:34:12","modified_gmt":"2026-02-23T15:34:12","slug":"infos-et-tarifs","status":"publish","type":"page","link":"https:\/\/www.1055.fr\/epinal\/tarifs-et-pass\/infos-et-tarifs\/","title":{"rendered":"Infos &#038; tarifs"},"content":{"rendered":"\n<h2 class=\"wp-block-heading\"><mark style=\"background-color:rgba(0, 0, 0, 0)\" class=\"has-inline-color has-luminous-vivid-orange-color\">INFO PRATIQUES <\/mark><\/h2>\n\n\n\n<p>Nous sommes ouverts 7\/7 jours de 10h \u00e0 00h du dimanche au jeudi et de 10h \u00e0 1h le vendredi et samedi (fermeture des portes 1h avant)<\/p>\n\n\n\n<p><strong>Les mineurs de moins de 16 doivent \u00eatre accompagn\u00e9s dans l\u2019\u00e9tablissement tout au long de leur visite<\/strong><\/p>\n\n\n\n<p><strong>Les casquettes et couvre-chefs sont interdits dans l\u2019enceinte de l\u2019\u00e9tablissement<\/strong><\/p>\n\n\n\n<p><strong>L\u2019introduction de nourriture ext\u00e9rieure est interdite dans l\u2019enceinte de l\u2019\u00e9tablissement<\/strong><\/p>\n\n\n\n<h2 class=\"wp-block-heading\"><mark style=\"background-color:rgba(0, 0, 0, 0)\" class=\"has-inline-color has-luminous-vivid-orange-color\">NOUS SITUER <\/mark><\/h2>\n\n\n\n<p>Rendez-vous au 1 Le Champ Brocard 88000 Jeuxey \u00e0 proximit\u00e9 de la boulangerie Ange.<\/p>\n\n\n\n<h2 class=\"wp-block-heading\"><mark style=\"background-color:rgba(0, 0, 0, 0)\" class=\"has-inline-color has-luminous-vivid-orange-color\">TARIFS &amp; HORAIRES <\/mark><\/h2>\n\n\n\n<p>Cliquez sur le sujet qui vous int\u00e9resse <\/p>\n\n\n\n<p><strong><a href=\"#tarifs-pass\">TARIFS PASS&rsquo; (conseill\u00e9)<\/a><\/strong> &#8211; <a href=\"#tarifs-unite\"><strong>TARIFS A L\u2019UNIT\u00c9<\/strong><\/a> &#8211; <strong><a href=\"#horaires-complexe\">HORAIRES DU COMPLEXE<\/a> <\/strong>&#8211; <strong><a href=\"#horaires-restaurant\">HORAIRES DU RESTAURANT <\/a><\/strong><\/p>\n\n\n\n<hr class=\"wp-block-separator has-css-opacity\"\/>\n\n\n\n<h2 class=\"wp-block-heading has-text-align-center\">LE PASS OR*<\/h2>\n\n\n\n<p class=\"has-text-align-center\">Donne acc\u00e8s \u00e0 <strong>1 partie de bowling<\/strong> + toutes les autres activit\u00e9s en illimit\u00e9 :\u00a0<a href=\"https:\/\/www.1055.fr\/epinal\/activites\/kid-enfants-jeux-park\/\">Kid Park<\/a>,\u00a0<a href=\"https:\/\/www.1055.fr\/epinal\/activites\/trampoline-park\/\">Trampoline Park<\/a>,\u00a0<a href=\"https:\/\/www.1055.fr\/epinal\/activites\/flechette-epinal\/\">Fl\u00e9chettes connect\u00e9es<\/a>,\u00a0<a href=\"https:\/\/www.1055.fr\/epinal\/activites\/lancer-de-haches\/\">Lancer de hache<\/a>,\u00a0<a href=\"https:\/\/www.1055.fr\/epinal\/activites\/explorez-le-quizz-belfort\/\">Sa<\/a><a href=\"https:\/\/www.1055.fr\/epinal\/activites\/explorez-le-quizz-epinal\/\">l<\/a><a href=\"https:\/\/www.1055.fr\/epinal\/activites\/explorez-le-quizz-belfort\/\">les de Quizz<\/a>,\u00a0<a href=\"https:\/\/www.1055.fr\/epinal\/activites\/karaoke-epinal\/\">Karaok\u00e9<\/a>,\u00a0<a href=\"https:\/\/www.1055.fr\/epinal\/activites\/laser-game\/\">Laser Game<\/a>,\u00a0<a href=\"https:\/\/www.1055.fr\/epinal\/activites\/action-games-tac-tic-room\/\">Tac-Tic Room<\/a><\/p>\n\n\n\n<p class=\"has-text-align-center\"><em>*Selon disponibilit\u00e9, r\u00e9servation tr\u00e8s conseill\u00e9e. Nous ne sommes pas responsable si les activit\u00e9s sont compl\u00e8tes sans r\u00e9servation.<\/em><\/p>\n\n\n\n<p class=\"has-text-align-center\"><em> <\/em><\/p>\n\n\n\n<p class=\"has-text-align-center\"><strong><mark style=\"background-color:#fcb900\" class=\"has-inline-color\">TARIFS MOINS DE 100CM<\/mark><\/strong> <br>\u2192 <strong>Avec la carte 10.55<\/strong> : <strong>14,90\u20ac <\/strong>\/ Sans la carte 10.55 : 16,90\u20ac<\/p>\n\n\n\n<p class=\"has-text-align-center\"><mark style=\"background-color:#fbb279\" class=\"has-inline-color has-black-color\"><strong>TARIFS MOINS DE 150CM ET MOINS DE 12ANS<\/strong> <\/mark><br>\u2192 <strong>Avec la carte 10.55<\/strong> : <strong><strong>24,90\u20ac<\/strong><\/strong> \/ Sans la carte 10.55 : 26,90\u20ac<\/p>\n\n\n\n<p class=\"has-text-align-center\"><mark style=\"background-color:#fcb900\" class=\"has-inline-color\"><strong>TARIFS + DE 150CM ET + DE 12 ANS<\/strong> <\/mark><br>\u2192<strong> Avec la carte 10.55<\/strong> : <strong><strong>29,90\u20ac<\/strong> <\/strong>\/ Sans la carte 10.55 : 31,90\u20ac<\/p>\n\n\n\n<p class=\"has-text-align-center\"><strong><mark style=\"background-color:#fbb279\" class=\"has-inline-color\">TARIFS FAMILLE (2 ADULTES; 2 ENFANTS)<\/mark><\/strong><mark style=\"background-color:#fcb900\" class=\"has-inline-color\"> <\/mark><br>\u2192 <strong>Avec la carte 10.55 : <strong><strong>89,90\u20ac<\/strong><\/strong><\/strong> \/ Sans la carte 10.55 : 99,90\u20ac<br> <mark style=\"background-color:rgba(0, 0, 0, 0);color:#fbb279\" class=\"has-inline-color\">            <\/mark><mark style=\"background-color:#fbb279\" class=\"has-inline-color has-black-color\"> La personne suppl\u00e9mentaire <\/mark>\u2192 avec la carte 10.55 : <strong><strong><strong>19,90\u20ac<\/strong><\/strong> <\/strong>\/ Sans la carte : 20,90\u20ac<\/p>\n\n\n\n<hr class=\"wp-block-separator has-css-opacity\"\/>\n\n\n\n<h2 class=\"wp-block-heading has-text-align-center\" id=\"tarifs-unite\">TARIFS A L\u2019UNIT\u00c9 <\/h2>\n\n\n\n<p class=\"has-text-align-center\"><a href=\"https:\/\/www.1055.fr\/epinal\/activites\/bowling\/\">BOWLING <\/a>: <\/p>\n\n\n\n<p>La partie : <strong>7,90\u20ac<\/strong> avec la carte 10 55, <strong>+1\u20ac<\/strong> sans la carte 10 55 \/ Apr\u00e8s 19h<\/p>\n\n\n\n<p>La partie : <strong>5,90\u20ac<\/strong> avec la carte 10 55, <strong>+1\u20ac<\/strong> sans la carte 10 55 \/ Avant 19h<\/p>\n\n\n\n<p><strong>Location de chaussures<\/strong>&nbsp;: 2\u20ac pour la premi\u00e8re partie<\/p>\n\n\n\n<p class=\"has-text-align-center\"><a href=\"https:\/\/www.1055.fr\/epinal\/activites\/lancer-de-haches\/\">LANCER DE HACHES : <\/a><\/p>\n\n\n\n<p>1 Partie : <strong>9,90\u20ac<\/strong> avec la carte 10 55, <strong>+2<\/strong> sans la carte.<\/p>\n\n\n\n<p class=\"has-text-align-center\"><a href=\"https:\/\/www.1055.fr\/epinal\/activites\/explorez-le-quizz-epinal\/\">SALLES DE QUIZZ : <\/a><\/p>\n\n\n\n<p><strong>1 partie : 16.00\u20ac&nbsp;<\/strong>avec<strong>&nbsp;<\/strong>la carte 10 55&nbsp;\u2013 Sans la carte 10 55<strong>&nbsp;+2\u20ac<br>Salle privatis\u00e9e : 110.00\u20ac&nbsp;<\/strong>avec<strong>&nbsp;<\/strong>la carte 10 55&nbsp;\u2013 Sans la carte 10 55<strong>&nbsp;+10\u20ac<\/strong><\/p>\n\n\n\n<p class=\"has-text-align-center\"><a href=\"https:\/\/www.1055.fr\/epinal\/activites\/karaoke-epinal\/\">Karaok\u00e9 : <\/a><\/p>\n\n\n\n<p><strong>1 partie : 16.00\u20ac&nbsp;<\/strong>avec<strong>&nbsp;la carte 10 55&nbsp;<\/strong>\u2013 Sans la carte 10 55<strong>&nbsp;+2\u20ac<\/strong><\/p>\n\n\n\n<p class=\"has-text-align-center\"><a href=\"https:\/\/www.1055.fr\/epinal\/activites\/flechette-epinal\/\">Fl\u00e9chettes <\/a>: <\/p>\n\n\n\n<p>15 minutes : 4,90\u20ac avec la carte 10 55, <strong>+1\u20ac<\/strong> sans la carte<\/p>\n\n\n\n<p>45 minutes pour 25\u20ac avec la carte<\/p>\n\n\n\n<p class=\"has-text-align-center\"><a href=\"https:\/\/www.1055.fr\/epinal\/activites\/laser-game\/\">Laser games : <\/a><\/p>\n\n\n\n<p><strong>1 partie : 9.90\u20ac&nbsp;<\/strong>avec<strong>&nbsp;la carte 10 55&nbsp;<\/strong>\u2013 Sans la carte 10 55<strong>&nbsp;+1\u20ac<\/strong><\/p>\n\n\n\n<p><strong>2 parties cons\u00e9cutives : 15\u20ac&nbsp;<\/strong>avec <strong>la carte 10 55<\/strong>&nbsp;\u2013 Sans la carte 10 55<strong>+1\u20ac<\/strong><\/p>\n\n\n\n<p><strong>Laser privatis\u00e9 : 150\u20ac&nbsp;<\/strong>avec<strong>&nbsp;la carte 10 55<\/strong>\u2013 Sans la carte 10 55<strong>&nbsp;+10\u20ac<\/strong>&nbsp;(Hors samedi)<\/p>\n\n\n\n<p class=\"has-text-align-center\"><a href=\"https:\/\/www.1055.fr\/epinal\/activites\/action-games-tac-tic-room\/\">Tac-Tic Room : <\/a><\/p>\n\n\n\n<p>Pour les -12ans : <\/p>\n\n\n\n<p><strong>15,90\u20ac<\/strong> pour une partie d&rsquo;une heure avec la carte 10 55, <strong>+1\u20ac<\/strong> sans la carte<\/p>\n\n\n\n<p><strong>20,90\u20ac<\/strong> pour une partie d&rsquo;une heure et demi avec la carte 10 55, <strong>+1\u20ac<\/strong> sans la carte<\/p>\n\n\n\n<p>Pour les +12ans : <\/p>\n\n\n\n<p><strong>19,90\u20ac<\/strong> pour une partie d&rsquo;une heure avec la carte 10 55, <strong>+1\u20ac<\/strong> sans la carte<\/p>\n\n\n\n<p><strong>25,90\u20ac<\/strong> pour une partie d&rsquo;une heure et demi avec la carte 10 55, <strong>+1\u20ac<\/strong> sans la carte<\/p>\n\n\n\n<p class=\"has-text-align-center\"><a href=\"https:\/\/www.1055.fr\/epinal\/activites\/trampoline-park\/\">Trampoline park : <\/a><\/p>\n\n\n\n<p class=\"has-text-align-left\"><strong>1 entr\u00e9e :&nbsp;13.90\u20ac&nbsp;<\/strong>avec<strong>&nbsp;la carte 10 55&nbsp;<\/strong>\u2013 Sans la carte 10 55<strong>&nbsp;+1\u20ac<\/strong><\/p>\n\n\n\n<p class=\"has-text-align-center\"><a href=\"https:\/\/www.1055.fr\/epinal\/activites\/kid-enfants-jeux-park\/\">Kid Park : <\/a><\/p>\n\n\n\n<p class=\"has-text-align-left\"><strong>1 entr\u00e9e acc\u00e8s illimit\u00e9&nbsp;<\/strong>(- de 100cm) :&nbsp;<strong>7,90\u20ac&nbsp;<\/strong>avec<strong>&nbsp;la carte 10 55<\/strong>&nbsp;\u2013 Sans la carte 10 55<strong>&nbsp;+1\u20ac<\/strong><\/p>\n\n\n\n<p><strong>1 entr\u00e9e acc\u00e8s illimit\u00e9&nbsp;<\/strong>(+ de 100cm) :&nbsp;<strong>13,90\u20ac&nbsp;<\/strong>avec<strong>&nbsp;la carte 10 55&nbsp;<\/strong>\u2013 Sans la carte 10 55<strong>&nbsp;+1\u20ac<\/strong><\/p>\n\n\n\n<p><strong>Sp\u00e9cial Matin&nbsp;<\/strong>de 10h \u00e0 12h :&nbsp;<strong>7,90\u20ac&nbsp;<\/strong>avec<strong>&nbsp;la carte 10 55&nbsp;<\/strong>\u2013 Sans la carte 10 55&nbsp;<strong>+1\u20ac<\/strong><\/p>\n\n\n\n<p class=\"has-text-align-center\"><strong>Chaussettes antid\u00e9rapantes obligatoires : 2,90\u20ac<\/strong><\/p>\n\n\n\n<p class=\"has-text-align-center\"><a href=\"https:\/\/www.1055.fr\/epinal\/activites\/jeux-arcades\/\">Jeux d&rsquo;arcade : <\/a><\/p>\n\n\n\n<p class=\"has-text-align-left\">10\u20ac = 5 jetons <br>20\u20ac = 13 jetons <br>50\u20ac = 33 jetons <a href=\"https:\/\/www.1055.fr\/epinal\/activites\/trampoline-park\/\"><br><\/a><\/p>\n\n\n\n<h2 class=\"wp-block-heading has-text-align-center\" id=\"horaires-complexe\">HORAIRES DU COMPLEXE<\/h2>\n\n\n\n<p class=\"has-text-align-center\"><strong>Ouvert 7\/7j<\/strong><br>De 10h \u00e0 00h00 du dimanche du jeudi<br>Jusqu\u2019\u00e0 1h le vendredi et samedi<\/p>\n\n\n\n<p><em>Fermeture des portes 1h avant<\/em><\/p>\n\n\n\n<p>Horaires identiques les jours f\u00e9ri\u00e9s \u00e0 l\u2019exception de No\u00ebl (+ r\u00e9veillon) et Nouvel An (+r\u00e9veillon)<\/p>\n\n\n\n<hr class=\"wp-block-separator has-css-opacity\"\/>\n\n\n\n<h2 class=\"wp-block-heading has-text-align-center\" id=\"horaires-restaurant\">HORAIRES DU RESTAURANT <\/h2>\n\n\n\n<p class=\"has-text-align-center\">Service 7\/7j midis et soirs<\/p>\n\n\n\n<p class=\"has-text-align-center\"><\/p>\n\n\n\n<hr class=\"wp-block-separator has-css-opacity\"\/>\n","protected":false},"excerpt":{"rendered":"<p>D\u00e9couvrez tous nos tarifs pour chaque activit\u00e9<\/p>\n","protected":false},"author":10,"featured_media":10148,"parent":46,"menu_order":0,"comment_status":"closed","ping_status":"closed","template":"","meta":{"_acf_changed":false,"footnotes":""},"class_list":["post-226","page","type-page","status-publish","has-post-thumbnail","hentry"],"acf":[],"yoast_head":"<!-- This site is optimized with the Yoast SEO plugin v25.9 - https:\/\/yoast.com\/wordpress\/plugins\/seo\/ -->\n<title>Tous les tarifs de nos activit\u00e9s - Espace loisirs 1055 \u00e0 Epinal<\/title>\n<meta name=\"description\" content=\"1055 - Epinal : Retrouvez tous les tarifs de nos activit\u00e9s, bowling, tampoline park, laser game, kid park\" \/>\n<meta name=\"robots\" content=\"index, follow, max-snippet:-1, max-image-preview:large, max-video-preview:-1\" \/>\n<link rel=\"canonical\" href=\"https:\/\/www.1055.fr\/epinal\/tarifs-et-pass\/infos-et-tarifs\/\" \/>\n<meta property=\"og:locale\" content=\"fr_FR\" \/>\n<meta property=\"og:type\" content=\"article\" \/>\n<meta property=\"og:title\" content=\"Tous les tarifs de nos activit\u00e9s - Espace loisirs 1055 \u00e0 Epinal\" \/>\n<meta property=\"og:description\" content=\"1055 - Epinal : Retrouvez tous les tarifs de nos activit\u00e9s, bowling, tampoline park, laser game, kid park\" \/>\n<meta property=\"og:url\" content=\"https:\/\/www.1055.fr\/epinal\/tarifs-et-pass\/infos-et-tarifs\/\" \/>\n<meta property=\"og:site_name\" content=\"1055 Epinal\" \/>\n<meta property=\"article:modified_time\" content=\"2026-02-23T15:34:12+00:00\" \/>\n<meta property=\"og:image\" content=\"https:\/\/www.1055.fr\/epinal\/contenu\/uploads\/2024\/07\/KID-PARK-1.jpg\" \/>\n\t<meta property=\"og:image:width\" content=\"1800\" \/>\n\t<meta property=\"og:image:height\" content=\"360\" \/>\n\t<meta property=\"og:image:type\" content=\"image\/jpeg\" \/>\n<meta name=\"twitter:card\" content=\"summary_large_image\" \/>\n<meta name=\"twitter:label1\" content=\"Dur\u00e9e de lecture estim\u00e9e\" \/>\n\t<meta name=\"twitter:data1\" content=\"4 minutes\" \/>\n<script type=\"application\/ld+json\" class=\"yoast-schema-graph\">{\"@context\":\"https:\/\/schema.org\",\"@graph\":[{\"@type\":\"WebPage\",\"@id\":\"https:\/\/www.1055.fr\/epinal\/tarifs-et-pass\/infos-et-tarifs\/\",\"url\":\"https:\/\/www.1055.fr\/epinal\/tarifs-et-pass\/infos-et-tarifs\/\",\"name\":\"Tous les tarifs de nos activit\u00e9s - Espace loisirs 1055 \u00e0 Epinal\",\"isPartOf\":{\"@id\":\"https:\/\/www.1055.fr\/epinal\/#website\"},\"primaryImageOfPage\":{\"@id\":\"https:\/\/www.1055.fr\/epinal\/tarifs-et-pass\/infos-et-tarifs\/#primaryimage\"},\"image\":{\"@id\":\"https:\/\/www.1055.fr\/epinal\/tarifs-et-pass\/infos-et-tarifs\/#primaryimage\"},\"thumbnailUrl\":\"https:\/\/www.1055.fr\/epinal\/contenu\/uploads\/2024\/07\/KID-PARK-1.jpg\",\"datePublished\":\"2025-09-16T09:50:15+00:00\",\"dateModified\":\"2026-02-23T15:34:12+00:00\",\"description\":\"1055 - Epinal : Retrouvez tous les tarifs de nos activit\u00e9s, bowling, tampoline park, laser game, kid park\",\"breadcrumb\":{\"@id\":\"https:\/\/www.1055.fr\/epinal\/tarifs-et-pass\/infos-et-tarifs\/#breadcrumb\"},\"inLanguage\":\"fr-FR\",\"potentialAction\":[{\"@type\":\"ReadAction\",\"target\":[\"https:\/\/www.1055.fr\/epinal\/tarifs-et-pass\/infos-et-tarifs\/\"]}]},{\"@type\":\"ImageObject\",\"inLanguage\":\"fr-FR\",\"@id\":\"https:\/\/www.1055.fr\/epinal\/tarifs-et-pass\/infos-et-tarifs\/#primaryimage\",\"url\":\"https:\/\/www.1055.fr\/epinal\/contenu\/uploads\/2024\/07\/KID-PARK-1.jpg\",\"contentUrl\":\"https:\/\/www.1055.fr\/epinal\/contenu\/uploads\/2024\/07\/KID-PARK-1.jpg\",\"width\":1800,\"height\":360},{\"@type\":\"BreadcrumbList\",\"@id\":\"https:\/\/www.1055.fr\/epinal\/tarifs-et-pass\/infos-et-tarifs\/#breadcrumb\",\"itemListElement\":[{\"@type\":\"ListItem\",\"position\":1,\"name\":\"Home\",\"item\":\"https:\/\/www.1055.fr\/epinal\/\"},{\"@type\":\"ListItem\",\"position\":2,\"name\":\"Tarifs &amp; Pass\",\"item\":\"https:\/\/www.1055.fr\/epinal\/tarifs-et-pass\/\"},{\"@type\":\"ListItem\",\"position\":3,\"name\":\"Infos &#038; tarifs\"}]},{\"@type\":\"WebSite\",\"@id\":\"https:\/\/www.1055.fr\/epinal\/#website\",\"url\":\"https:\/\/www.1055.fr\/epinal\/\",\"name\":\"1055 Epinal\",\"description\":\"\",\"potentialAction\":[{\"@type\":\"SearchAction\",\"target\":{\"@type\":\"EntryPoint\",\"urlTemplate\":\"https:\/\/www.1055.fr\/epinal\/?s={search_term_string}\"},\"query-input\":{\"@type\":\"PropertyValueSpecification\",\"valueRequired\":true,\"valueName\":\"search_term_string\"}}],\"inLanguage\":\"fr-FR\"}]}<\/script>\n<!-- \/ Yoast SEO plugin. -->","yoast_head_json":{"title":"Tous les tarifs de nos activit\u00e9s - Espace loisirs 1055 \u00e0 Epinal","description":"1055 - Epinal : Retrouvez tous les tarifs de nos activit\u00e9s, bowling, tampoline park, laser game, kid park","robots":{"index":"index","follow":"follow","max-snippet":"max-snippet:-1","max-image-preview":"max-image-preview:large","max-video-preview":"max-video-preview:-1"},"canonical":"https:\/\/www.1055.fr\/epinal\/tarifs-et-pass\/infos-et-tarifs\/","og_locale":"fr_FR","og_type":"article","og_title":"Tous les tarifs de nos activit\u00e9s - Espace loisirs 1055 \u00e0 Epinal","og_description":"1055 - Epinal : Retrouvez tous les tarifs de nos activit\u00e9s, bowling, tampoline park, laser game, kid park","og_url":"https:\/\/www.1055.fr\/epinal\/tarifs-et-pass\/infos-et-tarifs\/","og_site_name":"1055 Epinal","article_modified_time":"2026-02-23T15:34:12+00:00","og_image":[{"width":1800,"height":360,"url":"https:\/\/www.1055.fr\/epinal\/contenu\/uploads\/2024\/07\/KID-PARK-1.jpg","type":"image\/jpeg"}],"twitter_card":"summary_large_image","twitter_misc":{"Dur\u00e9e de lecture estim\u00e9e":"4 minutes"},"schema":{"@context":"https:\/\/schema.org","@graph":[{"@type":"WebPage","@id":"https:\/\/www.1055.fr\/epinal\/tarifs-et-pass\/infos-et-tarifs\/","url":"https:\/\/www.1055.fr\/epinal\/tarifs-et-pass\/infos-et-tarifs\/","name":"Tous les tarifs de nos activit\u00e9s - Espace loisirs 1055 \u00e0 Epinal","isPartOf":{"@id":"https:\/\/www.1055.fr\/epinal\/#website"},"primaryImageOfPage":{"@id":"https:\/\/www.1055.fr\/epinal\/tarifs-et-pass\/infos-et-tarifs\/#primaryimage"},"image":{"@id":"https:\/\/www.1055.fr\/epinal\/tarifs-et-pass\/infos-et-tarifs\/#primaryimage"},"thumbnailUrl":"https:\/\/www.1055.fr\/epinal\/contenu\/uploads\/2024\/07\/KID-PARK-1.jpg","datePublished":"2025-09-16T09:50:15+00:00","dateModified":"2026-02-23T15:34:12+00:00","description":"1055 - Epinal : Retrouvez tous les tarifs de nos activit\u00e9s, bowling, tampoline park, laser game, kid park","breadcrumb":{"@id":"https:\/\/www.1055.fr\/epinal\/tarifs-et-pass\/infos-et-tarifs\/#breadcrumb"},"inLanguage":"fr-FR","potentialAction":[{"@type":"ReadAction","target":["https:\/\/www.1055.fr\/epinal\/tarifs-et-pass\/infos-et-tarifs\/"]}]},{"@type":"ImageObject","inLanguage":"fr-FR","@id":"https:\/\/www.1055.fr\/epinal\/tarifs-et-pass\/infos-et-tarifs\/#primaryimage","url":"https:\/\/www.1055.fr\/epinal\/contenu\/uploads\/2024\/07\/KID-PARK-1.jpg","contentUrl":"https:\/\/www.1055.fr\/epinal\/contenu\/uploads\/2024\/07\/KID-PARK-1.jpg","width":1800,"height":360},{"@type":"BreadcrumbList","@id":"https:\/\/www.1055.fr\/epinal\/tarifs-et-pass\/infos-et-tarifs\/#breadcrumb","itemListElement":[{"@type":"ListItem","position":1,"name":"Home","item":"https:\/\/www.1055.fr\/epinal\/"},{"@type":"ListItem","position":2,"name":"Tarifs &amp; Pass","item":"https:\/\/www.1055.fr\/epinal\/tarifs-et-pass\/"},{"@type":"ListItem","position":3,"name":"Infos &#038; tarifs"}]},{"@type":"WebSite","@id":"https:\/\/www.1055.fr\/epinal\/#website","url":"https:\/\/www.1055.fr\/epinal\/","name":"1055 Epinal","description":"","potentialAction":[{"@type":"SearchAction","target":{"@type":"EntryPoint","urlTemplate":"https:\/\/www.1055.fr\/epinal\/?s={search_term_string}"},"query-input":{"@type":"PropertyValueSpecification","valueRequired":true,"valueName":"search_term_string"}}],"inLanguage":"fr-FR"}]}},"_links":{"self":[{"href":"https:\/\/www.1055.fr\/epinal\/wp-json\/wp\/v2\/pages\/226","targetHints":{"allow":["GET"]}}],"collection":[{"href":"https:\/\/www.1055.fr\/epinal\/wp-json\/wp\/v2\/pages"}],"about":[{"href":"https:\/\/www.1055.fr\/epinal\/wp-json\/wp\/v2\/types\/page"}],"author":[{"embeddable":true,"href":"https:\/\/www.1055.fr\/epinal\/wp-json\/wp\/v2\/users\/10"}],"replies":[{"embeddable":true,"href":"https:\/\/www.1055.fr\/epinal\/wp-json\/wp\/v2\/comments?post=226"}],"version-history":[{"count":1,"href":"https:\/\/www.1055.fr\/epinal\/wp-json\/wp\/v2\/pages\/226\/revisions"}],"predecessor-version":[{"id":10928,"href":"https:\/\/www.1055.fr\/epinal\/wp-json\/wp\/v2\/pages\/226\/revisions\/10928"}],"up":[{"embeddable":true,"href":"https:\/\/www.1055.fr\/epinal\/wp-json\/wp\/v2\/pages\/46"}],"wp:featuredmedia":[{"embeddable":true,"href":"https:\/\/www.1055.fr\/epinal\/wp-json\/wp\/v2\/media\/10148"}],"wp:attachment":[{"href":"https:\/\/www.1055.fr\/epinal\/wp-json\/wp\/v2\/media?parent=226"}],"curies":[{"name":"wp","href":"https:\/\/api.w.org\/{rel}","templated":true}]}}