{"id":224,"date":"2025-09-16T11:48:39","date_gmt":"2025-09-16T09:48:39","guid":{"rendered":"\/chalon\/?page_id=41"},"modified":"2026-01-21T10:37:44","modified_gmt":"2026-01-21T09:37:44","slug":"restaurant-epinal-brasserie","status":"publish","type":"page","link":"https:\/\/www.1055.fr\/epinal\/restaurant-epinal-brasserie\/","title":{"rendered":"Restaurant"},"content":{"rendered":"\n<h2 class=\"wp-block-heading\">Restaurant \u00e0 Epinal \u2013 10\u00b755 Epinal<\/h2>\n\n\n\n<div class=\"wp-block-buttons is-content-justification-center is-nowrap is-layout-flex wp-container-core-buttons-is-layout-1fb9aab6 wp-block-buttons-is-layout-flex\">\n<div class=\"wp-block-button is-style-outline is-style-outline--1\"><a class=\"wp-block-button__link has-luminous-vivid-amber-color has-text-color has-link-color wp-element-button\" href=\"https:\/\/www.labrasserie-1055.fr\/reservation-table-restaurant\/epinal\/\">R\u00e9server une table <\/a><\/div>\n\n\n\n<div class=\"wp-block-button is-style-outline is-style-outline--2\"><a class=\"wp-block-button__link has-text-color has-link-color wp-element-button\" href=\"https:\/\/www.labrasserie-1055.fr\" style=\"color:#bfb58c\">La Brasserie du 10\u00b755<\/a><\/div>\n<\/div>\n\n\n\n<div style=\"height:43px\" aria-hidden=\"true\" class=\"wp-block-spacer\"><\/div>\n\n\n\n<h3 class=\"wp-block-heading\"><mark style=\"background-color:rgba(0, 0, 0, 0);color:#2f2f2f\" class=\"has-inline-color\">Une pause d\u00e9jeuner ou un repas convivial au c\u0153ur de votre complexe loisirs<\/mark><\/h3>\n\n\n\n<p>La Brasserie du 10\u00b755 est notre restaurant <strong>dans les Vosges<\/strong>, plus pr\u00e9cis\u00e9ment \u00e0 <strong>Epinal<\/strong>. Nous vous accueillons tous les jours dans un espace <strong>confortable, chaleureux &amp; moderne<\/strong>, pens\u00e9 pour vos d\u00e9jeuners comme pour vos d\u00eeners. Accessible \u00e0 tous, avec ou sans activit\u00e9, notre brasserie est le point de rencontre des familles, groupes d\u2019amis et entreprises du secteur de Epinal.<\/p>\n\n\n\n<h3 class=\"wp-block-heading\"><mark style=\"background-color:rgba(0, 0, 0, 0);color:#2f2f2f\" class=\"has-inline-color\">Une carte simple et efficace<\/mark> <mark style=\"background-color:rgba(0, 0, 0, 0);color:#2f2f2f\" class=\"has-inline-color\">dans notre restaurant \u00e0 Epinal<\/mark><\/h3>\n\n\n\n<p>Notre restaurant propose une carte qui \u00e9volue r\u00e9guli\u00e8rement et au fil des saisons, pour vous faire toujours d\u00e9couvrir plus de nouveaut\u00e9s. Mais bien-s\u00fbr, nos burgers g\u00e9n\u00e9reux sont toujours disponibles ! Aussi, du lundi au vendredi, un <strong>menu du jour<\/strong> est servi chaque midi avec un plat diff\u00e9rent chaque jour. Ce format permet un service efficace pour les professionnels ou les visiteurs d\u00e9sireux de d\u00e9jeuner dans notre \u00e9tablissement. <\/p>\n\n\n\n<div class=\"wp-block-columns is-not-stacked-on-mobile is-layout-flex wp-container-core-columns-is-layout-9d6595d7 wp-block-columns-is-layout-flex\">\n<div class=\"wp-block-column is-layout-flow wp-block-column-is-layout-flow\">\n<figure class=\"wp-block-image size-large\"><img loading=\"lazy\" decoding=\"async\" width=\"1024\" height=\"683\" src=\"https:\/\/www.1055.fr\/epinal\/contenu\/uploads\/2025\/06\/carte-ete-2024-4-1024x683.jpg\" alt=\"restaurant belfort bessoncourt \" class=\"wp-image-10385\" style=\"aspect-ratio:3\/4;object-fit:cover\" srcset=\"https:\/\/www.1055.fr\/epinal\/contenu\/uploads\/2025\/06\/carte-ete-2024-4-1024x683.jpg 1024w, https:\/\/www.1055.fr\/epinal\/contenu\/uploads\/2025\/06\/carte-ete-2024-4-300x200.jpg 300w, https:\/\/www.1055.fr\/epinal\/contenu\/uploads\/2025\/06\/carte-ete-2024-4-768x512.jpg 768w, https:\/\/www.1055.fr\/epinal\/contenu\/uploads\/2025\/06\/carte-ete-2024-4-1536x1024.jpg 1536w, https:\/\/www.1055.fr\/epinal\/contenu\/uploads\/2025\/06\/carte-ete-2024-4-24x16.jpg 24w, https:\/\/www.1055.fr\/epinal\/contenu\/uploads\/2025\/06\/carte-ete-2024-4-36x24.jpg 36w, https:\/\/www.1055.fr\/epinal\/contenu\/uploads\/2025\/06\/carte-ete-2024-4-48x32.jpg 48w, https:\/\/www.1055.fr\/epinal\/contenu\/uploads\/2025\/06\/carte-ete-2024-4.jpg 2048w\" sizes=\"auto, (max-width: 767px) 89vw, (max-width: 1000px) 54vw, (max-width: 1071px) 543px, 580px\" \/><\/figure>\n<\/div>\n\n\n\n<div class=\"wp-block-column is-layout-flow wp-block-column-is-layout-flow\">\n<figure class=\"wp-block-image size-full\"><img loading=\"lazy\" decoding=\"async\" width=\"533\" height=\"800\" src=\"https:\/\/www.1055.fr\/epinal\/contenu\/uploads\/2026\/01\/1055@lucieperrinphotos-138.jpg\" alt=\"\" class=\"wp-image-10847\" style=\"aspect-ratio:3\/4;object-fit:cover\" srcset=\"https:\/\/www.1055.fr\/epinal\/contenu\/uploads\/2026\/01\/1055@lucieperrinphotos-138.jpg 533w, https:\/\/www.1055.fr\/epinal\/contenu\/uploads\/2026\/01\/1055@lucieperrinphotos-138-200x300.jpg 200w, https:\/\/www.1055.fr\/epinal\/contenu\/uploads\/2026\/01\/1055@lucieperrinphotos-138-16x24.jpg 16w, https:\/\/www.1055.fr\/epinal\/contenu\/uploads\/2026\/01\/1055@lucieperrinphotos-138-24x36.jpg 24w, https:\/\/www.1055.fr\/epinal\/contenu\/uploads\/2026\/01\/1055@lucieperrinphotos-138-32x48.jpg 32w\" sizes=\"auto, (max-width: 533px) 100vw, 533px\" \/><\/figure>\n<\/div>\n<\/div>\n\n\n\n<h3 class=\"wp-block-heading\"><mark style=\"background-color:rgba(0, 0, 0, 0);color:#2f2f2f\" class=\"has-inline-color\">Des bi\u00e8res artisanales brass\u00e9es au 10\u00b755 de Besan\u00e7on<\/mark><\/h3>\n\n\n\n<p>Notre \u00e9tablissement propose \u00e9galement une s\u00e9lection de <strong>bi\u00e8res artisanales<\/strong>, brass\u00e9es directement dans notre brasserie du <strong>10\u00b755 \u00e0 Besan\u00e7on<\/strong>, puis livr\u00e9es \u00e0 Epinal. \u00c0 d\u00e9guster sur place ou \u00e0 d\u00e9couvrir lors de vos \u00e9v\u00e9nements.<\/p>\n\n\n\n<div class=\"wp-block-columns is-layout-flex wp-container-core-columns-is-layout-9d6595d7 wp-block-columns-is-layout-flex\">\n<div class=\"wp-block-column is-layout-flow wp-block-column-is-layout-flow\"><div class=\"wp-block-image\">\n<figure class=\"aligncenter size-large is-resized\"><img loading=\"lazy\" decoding=\"async\" width=\"1024\" height=\"741\" src=\"https:\/\/www.1055.fr\/epinal\/contenu\/uploads\/2025\/06\/MICROBRASSERIE-LONS-2-1024x741.jpg\" alt=\"\" class=\"wp-image-10387\" style=\"width:524px;height:auto\" srcset=\"https:\/\/www.1055.fr\/epinal\/contenu\/uploads\/2025\/06\/MICROBRASSERIE-LONS-2-1024x741.jpg 1024w, https:\/\/www.1055.fr\/epinal\/contenu\/uploads\/2025\/06\/MICROBRASSERIE-LONS-2-300x217.jpg 300w, https:\/\/www.1055.fr\/epinal\/contenu\/uploads\/2025\/06\/MICROBRASSERIE-LONS-2-768x556.jpg 768w, https:\/\/www.1055.fr\/epinal\/contenu\/uploads\/2025\/06\/MICROBRASSERIE-LONS-2-1536x1112.jpg 1536w, https:\/\/www.1055.fr\/epinal\/contenu\/uploads\/2025\/06\/MICROBRASSERIE-LONS-2-24x17.jpg 24w, https:\/\/www.1055.fr\/epinal\/contenu\/uploads\/2025\/06\/MICROBRASSERIE-LONS-2-36x26.jpg 36w, https:\/\/www.1055.fr\/epinal\/contenu\/uploads\/2025\/06\/MICROBRASSERIE-LONS-2-48x35.jpg 48w, https:\/\/www.1055.fr\/epinal\/contenu\/uploads\/2025\/06\/MICROBRASSERIE-LONS-2.jpg 2048w\" sizes=\"auto, (max-width: 767px) 89vw, (max-width: 1000px) 54vw, (max-width: 1071px) 543px, 580px\" \/><figcaption class=\"wp-element-caption\">L&rsquo;abus d&rsquo;alcool est dangereux pour la sant\u00e9, \u00e0 consommer avec mod\u00e9ration<\/figcaption><\/figure>\n<\/div><\/div>\n<\/div>\n\n\n\n<h3 class=\"wp-block-heading\"><mark style=\"background-color:rgba(0, 0, 0, 0);color:#2f2f2f\" class=\"has-inline-color\">Un espace pens\u00e9 pour les repas en groupe<\/mark><\/h3>\n\n\n\n<p>Le <strong>restaurant du 10\u00b755<\/strong> peut accueillir les <strong>groupes<\/strong>, les <strong>repas d\u2019entreprise<\/strong>, les <strong>anniversaires<\/strong>, ou les sorties de loisirs avec ou sans activit\u00e9s. Nous proposons des formules sur demande pour vos \u00e9v\u00e9nements professionnels ou priv\u00e9s.<\/p>\n\n\n\n<p>Entreprises ou groupes de particuliers <strong>(+ de 10 personnes)<\/strong> <a href=\"https:\/\/www.1055.fr\/epinal\/contact-acces\/\">contactez-nous<\/a> ici pour organiser votre \u00e9v\u00e8nement \u00e0 la Brasserie du 10\u00b755 <\/p>\n\n\n\n<hr class=\"wp-block-separator has-alpha-channel-opacity\"\/>\n\n\n\n<div class=\"wp-block-columns is-not-stacked-on-mobile is-layout-flex wp-container-core-columns-is-layout-9d6595d7 wp-block-columns-is-layout-flex\">\n<div class=\"wp-block-column is-layout-flow wp-block-column-is-layout-flow\">\n<h4 class=\"wp-block-heading\">\u2197 R\u00e9server une table <\/h4>\n\n\n\n<p>R\u00e9servez une table en quelques clics dans notre restaurant <\/p>\n\n\n\n<figure class=\"wp-block-image size-full\"><img loading=\"lazy\" decoding=\"async\" width=\"900\" height=\"160\" src=\"https:\/\/www.1055.fr\/epinal\/contenu\/uploads\/2025\/06\/BRASSERIE_DU_10_55-PetiteBannie\u00a6Cre-complexe-de-loisirs.jpg\" alt=\"\" class=\"wp-image-10322\" srcset=\"https:\/\/www.1055.fr\/epinal\/contenu\/uploads\/2025\/06\/BRASSERIE_DU_10_55-PetiteBannie\u00a6Cre-complexe-de-loisirs.jpg 900w, https:\/\/www.1055.fr\/epinal\/contenu\/uploads\/2025\/06\/BRASSERIE_DU_10_55-PetiteBannie\u00a6Cre-complexe-de-loisirs-300x53.jpg 300w, https:\/\/www.1055.fr\/epinal\/contenu\/uploads\/2025\/06\/BRASSERIE_DU_10_55-PetiteBannie\u00a6Cre-complexe-de-loisirs-768x137.jpg 768w, https:\/\/www.1055.fr\/epinal\/contenu\/uploads\/2025\/06\/BRASSERIE_DU_10_55-PetiteBannie\u00a6Cre-complexe-de-loisirs-24x4.jpg 24w, https:\/\/www.1055.fr\/epinal\/contenu\/uploads\/2025\/06\/BRASSERIE_DU_10_55-PetiteBannie\u00a6Cre-complexe-de-loisirs-36x6.jpg 36w, https:\/\/www.1055.fr\/epinal\/contenu\/uploads\/2025\/06\/BRASSERIE_DU_10_55-PetiteBannie\u00a6Cre-complexe-de-loisirs-48x9.jpg 48w\" sizes=\"auto, (max-width: 767px) 89vw, (max-width: 1000px) 54vw, (max-width: 1071px) 543px, 580px\" \/><\/figure>\n<\/div>\n\n\n\n<div class=\"wp-block-column is-layout-flow wp-block-column-is-layout-flow\">\n<h4 class=\"wp-block-heading\">\u2197 Menu enfant \u00e0 2\u20ac<\/h4>\n\n\n\n<p>Pour l&rsquo;achat d&rsquo;une entr\u00e9e et d&rsquo;un plat adulte, le menu enfant \u00e0 2\u20ac<\/p>\n\n\n\n<figure class=\"wp-block-image size-full\"><img loading=\"lazy\" decoding=\"async\" width=\"900\" height=\"160\" src=\"https:\/\/www.1055.fr\/epinal\/contenu\/uploads\/2025\/06\/MENU-KIDS-petite-banniere-900x160-1.jpg\" alt=\"\" class=\"wp-image-10362\" srcset=\"https:\/\/www.1055.fr\/epinal\/contenu\/uploads\/2025\/06\/MENU-KIDS-petite-banniere-900x160-1.jpg 900w, https:\/\/www.1055.fr\/epinal\/contenu\/uploads\/2025\/06\/MENU-KIDS-petite-banniere-900x160-1-300x53.jpg 300w, https:\/\/www.1055.fr\/epinal\/contenu\/uploads\/2025\/06\/MENU-KIDS-petite-banniere-900x160-1-768x137.jpg 768w, https:\/\/www.1055.fr\/epinal\/contenu\/uploads\/2025\/06\/MENU-KIDS-petite-banniere-900x160-1-24x4.jpg 24w, https:\/\/www.1055.fr\/epinal\/contenu\/uploads\/2025\/06\/MENU-KIDS-petite-banniere-900x160-1-36x6.jpg 36w, https:\/\/www.1055.fr\/epinal\/contenu\/uploads\/2025\/06\/MENU-KIDS-petite-banniere-900x160-1-48x9.jpg 48w\" sizes=\"auto, (max-width: 767px) 89vw, (max-width: 1000px) 54vw, (max-width: 1071px) 543px, 580px\" \/><\/figure>\n<\/div>\n<\/div>\n\n\n\n<p><\/p>\n","protected":false},"excerpt":{"rendered":"<p>Restaurant \u00e0 Epinal \u2013 10\u00b755 Epinal Une pause d\u00e9jeuner ou un repas convivial au c\u0153ur de votre complexe loisirs La &hellip;<\/p>\n","protected":false},"author":10,"featured_media":10180,"parent":0,"menu_order":0,"comment_status":"closed","ping_status":"closed","template":"page-activite.php","meta":{"_acf_changed":false,"footnotes":""},"class_list":["post-224","page","type-page","status-publish","has-post-thumbnail","hentry"],"acf":[],"yoast_head":"<!-- This site is optimized with the Yoast SEO plugin v25.9 - https:\/\/yoast.com\/wordpress\/plugins\/seo\/ -->\n<title>Restaurant \u00e0 Epinal | La Brasserie du 10.55<\/title>\n<meta name=\"description\" content=\"Restaurant \u00e0 Epinal ouvert 7\/7j. Partagez un moment privil\u00e9gi\u00e9 dans notre tr\u00e8s beau cadre de brasserie. R\u00e9servation en ligne possible\" \/>\n<meta name=\"robots\" content=\"index, follow, max-snippet:-1, max-image-preview:large, max-video-preview:-1\" \/>\n<link rel=\"canonical\" href=\"https:\/\/www.1055.fr\/epinal\/restaurant-epinal-brasserie\/\" \/>\n<meta property=\"og:locale\" content=\"fr_FR\" \/>\n<meta property=\"og:type\" content=\"article\" \/>\n<meta property=\"og:title\" content=\"Restaurant \u00e0 Epinal | La Brasserie du 10.55\" \/>\n<meta property=\"og:description\" content=\"Restaurant \u00e0 Epinal ouvert 7\/7j. Partagez un moment privil\u00e9gi\u00e9 dans notre tr\u00e8s beau cadre de brasserie. R\u00e9servation en ligne possible\" \/>\n<meta property=\"og:url\" content=\"https:\/\/www.1055.fr\/epinal\/restaurant-epinal-brasserie\/\" \/>\n<meta property=\"og:site_name\" content=\"1055 Epinal\" \/>\n<meta property=\"article:modified_time\" content=\"2026-01-21T09:37:44+00:00\" \/>\n<meta property=\"og:image\" content=\"https:\/\/www.1055.fr\/epinal\/contenu\/uploads\/2024\/07\/MicrosoftTeams-image-24.png\" \/>\n\t<meta property=\"og:image:width\" content=\"1800\" \/>\n\t<meta property=\"og:image:height\" content=\"360\" \/>\n\t<meta property=\"og:image:type\" content=\"image\/png\" \/>\n<meta name=\"twitter:card\" content=\"summary_large_image\" \/>\n<meta name=\"twitter:label1\" content=\"Dur\u00e9e de lecture estim\u00e9e\" \/>\n\t<meta name=\"twitter:data1\" content=\"3 minutes\" \/>\n<script type=\"application\/ld+json\" class=\"yoast-schema-graph\">{\"@context\":\"https:\/\/schema.org\",\"@graph\":[{\"@type\":\"WebPage\",\"@id\":\"https:\/\/www.1055.fr\/epinal\/restaurant-epinal-brasserie\/\",\"url\":\"https:\/\/www.1055.fr\/epinal\/restaurant-epinal-brasserie\/\",\"name\":\"Restaurant \u00e0 Epinal | La Brasserie du 10.55\",\"isPartOf\":{\"@id\":\"https:\/\/www.1055.fr\/epinal\/#website\"},\"primaryImageOfPage\":{\"@id\":\"https:\/\/www.1055.fr\/epinal\/restaurant-epinal-brasserie\/#primaryimage\"},\"image\":{\"@id\":\"https:\/\/www.1055.fr\/epinal\/restaurant-epinal-brasserie\/#primaryimage\"},\"thumbnailUrl\":\"https:\/\/www.1055.fr\/epinal\/contenu\/uploads\/2024\/07\/MicrosoftTeams-image-24.png\",\"datePublished\":\"2025-09-16T09:48:39+00:00\",\"dateModified\":\"2026-01-21T09:37:44+00:00\",\"description\":\"Restaurant \u00e0 Epinal ouvert 7\/7j. Partagez un moment privil\u00e9gi\u00e9 dans notre tr\u00e8s beau cadre de brasserie. R\u00e9servation en ligne possible\",\"breadcrumb\":{\"@id\":\"https:\/\/www.1055.fr\/epinal\/restaurant-epinal-brasserie\/#breadcrumb\"},\"inLanguage\":\"fr-FR\",\"potentialAction\":[{\"@type\":\"ReadAction\",\"target\":[\"https:\/\/www.1055.fr\/epinal\/restaurant-epinal-brasserie\/\"]}]},{\"@type\":\"ImageObject\",\"inLanguage\":\"fr-FR\",\"@id\":\"https:\/\/www.1055.fr\/epinal\/restaurant-epinal-brasserie\/#primaryimage\",\"url\":\"https:\/\/www.1055.fr\/epinal\/contenu\/uploads\/2024\/07\/MicrosoftTeams-image-24.png\",\"contentUrl\":\"https:\/\/www.1055.fr\/epinal\/contenu\/uploads\/2024\/07\/MicrosoftTeams-image-24.png\",\"width\":1800,\"height\":360},{\"@type\":\"BreadcrumbList\",\"@id\":\"https:\/\/www.1055.fr\/epinal\/restaurant-epinal-brasserie\/#breadcrumb\",\"itemListElement\":[{\"@type\":\"ListItem\",\"position\":1,\"name\":\"Home\",\"item\":\"https:\/\/www.1055.fr\/epinal\/\"},{\"@type\":\"ListItem\",\"position\":2,\"name\":\"Restaurant\"}]},{\"@type\":\"WebSite\",\"@id\":\"https:\/\/www.1055.fr\/epinal\/#website\",\"url\":\"https:\/\/www.1055.fr\/epinal\/\",\"name\":\"1055 Epinal\",\"description\":\"\",\"potentialAction\":[{\"@type\":\"SearchAction\",\"target\":{\"@type\":\"EntryPoint\",\"urlTemplate\":\"https:\/\/www.1055.fr\/epinal\/?s={search_term_string}\"},\"query-input\":{\"@type\":\"PropertyValueSpecification\",\"valueRequired\":true,\"valueName\":\"search_term_string\"}}],\"inLanguage\":\"fr-FR\"}]}<\/script>\n<!-- \/ Yoast SEO plugin. -->","yoast_head_json":{"title":"Restaurant \u00e0 Epinal | La Brasserie du 10.55","description":"Restaurant \u00e0 Epinal ouvert 7\/7j. Partagez un moment privil\u00e9gi\u00e9 dans notre tr\u00e8s beau cadre de brasserie. R\u00e9servation en ligne possible","robots":{"index":"index","follow":"follow","max-snippet":"max-snippet:-1","max-image-preview":"max-image-preview:large","max-video-preview":"max-video-preview:-1"},"canonical":"https:\/\/www.1055.fr\/epinal\/restaurant-epinal-brasserie\/","og_locale":"fr_FR","og_type":"article","og_title":"Restaurant \u00e0 Epinal | La Brasserie du 10.55","og_description":"Restaurant \u00e0 Epinal ouvert 7\/7j. Partagez un moment privil\u00e9gi\u00e9 dans notre tr\u00e8s beau cadre de brasserie. R\u00e9servation en ligne possible","og_url":"https:\/\/www.1055.fr\/epinal\/restaurant-epinal-brasserie\/","og_site_name":"1055 Epinal","article_modified_time":"2026-01-21T09:37:44+00:00","og_image":[{"width":1800,"height":360,"url":"https:\/\/www.1055.fr\/epinal\/contenu\/uploads\/2024\/07\/MicrosoftTeams-image-24.png","type":"image\/png"}],"twitter_card":"summary_large_image","twitter_misc":{"Dur\u00e9e de lecture estim\u00e9e":"3 minutes"},"schema":{"@context":"https:\/\/schema.org","@graph":[{"@type":"WebPage","@id":"https:\/\/www.1055.fr\/epinal\/restaurant-epinal-brasserie\/","url":"https:\/\/www.1055.fr\/epinal\/restaurant-epinal-brasserie\/","name":"Restaurant \u00e0 Epinal | La Brasserie du 10.55","isPartOf":{"@id":"https:\/\/www.1055.fr\/epinal\/#website"},"primaryImageOfPage":{"@id":"https:\/\/www.1055.fr\/epinal\/restaurant-epinal-brasserie\/#primaryimage"},"image":{"@id":"https:\/\/www.1055.fr\/epinal\/restaurant-epinal-brasserie\/#primaryimage"},"thumbnailUrl":"https:\/\/www.1055.fr\/epinal\/contenu\/uploads\/2024\/07\/MicrosoftTeams-image-24.png","datePublished":"2025-09-16T09:48:39+00:00","dateModified":"2026-01-21T09:37:44+00:00","description":"Restaurant \u00e0 Epinal ouvert 7\/7j. Partagez un moment privil\u00e9gi\u00e9 dans notre tr\u00e8s beau cadre de brasserie. R\u00e9servation en ligne possible","breadcrumb":{"@id":"https:\/\/www.1055.fr\/epinal\/restaurant-epinal-brasserie\/#breadcrumb"},"inLanguage":"fr-FR","potentialAction":[{"@type":"ReadAction","target":["https:\/\/www.1055.fr\/epinal\/restaurant-epinal-brasserie\/"]}]},{"@type":"ImageObject","inLanguage":"fr-FR","@id":"https:\/\/www.1055.fr\/epinal\/restaurant-epinal-brasserie\/#primaryimage","url":"https:\/\/www.1055.fr\/epinal\/contenu\/uploads\/2024\/07\/MicrosoftTeams-image-24.png","contentUrl":"https:\/\/www.1055.fr\/epinal\/contenu\/uploads\/2024\/07\/MicrosoftTeams-image-24.png","width":1800,"height":360},{"@type":"BreadcrumbList","@id":"https:\/\/www.1055.fr\/epinal\/restaurant-epinal-brasserie\/#breadcrumb","itemListElement":[{"@type":"ListItem","position":1,"name":"Home","item":"https:\/\/www.1055.fr\/epinal\/"},{"@type":"ListItem","position":2,"name":"Restaurant"}]},{"@type":"WebSite","@id":"https:\/\/www.1055.fr\/epinal\/#website","url":"https:\/\/www.1055.fr\/epinal\/","name":"1055 Epinal","description":"","potentialAction":[{"@type":"SearchAction","target":{"@type":"EntryPoint","urlTemplate":"https:\/\/www.1055.fr\/epinal\/?s={search_term_string}"},"query-input":{"@type":"PropertyValueSpecification","valueRequired":true,"valueName":"search_term_string"}}],"inLanguage":"fr-FR"}]}},"_links":{"self":[{"href":"https:\/\/www.1055.fr\/epinal\/wp-json\/wp\/v2\/pages\/224","targetHints":{"allow":["GET"]}}],"collection":[{"href":"https:\/\/www.1055.fr\/epinal\/wp-json\/wp\/v2\/pages"}],"about":[{"href":"https:\/\/www.1055.fr\/epinal\/wp-json\/wp\/v2\/types\/page"}],"author":[{"embeddable":true,"href":"https:\/\/www.1055.fr\/epinal\/wp-json\/wp\/v2\/users\/10"}],"replies":[{"embeddable":true,"href":"https:\/\/www.1055.fr\/epinal\/wp-json\/wp\/v2\/comments?post=224"}],"version-history":[{"count":1,"href":"https:\/\/www.1055.fr\/epinal\/wp-json\/wp\/v2\/pages\/224\/revisions"}],"predecessor-version":[{"id":10849,"href":"https:\/\/www.1055.fr\/epinal\/wp-json\/wp\/v2\/pages\/224\/revisions\/10849"}],"wp:featuredmedia":[{"embeddable":true,"href":"https:\/\/www.1055.fr\/epinal\/wp-json\/wp\/v2\/media\/10180"}],"wp:attachment":[{"href":"https:\/\/www.1055.fr\/epinal\/wp-json\/wp\/v2\/media?parent=224"}],"curies":[{"name":"wp","href":"https:\/\/api.w.org\/{rel}","templated":true}]}}