{"id":7209,"date":"2026-05-13T16:39:39","date_gmt":"2026-05-13T14:39:39","guid":{"rendered":"https:\/\/www.1055.fr\/besancon\/?page_id=7209"},"modified":"2026-05-13T16:39:40","modified_gmt":"2026-05-13T14:39:40","slug":"les-bungy-du-10%c2%b755-besancon-sensations-et-rebonds-en-exterieur","status":"publish","type":"page","link":"https:\/\/www.1055.fr\/besancon\/activites-outdoor\/les-bungy-du-10%c2%b755-besancon-sensations-et-rebonds-en-exterieur\/","title":{"rendered":"Les Bungy du 10\u00b755 Besan\u00e7on : sensations et rebonds en ext\u00e9rieur"},"content":{"rendered":"\n<p>Envie d\u2019une activit\u00e9 fun et originale pour profiter des beaux jours \u00e0 Besan\u00e7on ?<br>D\u00e9couvrez les Bungy du 10\u00b755 Besan\u00e7on : 4 trampolines \u00e0 \u00e9lastiques install\u00e9s en ext\u00e9rieur pour faire le plein de sensations au printemps et en \u00e9t\u00e9 !<\/p>\n\n\n\n<p>Gr\u00e2ce \u00e0 un syst\u00e8me de harnais et d\u2019\u00e9lastiques, les participants peuvent r\u00e9aliser des sauts impressionnants, prendre de la hauteur et tenter des figures en toute s\u00e9curit\u00e9. Une activit\u00e9 ludique et accessible qui pla\u00eet autant aux enfants qu\u2019aux adolescents.<\/p>\n\n\n\n<div class=\"wp-block-columns is-layout-flex wp-container-core-columns-is-layout-9d6595d7 wp-block-columns-is-layout-flex\">\n<div class=\"wp-block-column is-layout-flow wp-block-column-is-layout-flow\">\n<figure class=\"wp-block-image size-large\"><img decoding=\"async\" width=\"768\" height=\"1024\" src=\"https:\/\/www.1055.fr\/besancon\/contenu\/uploads\/2026\/05\/6D7DF084-710D-48EA-BF52-330CC2427405-768x1024.png\" alt=\"\" class=\"wp-image-7203\" srcset=\"https:\/\/www.1055.fr\/besancon\/contenu\/uploads\/2026\/05\/6D7DF084-710D-48EA-BF52-330CC2427405-768x1024.png 768w, https:\/\/www.1055.fr\/besancon\/contenu\/uploads\/2026\/05\/6D7DF084-710D-48EA-BF52-330CC2427405-225x300.png 225w, https:\/\/www.1055.fr\/besancon\/contenu\/uploads\/2026\/05\/6D7DF084-710D-48EA-BF52-330CC2427405-18x24.png 18w, https:\/\/www.1055.fr\/besancon\/contenu\/uploads\/2026\/05\/6D7DF084-710D-48EA-BF52-330CC2427405-27x36.png 27w, https:\/\/www.1055.fr\/besancon\/contenu\/uploads\/2026\/05\/6D7DF084-710D-48EA-BF52-330CC2427405-36x48.png 36w, https:\/\/www.1055.fr\/besancon\/contenu\/uploads\/2026\/05\/6D7DF084-710D-48EA-BF52-330CC2427405.png 1086w\" sizes=\"(max-width: 767px) 89vw, (max-width: 1000px) 54vw, (max-width: 1071px) 543px, 580px\" \/><\/figure>\n<\/div>\n\n\n\n<div class=\"wp-block-column is-layout-flow wp-block-column-is-layout-flow\">\n<figure class=\"wp-block-image size-large\"><img decoding=\"async\" width=\"768\" height=\"1024\" src=\"https:\/\/www.1055.fr\/besancon\/contenu\/uploads\/2026\/05\/IMG_8921-768x1024.jpeg\" alt=\"\" class=\"wp-image-7202\" srcset=\"https:\/\/www.1055.fr\/besancon\/contenu\/uploads\/2026\/05\/IMG_8921-768x1024.jpeg 768w, https:\/\/www.1055.fr\/besancon\/contenu\/uploads\/2026\/05\/IMG_8921-225x300.jpeg 225w, https:\/\/www.1055.fr\/besancon\/contenu\/uploads\/2026\/05\/IMG_8921-1152x1536.jpeg 1152w, https:\/\/www.1055.fr\/besancon\/contenu\/uploads\/2026\/05\/IMG_8921-1536x2048.jpeg 1536w, https:\/\/www.1055.fr\/besancon\/contenu\/uploads\/2026\/05\/IMG_8921-18x24.jpeg 18w, https:\/\/www.1055.fr\/besancon\/contenu\/uploads\/2026\/05\/IMG_8921-27x36.jpeg 27w, https:\/\/www.1055.fr\/besancon\/contenu\/uploads\/2026\/05\/IMG_8921-36x48.jpeg 36w, https:\/\/www.1055.fr\/besancon\/contenu\/uploads\/2026\/05\/IMG_8921-scaled.jpeg 1920w\" sizes=\"(max-width: 767px) 89vw, (max-width: 1000px) 54vw, (max-width: 1071px) 543px, 580px\" \/><\/figure>\n<\/div>\n<\/div>\n\n\n\n<h3 class=\"wp-block-heading\" id=\"h-une-activite-exterieure-incontournable-a-besancon\">Une activit\u00e9 ext\u00e9rieure incontournable \u00e0 Besan\u00e7on<\/h3>\n\n\n\n<p>Quand les beaux jours arrivent, les Bungy deviennent l\u2019une des activit\u00e9s outdoor favorites des familles autour de Besan\u00e7on.<br>Entre trampoline et attraction \u00e0 sensations, cette activit\u00e9 est id\u00e9ale pour :<\/p>\n\n\n\n<ul class=\"wp-block-list\">\n<li>une sortie en famille au printemps ou en \u00e9t\u00e9 ;<\/li>\n\n\n\n<li>occuper les enfants pendant les vacances scolaires ;<\/li>\n\n\n\n<li>profiter d\u2019une activit\u00e9 ext\u00e9rieure pr\u00e8s de Besan\u00e7on ;<\/li>\n\n\n\n<li>compl\u00e9ter une journ\u00e9e loisirs au 10\u00b755.<\/li>\n<\/ul>\n\n\n\n<p>Install\u00e9s \u00e0 l\u2019ext\u00e9rieur du complexe, les Bungy permettent de profiter du soleil tout en s\u2019amusant dans une ambiance conviviale et dynamique.<\/p>\n\n\n\n<h3 class=\"wp-block-heading\" id=\"h-informations-sur-les-bungy\">Informations sur les Bungy<\/h3>\n\n\n\n<ul class=\"wp-block-list\">\n<li>4 trampolines \u00e0 \u00e9lastiques ;<\/li>\n\n\n\n<li>activit\u00e9 accessible \u00e0 partir de 15 kg ;<\/li>\n\n\n\n<li>harnais et installation s\u00e9curis\u00e9s ;<\/li>\n\n\n\n<li>ouverture selon la m\u00e9t\u00e9o et la saison.<\/li>\n<\/ul>\n\n\n\n<h3 class=\"wp-block-heading\" id=\"h-sortie-printemps-ete-a-besancon-pensez-au-10-55\">Sortie printemps \/ \u00e9t\u00e9 \u00e0 Besan\u00e7on : pensez au 10\u00b755<\/h3>\n\n\n\n<p>\u00c0 la recherche d\u2019une id\u00e9e de sortie ext\u00e9rieure \u00e0 Besan\u00e7on pour les enfants ou les adolescents ?<br>Les Bungy du 10\u00b755 Besan\u00e7on sont parfaits pour profiter des journ\u00e9es ensoleill\u00e9es, se d\u00e9penser et partager un moment fun en famille ou entre amis.<\/p>\n\n\n\n<p>Entre activit\u00e9s indoor et outdoor, restauration et espaces de loisirs, le 10\u00b755 est devenu une destination incontournable pour les sorties loisirs dans le Doubs pendant le printemps et l\u2019\u00e9t\u00e9.<\/p>\n\n\n\n<hr class=\"wp-block-separator has-alpha-channel-opacity\"\/>\n\n\n\n<p><a href=\"https:\/\/www.1055.fr\/besancon\/activites-outdoor\/\"><strong>\u2197 D\u00e9couvrez les autres activit\u00e9s du Parc Outdoor <\/strong><\/a><\/p>\n\n\n\n<div class=\"wp-block-columns is-layout-flex wp-container-core-columns-is-layout-9d6595d7 wp-block-columns-is-layout-flex\">\n<div class=\"wp-block-column is-layout-flow wp-block-column-is-layout-flow\">\n<figure class=\"wp-block-image size-large\"><img decoding=\"async\" width=\"1024\" height=\"683\" src=\"https:\/\/www.1055.fr\/besancon\/contenu\/uploads\/2025\/02\/Accrospider-1024x683.jpg\" alt=\"\" class=\"wp-image-6151\" srcset=\"https:\/\/www.1055.fr\/besancon\/contenu\/uploads\/2025\/02\/Accrospider-1024x683.jpg 1024w, https:\/\/www.1055.fr\/besancon\/contenu\/uploads\/2025\/02\/Accrospider-300x200.jpg 300w, https:\/\/www.1055.fr\/besancon\/contenu\/uploads\/2025\/02\/Accrospider-768x512.jpg 768w, https:\/\/www.1055.fr\/besancon\/contenu\/uploads\/2025\/02\/Accrospider-1536x1024.jpg 1536w, https:\/\/www.1055.fr\/besancon\/contenu\/uploads\/2025\/02\/Accrospider-24x16.jpg 24w, https:\/\/www.1055.fr\/besancon\/contenu\/uploads\/2025\/02\/Accrospider-36x24.jpg 36w, https:\/\/www.1055.fr\/besancon\/contenu\/uploads\/2025\/02\/Accrospider-48x32.jpg 48w, https:\/\/www.1055.fr\/besancon\/contenu\/uploads\/2025\/02\/Accrospider.jpg 2048w\" sizes=\"(max-width: 767px) 89vw, (max-width: 1000px) 54vw, (max-width: 1071px) 543px, 580px\" \/><\/figure>\n<\/div>\n\n\n\n<div class=\"wp-block-column is-layout-flow wp-block-column-is-layout-flow\">\n<figure class=\"wp-block-image size-large\"><img decoding=\"async\" width=\"1024\" height=\"683\" src=\"https:\/\/www.1055.fr\/besancon\/contenu\/uploads\/2026\/03\/ACCROBRANCHE-6-1024x683.jpg\" alt=\"\" class=\"wp-image-7100\" srcset=\"https:\/\/www.1055.fr\/besancon\/contenu\/uploads\/2026\/03\/ACCROBRANCHE-6-1024x683.jpg 1024w, https:\/\/www.1055.fr\/besancon\/contenu\/uploads\/2026\/03\/ACCROBRANCHE-6-300x200.jpg 300w, https:\/\/www.1055.fr\/besancon\/contenu\/uploads\/2026\/03\/ACCROBRANCHE-6-768x512.jpg 768w, https:\/\/www.1055.fr\/besancon\/contenu\/uploads\/2026\/03\/ACCROBRANCHE-6-1536x1024.jpg 1536w, https:\/\/www.1055.fr\/besancon\/contenu\/uploads\/2026\/03\/ACCROBRANCHE-6-24x16.jpg 24w, https:\/\/www.1055.fr\/besancon\/contenu\/uploads\/2026\/03\/ACCROBRANCHE-6-36x24.jpg 36w, https:\/\/www.1055.fr\/besancon\/contenu\/uploads\/2026\/03\/ACCROBRANCHE-6-48x32.jpg 48w, https:\/\/www.1055.fr\/besancon\/contenu\/uploads\/2026\/03\/ACCROBRANCHE-6.jpg 2048w\" sizes=\"(max-width: 767px) 89vw, (max-width: 1000px) 54vw, (max-width: 1071px) 543px, 580px\" \/><\/figure>\n<\/div>\n\n\n\n<div class=\"wp-block-column is-layout-flow wp-block-column-is-layout-flow\">\n<figure class=\"wp-block-image size-large\"><img decoding=\"async\" width=\"1024\" height=\"577\" src=\"https:\/\/www.1055.fr\/besancon\/contenu\/uploads\/2022\/08\/Jeux-Gonflables-1024x577.png\" alt=\"\" class=\"wp-image-1313\" srcset=\"https:\/\/www.1055.fr\/besancon\/contenu\/uploads\/2022\/08\/Jeux-Gonflables-1024x577.png 1024w, https:\/\/www.1055.fr\/besancon\/contenu\/uploads\/2022\/08\/Jeux-Gonflables-300x169.png 300w, https:\/\/www.1055.fr\/besancon\/contenu\/uploads\/2022\/08\/Jeux-Gonflables-768x433.png 768w, https:\/\/www.1055.fr\/besancon\/contenu\/uploads\/2022\/08\/Jeux-Gonflables-1536x866.png 1536w, https:\/\/www.1055.fr\/besancon\/contenu\/uploads\/2022\/08\/Jeux-Gonflables-2048x1154.png 2048w, https:\/\/www.1055.fr\/besancon\/contenu\/uploads\/2022\/08\/Jeux-Gonflables-24x14.png 24w, https:\/\/www.1055.fr\/besancon\/contenu\/uploads\/2022\/08\/Jeux-Gonflables-36x20.png 36w, https:\/\/www.1055.fr\/besancon\/contenu\/uploads\/2022\/08\/Jeux-Gonflables-48x27.png 48w\" sizes=\"(max-width: 767px) 89vw, (max-width: 1000px) 54vw, (max-width: 1071px) 543px, 580px\" \/><\/figure>\n<\/div>\n<\/div>\n\n\n\n<p><\/p>\n","protected":false},"excerpt":{"rendered":"<p>Envie d\u2019une activit\u00e9 fun et originale pour profiter des beaux jours \u00e0 Besan\u00e7on ?D\u00e9couvrez les Bungy du 10\u00b755 Besan\u00e7on : &hellip;<\/p>\n","protected":false},"author":10,"featured_media":1223,"parent":507,"menu_order":0,"comment_status":"closed","ping_status":"closed","template":"page-activite.php","meta":{"_acf_changed":false,"inline_featured_image":false,"footnotes":""},"class_list":["post-7209","page","type-page","status-publish","has-post-thumbnail","hentry"],"acf":[],"yoast_head":"<!-- This site is optimized with the Yoast SEO Premium plugin v24.7 (Yoast SEO v24.7) - https:\/\/yoast.com\/wordpress\/plugins\/seo\/ -->\n<title>Les Bungy du 10\u00b755 Besan\u00e7on : sensations et rebonds en ext\u00e9rieur<\/title>\n<meta name=\"robots\" content=\"index, follow, max-snippet:-1, max-image-preview:large, max-video-preview:-1\" \/>\n<link rel=\"canonical\" href=\"https:\/\/www.1055.fr\/besancon\/activites-outdoor\/les-bungy-du-10\u00b755-besancon-sensations-et-rebonds-en-exterieur\/\" \/>\n<meta property=\"og:locale\" content=\"fr_FR\" \/>\n<meta property=\"og:type\" content=\"article\" \/>\n<meta property=\"og:title\" content=\"Les Bungy du 10\u00b755 Besan\u00e7on : sensations et rebonds en ext\u00e9rieur\" \/>\n<meta property=\"og:description\" content=\"Envie d\u2019une activit\u00e9 fun et originale pour profiter des beaux jours \u00e0 Besan\u00e7on ?D\u00e9couvrez les Bungy du 10\u00b755 Besan\u00e7on : &hellip;\" \/>\n<meta property=\"og:url\" content=\"https:\/\/www.1055.fr\/besancon\/activites-outdoor\/les-bungy-du-10\u00b755-besancon-sensations-et-rebonds-en-exterieur\/\" \/>\n<meta property=\"article:modified_time\" content=\"2026-05-13T14:39:40+00:00\" \/>\n<meta property=\"og:image\" content=\"https:\/\/www.1055.fr\/besancon\/contenu\/uploads\/2022\/07\/2560X512_ParcOutdoor.jpg\" \/>\n\t<meta property=\"og:image:width\" content=\"2560\" \/>\n\t<meta property=\"og:image:height\" content=\"512\" \/>\n\t<meta property=\"og:image:type\" content=\"image\/jpeg\" \/>\n<meta name=\"twitter:card\" content=\"summary_large_image\" \/>\n<meta name=\"twitter:label1\" content=\"Dur\u00e9e de lecture estim\u00e9e\" \/>\n\t<meta name=\"twitter:data1\" content=\"3 minutes\" \/>\n<script type=\"application\/ld+json\" class=\"yoast-schema-graph\">{\"@context\":\"https:\/\/schema.org\",\"@graph\":[{\"@type\":\"WebPage\",\"@id\":\"https:\/\/www.1055.fr\/besancon\/activites-outdoor\/les-bungy-du-10%c2%b755-besancon-sensations-et-rebonds-en-exterieur\/\",\"url\":\"https:\/\/www.1055.fr\/besancon\/activites-outdoor\/les-bungy-du-10%c2%b755-besancon-sensations-et-rebonds-en-exterieur\/\",\"name\":\"Les Bungy du 10\u00b755 Besan\u00e7on : sensations et rebonds en ext\u00e9rieur\",\"isPartOf\":{\"@id\":\"https:\/\/www.1055.fr\/besancon\/#website\"},\"primaryImageOfPage\":{\"@id\":\"https:\/\/www.1055.fr\/besancon\/activites-outdoor\/les-bungy-du-10%c2%b755-besancon-sensations-et-rebonds-en-exterieur\/#primaryimage\"},\"image\":{\"@id\":\"https:\/\/www.1055.fr\/besancon\/activites-outdoor\/les-bungy-du-10%c2%b755-besancon-sensations-et-rebonds-en-exterieur\/#primaryimage\"},\"thumbnailUrl\":\"https:\/\/www.1055.fr\/besancon\/contenu\/uploads\/2022\/07\/2560X512_ParcOutdoor.jpg\",\"datePublished\":\"2026-05-13T14:39:39+00:00\",\"dateModified\":\"2026-05-13T14:39:40+00:00\",\"breadcrumb\":{\"@id\":\"https:\/\/www.1055.fr\/besancon\/activites-outdoor\/les-bungy-du-10%c2%b755-besancon-sensations-et-rebonds-en-exterieur\/#breadcrumb\"},\"inLanguage\":\"fr-FR\",\"potentialAction\":[{\"@type\":\"ReadAction\",\"target\":[\"https:\/\/www.1055.fr\/besancon\/activites-outdoor\/les-bungy-du-10%c2%b755-besancon-sensations-et-rebonds-en-exterieur\/\"]}]},{\"@type\":\"ImageObject\",\"inLanguage\":\"fr-FR\",\"@id\":\"https:\/\/www.1055.fr\/besancon\/activites-outdoor\/les-bungy-du-10%c2%b755-besancon-sensations-et-rebonds-en-exterieur\/#primaryimage\",\"url\":\"https:\/\/www.1055.fr\/besancon\/contenu\/uploads\/2022\/07\/2560X512_ParcOutdoor.jpg\",\"contentUrl\":\"https:\/\/www.1055.fr\/besancon\/contenu\/uploads\/2022\/07\/2560X512_ParcOutdoor.jpg\",\"width\":2560,\"height\":512},{\"@type\":\"BreadcrumbList\",\"@id\":\"https:\/\/www.1055.fr\/besancon\/activites-outdoor\/les-bungy-du-10%c2%b755-besancon-sensations-et-rebonds-en-exterieur\/#breadcrumb\",\"itemListElement\":[{\"@type\":\"ListItem\",\"position\":1,\"name\":\"Home\",\"item\":\"https:\/\/www.1055.fr\/besancon\/\"},{\"@type\":\"ListItem\",\"position\":2,\"name\":\"Parc Outdoor\",\"item\":\"https:\/\/www.1055.fr\/besancon\/activites-outdoor\/\"},{\"@type\":\"ListItem\",\"position\":3,\"name\":\"Les Bungy du 10\u00b755 Besan\u00e7on : sensations et rebonds en ext\u00e9rieur\"}]},{\"@type\":\"WebSite\",\"@id\":\"https:\/\/www.1055.fr\/besancon\/#website\",\"url\":\"https:\/\/www.1055.fr\/besancon\/\",\"name\":\"\",\"description\":\"\",\"publisher\":{\"@id\":\"https:\/\/www.1055.fr\/besancon\/#organization\"},\"potentialAction\":[{\"@type\":\"SearchAction\",\"target\":{\"@type\":\"EntryPoint\",\"urlTemplate\":\"https:\/\/www.1055.fr\/besancon\/?s={search_term_string}\"},\"query-input\":{\"@type\":\"PropertyValueSpecification\",\"valueRequired\":true,\"valueName\":\"search_term_string\"}}],\"inLanguage\":\"fr-FR\"},{\"@type\":\"Organization\",\"@id\":\"https:\/\/www.1055.fr\/besancon\/#organization\",\"name\":\"1055 Besan\u00e7on\",\"url\":\"https:\/\/www.1055.fr\/besancon\/\",\"logo\":{\"@type\":\"ImageObject\",\"inLanguage\":\"fr-FR\",\"@id\":\"https:\/\/www.1055.fr\/besancon\/#\/schema\/logo\/image\/\",\"url\":\"https:\/\/www.1055.fr\/besancon\/contenu\/uploads\/2021\/04\/logo-page-2-1.png\",\"contentUrl\":\"https:\/\/www.1055.fr\/besancon\/contenu\/uploads\/2021\/04\/logo-page-2-1.png\",\"width\":120,\"height\":162,\"caption\":\"1055 Besan\u00e7on\"},\"image\":{\"@id\":\"https:\/\/www.1055.fr\/besancon\/#\/schema\/logo\/image\/\"}}]}<\/script>\n<!-- \/ Yoast SEO Premium plugin. -->","yoast_head_json":{"title":"Les Bungy du 10\u00b755 Besan\u00e7on : sensations et rebonds en ext\u00e9rieur","robots":{"index":"index","follow":"follow","max-snippet":"max-snippet:-1","max-image-preview":"max-image-preview:large","max-video-preview":"max-video-preview:-1"},"canonical":"https:\/\/www.1055.fr\/besancon\/activites-outdoor\/les-bungy-du-10\u00b755-besancon-sensations-et-rebonds-en-exterieur\/","og_locale":"fr_FR","og_type":"article","og_title":"Les Bungy du 10\u00b755 Besan\u00e7on : sensations et rebonds en ext\u00e9rieur","og_description":"Envie d\u2019une activit\u00e9 fun et originale pour profiter des beaux jours \u00e0 Besan\u00e7on ?D\u00e9couvrez les Bungy du 10\u00b755 Besan\u00e7on : &hellip;","og_url":"https:\/\/www.1055.fr\/besancon\/activites-outdoor\/les-bungy-du-10\u00b755-besancon-sensations-et-rebonds-en-exterieur\/","article_modified_time":"2026-05-13T14:39:40+00:00","og_image":[{"width":2560,"height":512,"url":"https:\/\/www.1055.fr\/besancon\/contenu\/uploads\/2022\/07\/2560X512_ParcOutdoor.jpg","type":"image\/jpeg"}],"twitter_card":"summary_large_image","twitter_misc":{"Dur\u00e9e de lecture estim\u00e9e":"3 minutes"},"schema":{"@context":"https:\/\/schema.org","@graph":[{"@type":"WebPage","@id":"https:\/\/www.1055.fr\/besancon\/activites-outdoor\/les-bungy-du-10%c2%b755-besancon-sensations-et-rebonds-en-exterieur\/","url":"https:\/\/www.1055.fr\/besancon\/activites-outdoor\/les-bungy-du-10%c2%b755-besancon-sensations-et-rebonds-en-exterieur\/","name":"Les Bungy du 10\u00b755 Besan\u00e7on : sensations et rebonds en ext\u00e9rieur","isPartOf":{"@id":"https:\/\/www.1055.fr\/besancon\/#website"},"primaryImageOfPage":{"@id":"https:\/\/www.1055.fr\/besancon\/activites-outdoor\/les-bungy-du-10%c2%b755-besancon-sensations-et-rebonds-en-exterieur\/#primaryimage"},"image":{"@id":"https:\/\/www.1055.fr\/besancon\/activites-outdoor\/les-bungy-du-10%c2%b755-besancon-sensations-et-rebonds-en-exterieur\/#primaryimage"},"thumbnailUrl":"https:\/\/www.1055.fr\/besancon\/contenu\/uploads\/2022\/07\/2560X512_ParcOutdoor.jpg","datePublished":"2026-05-13T14:39:39+00:00","dateModified":"2026-05-13T14:39:40+00:00","breadcrumb":{"@id":"https:\/\/www.1055.fr\/besancon\/activites-outdoor\/les-bungy-du-10%c2%b755-besancon-sensations-et-rebonds-en-exterieur\/#breadcrumb"},"inLanguage":"fr-FR","potentialAction":[{"@type":"ReadAction","target":["https:\/\/www.1055.fr\/besancon\/activites-outdoor\/les-bungy-du-10%c2%b755-besancon-sensations-et-rebonds-en-exterieur\/"]}]},{"@type":"ImageObject","inLanguage":"fr-FR","@id":"https:\/\/www.1055.fr\/besancon\/activites-outdoor\/les-bungy-du-10%c2%b755-besancon-sensations-et-rebonds-en-exterieur\/#primaryimage","url":"https:\/\/www.1055.fr\/besancon\/contenu\/uploads\/2022\/07\/2560X512_ParcOutdoor.jpg","contentUrl":"https:\/\/www.1055.fr\/besancon\/contenu\/uploads\/2022\/07\/2560X512_ParcOutdoor.jpg","width":2560,"height":512},{"@type":"BreadcrumbList","@id":"https:\/\/www.1055.fr\/besancon\/activites-outdoor\/les-bungy-du-10%c2%b755-besancon-sensations-et-rebonds-en-exterieur\/#breadcrumb","itemListElement":[{"@type":"ListItem","position":1,"name":"Home","item":"https:\/\/www.1055.fr\/besancon\/"},{"@type":"ListItem","position":2,"name":"Parc Outdoor","item":"https:\/\/www.1055.fr\/besancon\/activites-outdoor\/"},{"@type":"ListItem","position":3,"name":"Les Bungy du 10\u00b755 Besan\u00e7on : sensations et rebonds en ext\u00e9rieur"}]},{"@type":"WebSite","@id":"https:\/\/www.1055.fr\/besancon\/#website","url":"https:\/\/www.1055.fr\/besancon\/","name":"","description":"","publisher":{"@id":"https:\/\/www.1055.fr\/besancon\/#organization"},"potentialAction":[{"@type":"SearchAction","target":{"@type":"EntryPoint","urlTemplate":"https:\/\/www.1055.fr\/besancon\/?s={search_term_string}"},"query-input":{"@type":"PropertyValueSpecification","valueRequired":true,"valueName":"search_term_string"}}],"inLanguage":"fr-FR"},{"@type":"Organization","@id":"https:\/\/www.1055.fr\/besancon\/#organization","name":"1055 Besan\u00e7on","url":"https:\/\/www.1055.fr\/besancon\/","logo":{"@type":"ImageObject","inLanguage":"fr-FR","@id":"https:\/\/www.1055.fr\/besancon\/#\/schema\/logo\/image\/","url":"https:\/\/www.1055.fr\/besancon\/contenu\/uploads\/2021\/04\/logo-page-2-1.png","contentUrl":"https:\/\/www.1055.fr\/besancon\/contenu\/uploads\/2021\/04\/logo-page-2-1.png","width":120,"height":162,"caption":"1055 Besan\u00e7on"},"image":{"@id":"https:\/\/www.1055.fr\/besancon\/#\/schema\/logo\/image\/"}}]}},"_links":{"self":[{"href":"https:\/\/www.1055.fr\/besancon\/wp-json\/wp\/v2\/pages\/7209","targetHints":{"allow":["GET"]}}],"collection":[{"href":"https:\/\/www.1055.fr\/besancon\/wp-json\/wp\/v2\/pages"}],"about":[{"href":"https:\/\/www.1055.fr\/besancon\/wp-json\/wp\/v2\/types\/page"}],"author":[{"embeddable":true,"href":"https:\/\/www.1055.fr\/besancon\/wp-json\/wp\/v2\/users\/10"}],"replies":[{"embeddable":true,"href":"https:\/\/www.1055.fr\/besancon\/wp-json\/wp\/v2\/comments?post=7209"}],"version-history":[{"count":2,"href":"https:\/\/www.1055.fr\/besancon\/wp-json\/wp\/v2\/pages\/7209\/revisions"}],"predecessor-version":[{"id":7211,"href":"https:\/\/www.1055.fr\/besancon\/wp-json\/wp\/v2\/pages\/7209\/revisions\/7211"}],"up":[{"embeddable":true,"href":"https:\/\/www.1055.fr\/besancon\/wp-json\/wp\/v2\/pages\/507"}],"wp:featuredmedia":[{"embeddable":true,"href":"https:\/\/www.1055.fr\/besancon\/wp-json\/wp\/v2\/media\/1223"}],"wp:attachment":[{"href":"https:\/\/www.1055.fr\/besancon\/wp-json\/wp\/v2\/media?parent=7209"}],"curies":[{"name":"wp","href":"https:\/\/api.w.org\/{rel}","templated":true}]}}