{"id":5,"date":"2020-01-22T21:59:14","date_gmt":"2020-01-22T20:59:14","guid":{"rendered":"https:\/\/www.1055.fr\/besancon\/accueil\/"},"modified":"2026-03-18T09:52:09","modified_gmt":"2026-03-18T08:52:09","slug":"accueil-sortir-besancon","status":"publish","type":"page","link":"https:\/\/www.1055.fr\/besancon\/","title":{"rendered":"Accueil"},"content":{"rendered":"<div class=\"wp-block-image\">\n<figure class=\"aligncenter size-large is-resized\"><img decoding=\"async\" width=\"1024\" height=\"537\" src=\"https:\/\/www.1055.fr\/besancon\/contenu\/uploads\/2023\/10\/BESANCON_Logo_Marque_Bl-1024x537.png\" alt=\"\" class=\"wp-image-3655\" style=\"width:158px;height:83px\" srcset=\"https:\/\/www.1055.fr\/besancon\/contenu\/uploads\/2023\/10\/BESANCON_Logo_Marque_Bl-1024x537.png 1024w, https:\/\/www.1055.fr\/besancon\/contenu\/uploads\/2023\/10\/BESANCON_Logo_Marque_Bl-300x157.png 300w, https:\/\/www.1055.fr\/besancon\/contenu\/uploads\/2023\/10\/BESANCON_Logo_Marque_Bl-768x402.png 768w, https:\/\/www.1055.fr\/besancon\/contenu\/uploads\/2023\/10\/BESANCON_Logo_Marque_Bl-1536x805.png 1536w, https:\/\/www.1055.fr\/besancon\/contenu\/uploads\/2023\/10\/BESANCON_Logo_Marque_Bl-24x13.png 24w, https:\/\/www.1055.fr\/besancon\/contenu\/uploads\/2023\/10\/BESANCON_Logo_Marque_Bl-36x19.png 36w, https:\/\/www.1055.fr\/besancon\/contenu\/uploads\/2023\/10\/BESANCON_Logo_Marque_Bl-48x25.png 48w, https:\/\/www.1055.fr\/besancon\/contenu\/uploads\/2023\/10\/BESANCON_Logo_Marque_Bl.png 1599w\" sizes=\"(max-width: 767px) 89vw, (max-width: 1000px) 54vw, (max-width: 1071px) 543px, 580px\" \/><\/figure>\n<\/div>\n\n\n<p>Retrouvez le <strong>10 55<\/strong> <strong>7j\/7 sur 2 hectares<\/strong> : une marque, trois univers. Le 10 55, c&rsquo;est <strong>un parc de loisirs int\u00e9rieur, un parc ext\u00e9rieur<\/strong>, <strong><a href=\"https:\/\/www.labrasserie-1055.fr\/\">une brasserie <\/a>(la Brasserie du<img decoding=\"async\" sizes=\"(max-width: 29px) 100vw, 29px\" srcset=\"https:\/\/www.1055.fr\/lons-le-saunier\/contenu\/uploads\/2019\/01\/logo-page-2.png 120w, https:\/\/www.1055.fr\/lons-le-saunier\/contenu\/uploads\/2019\/01\/logo-page-2-18x24.png 18w, https:\/\/www.1055.fr\/lons-le-saunier\/contenu\/uploads\/2019\/01\/logo-page-2-27x36.png 27w, https:\/\/www.1055.fr\/lons-le-saunier\/contenu\/uploads\/2019\/01\/logo-page-2-36x48.png 36w\" width=\"29\" height=\"40\" class=\"alignnone wp-image-1076\" src=\"https:\/\/www.1055.fr\/lons-le-saunier\/contenu\/uploads\/2019\/01\/logo-page-2.png\" alt=\"\">)<\/strong>, et<strong> <a href=\"https:\/\/www.1055.fr\/besancon\/restaurant\/micro-brasserie\/\">une micro-brasserie <\/a><\/strong>dans un seul et m\u00eame lieu ! Toutes les occasions se transforment en v\u00e9ritable \u00e9v\u00e8nement au <strong>10 55 de Chalezeule Besan\u00e7on. Ne cherchez plus o\u00f9 sortir \u00e0 Besan\u00e7on, et venez au 10 55, v\u00e9ritable parc multi-loisirs ! <br><\/strong><\/p>\n\n\n\n<p>D\u00e9couvrez l&rsquo;espace de loisirs avec notre parc indoor et notre parc outdoor ! <a href=\"https:\/\/www.1055.fr\/besancon\/activites\/bowling-sortir-besancon\/\">18 pistes de bowling<\/a>, <a href=\"https:\/\/www.1055.fr\/besancon\/activites\/kid-park\/\">Kid Park (parc de jeux pour enfants) G\u00e9ant<\/a>, <a href=\"https:\/\/www.1055.fr\/besancon\/activites\/trampoline-park-besancon\/\">Trampoline Park<\/a>, <a href=\"https:\/\/www.1055.fr\/besancon\/activites\/realite-virtuelle-besancon\/\">R\u00e9alit\u00e9 Virtuelle<\/a>, <a href=\"https:\/\/www.1055.fr\/besancon\/activites\/tactic-room\/\">Tac-Tic Room,<\/a> <a href=\"https:\/\/www.1055.fr\/besancon\/activites\/laser-game\/\">Laser Game<\/a>, <a href=\"https:\/\/www.1055.fr\/besancon\/activites\/salle-de-jeux\/\">Salle de jeux<\/a>, <a href=\"https:\/\/www.1055.fr\/besancon\/activites\/parcours-filet\/\">Parcours Aventure,<\/a> <a href=\"https:\/\/www.1055.fr\/besancon\/activites-outdoor\/accrobranche\/\">Accrobranche<\/a>, <a href=\"https:\/\/www.1055.fr\/besancon\/activites-outdoor\/accro-spider\/\">Accrospider<\/a>, <a href=\"https:\/\/www.1055.fr\/besancon\/activites-outdoor\/kart-a-pedales\/\">Kart \u00e0 p\u00e9dales<\/a>&#8230;&nbsp; Petits et grands trouveront leur bonheur parmi ce <strong>large choix d\u2019activit\u00e9s ! Envie de loisirs et de d\u00e9tente ? C&rsquo;est simple : il faut sortir au 10 55 de Besan\u00e7on. <br><\/strong><\/p>\n\n\n\n<p><strong>Notre restaurant, La Brasserie du<img decoding=\"async\" sizes=\"(max-width: 29px) 100vw, 29px\" srcset=\"https:\/\/www.1055.fr\/lons-le-saunier\/contenu\/uploads\/2019\/01\/logo-page-2.png 120w, https:\/\/www.1055.fr\/lons-le-saunier\/contenu\/uploads\/2019\/01\/logo-page-2-18x24.png 18w, https:\/\/www.1055.fr\/lons-le-saunier\/contenu\/uploads\/2019\/01\/logo-page-2-27x36.png 27w, https:\/\/www.1055.fr\/lons-le-saunier\/contenu\/uploads\/2019\/01\/logo-page-2-36x48.png 36w\" class=\"alignnone wp-image-1076\" src=\"https:\/\/www.1055.fr\/lons-le-saunier\/contenu\/uploads\/2019\/01\/logo-page-2.png\" alt=\"\" width=\"29\" height=\"40\">, est ouverte midi et soir<\/strong>. Nous vous proposons <strong>une cuisine de qualit\u00e9<\/strong> \u00e0 base essentiellement de<strong> produits frais et locaux<\/strong>, revisitant des <strong>classiques de notre gastronomie<\/strong> avec une petite touche r\u00e9gionale et des suggestions de saison.<\/p>\n\n\n\n<p>Enfin, d\u00e9couvrez<strong> La Micro-Brasserie<\/strong>. Notre brasserie artisanale, o\u00f9 nous fabriquons sur place notre propre bi\u00e8re. Notre bi\u00e8re brass\u00e9e et ferment\u00e9e dans d\u2019immenses cuves directement \u00e0 l\u2019int\u00e9rieur de notre restaurant.<\/p>\n\n\n\n<p>Au 10 55 de Besan\u00e7on Chalezeule, tout le monde y trouve son compte. Que vous soyez <strong>une entreprise<\/strong> en qu\u00eate de Team Building, <strong>un groupe d&rsquo;amis <\/strong>qui souhaite se d\u00e9tendre avec une partie de bowling, ou <strong>une famill<\/strong>e voulant passer un moment inoubliable en testant toutes nos activit\u00e9s, ce lieu est fait pour vous ! Vous saurez toujours <strong>o\u00f9 sortir \u00e0 Besan\u00e7on ! <\/strong><\/p>\n","protected":false},"excerpt":{"rendered":"<p>Retrouvez le 10 55 7j\/7 sur 2 hectares : une marque, trois univers. Le 10 55, c&rsquo;est un parc de &hellip;<\/p>\n","protected":false},"author":6,"featured_media":0,"parent":0,"menu_order":0,"comment_status":"closed","ping_status":"closed","template":"","meta":{"_acf_changed":false,"inline_featured_image":false,"footnotes":""},"class_list":["post-5","page","type-page","status-publish","hentry"],"acf":[],"yoast_head":"<!-- This site is optimized with the Yoast SEO Premium plugin v24.7 (Yoast SEO v24.7) - https:\/\/yoast.com\/wordpress\/plugins\/seo\/ -->\n<title>Sortir \u00e0 Besan\u00e7on - Complexe de Loisirs 10.55 - Ouvert 7\/7j<\/title>\n<meta name=\"description\" content=\"Sortir \u00e0 Besan\u00e7on : Parc Indoor et Parc Outdoor, Restaurant, Micro-brasserie : rendez-vous au 10.55, dans notre immense complexe de Loisirs !\" \/>\n<meta name=\"robots\" content=\"index, follow, max-snippet:-1, max-image-preview:large, max-video-preview:-1\" \/>\n<link rel=\"canonical\" href=\"https:\/\/www.1055.fr\/besancon\/\" \/>\n<meta property=\"og:locale\" content=\"fr_FR\" \/>\n<meta property=\"og:type\" content=\"article\" \/>\n<meta property=\"og:title\" content=\"10.55 Complexe de Loisirs &amp; Restaurant - Sortir \u00e0 Besan\u00e7on\" \/>\n<meta property=\"og:description\" content=\"Parc Indoor et Outdoor, Restaurant et bi\u00e8res artisanales brass\u00e9es sur place.\" \/>\n<meta property=\"og:url\" content=\"https:\/\/www.1055.fr\/besancon\/\" \/>\n<meta property=\"article:modified_time\" content=\"2026-03-18T08:52:09+00:00\" \/>\n<meta property=\"og:image\" content=\"https:\/\/www.1055.fr\/besancon\/contenu\/uploads\/2023\/04\/BOWLING-6-1-1024x683.jpg\" \/>\n\t<meta property=\"og:image:width\" content=\"1024\" \/>\n\t<meta property=\"og:image:height\" content=\"683\" \/>\n\t<meta property=\"og:image:type\" content=\"image\/jpeg\" \/>\n<meta name=\"twitter:card\" content=\"summary_large_image\" \/>\n<meta name=\"twitter:title\" content=\"Accueil\" \/>\n<meta name=\"twitter:label1\" content=\"Dur\u00e9e de lecture estim\u00e9e\" \/>\n\t<meta name=\"twitter:data1\" content=\"2 minutes\" \/>\n<script type=\"application\/ld+json\" class=\"yoast-schema-graph\">{\"@context\":\"https:\/\/schema.org\",\"@graph\":[{\"@type\":\"WebPage\",\"@id\":\"https:\/\/www.1055.fr\/besancon\/\",\"url\":\"https:\/\/www.1055.fr\/besancon\/\",\"name\":\"Sortir \u00e0 Besan\u00e7on - Complexe de Loisirs 10.55 - Ouvert 7\/7j\",\"isPartOf\":{\"@id\":\"https:\/\/www.1055.fr\/besancon\/#website\"},\"primaryImageOfPage\":{\"@id\":\"https:\/\/www.1055.fr\/besancon\/#primaryimage\"},\"image\":{\"@id\":\"https:\/\/www.1055.fr\/besancon\/#primaryimage\"},\"thumbnailUrl\":\"https:\/\/www.1055.fr\/besancon\/contenu\/uploads\/2023\/10\/BESANCON_Logo_Marque_Bl-1024x537.png\",\"datePublished\":\"2020-01-22T20:59:14+00:00\",\"dateModified\":\"2026-03-18T08:52:09+00:00\",\"description\":\"Sortir \u00e0 Besan\u00e7on : Parc Indoor et Parc Outdoor, Restaurant, Micro-brasserie : rendez-vous au 10.55, dans notre immense complexe de Loisirs !\",\"breadcrumb\":{\"@id\":\"https:\/\/www.1055.fr\/besancon\/#breadcrumb\"},\"inLanguage\":\"fr-FR\",\"potentialAction\":[{\"@type\":\"ReadAction\",\"target\":[\"https:\/\/www.1055.fr\/besancon\/\"]}]},{\"@type\":\"ImageObject\",\"inLanguage\":\"fr-FR\",\"@id\":\"https:\/\/www.1055.fr\/besancon\/#primaryimage\",\"url\":\"https:\/\/www.1055.fr\/besancon\/contenu\/uploads\/2023\/10\/BESANCON_Logo_Marque_Bl.png\",\"contentUrl\":\"https:\/\/www.1055.fr\/besancon\/contenu\/uploads\/2023\/10\/BESANCON_Logo_Marque_Bl.png\",\"width\":1599,\"height\":838},{\"@type\":\"BreadcrumbList\",\"@id\":\"https:\/\/www.1055.fr\/besancon\/#breadcrumb\",\"itemListElement\":[{\"@type\":\"ListItem\",\"position\":1,\"name\":\"Home\",\"item\":\"https:\/\/www.1055.fr\/besancon\/\"},{\"@type\":\"ListItem\",\"position\":2,\"name\":\"Accueil\"}]},{\"@type\":\"WebSite\",\"@id\":\"https:\/\/www.1055.fr\/besancon\/#website\",\"url\":\"https:\/\/www.1055.fr\/besancon\/\",\"name\":\"\",\"description\":\"\",\"publisher\":{\"@id\":\"https:\/\/www.1055.fr\/besancon\/#organization\"},\"potentialAction\":[{\"@type\":\"SearchAction\",\"target\":{\"@type\":\"EntryPoint\",\"urlTemplate\":\"https:\/\/www.1055.fr\/besancon\/?s={search_term_string}\"},\"query-input\":{\"@type\":\"PropertyValueSpecification\",\"valueRequired\":true,\"valueName\":\"search_term_string\"}}],\"inLanguage\":\"fr-FR\"},{\"@type\":\"Organization\",\"@id\":\"https:\/\/www.1055.fr\/besancon\/#organization\",\"name\":\"1055 Besan\u00e7on\",\"url\":\"https:\/\/www.1055.fr\/besancon\/\",\"logo\":{\"@type\":\"ImageObject\",\"inLanguage\":\"fr-FR\",\"@id\":\"https:\/\/www.1055.fr\/besancon\/#\/schema\/logo\/image\/\",\"url\":\"https:\/\/www.1055.fr\/besancon\/contenu\/uploads\/2021\/04\/logo-page-2-1.png\",\"contentUrl\":\"https:\/\/www.1055.fr\/besancon\/contenu\/uploads\/2021\/04\/logo-page-2-1.png\",\"width\":120,\"height\":162,\"caption\":\"1055 Besan\u00e7on\"},\"image\":{\"@id\":\"https:\/\/www.1055.fr\/besancon\/#\/schema\/logo\/image\/\"}}]}<\/script>\n<!-- \/ Yoast SEO Premium plugin. -->","yoast_head_json":{"title":"Sortir \u00e0 Besan\u00e7on - Complexe de Loisirs 10.55 - Ouvert 7\/7j","description":"Sortir \u00e0 Besan\u00e7on : Parc Indoor et Parc Outdoor, Restaurant, Micro-brasserie : rendez-vous au 10.55, dans notre immense complexe de Loisirs !","robots":{"index":"index","follow":"follow","max-snippet":"max-snippet:-1","max-image-preview":"max-image-preview:large","max-video-preview":"max-video-preview:-1"},"canonical":"https:\/\/www.1055.fr\/besancon\/","og_locale":"fr_FR","og_type":"article","og_title":"10.55 Complexe de Loisirs & Restaurant - Sortir \u00e0 Besan\u00e7on","og_description":"Parc Indoor et Outdoor, Restaurant et bi\u00e8res artisanales brass\u00e9es sur place.","og_url":"https:\/\/www.1055.fr\/besancon\/","article_modified_time":"2026-03-18T08:52:09+00:00","og_image":[{"width":1024,"height":683,"url":"https:\/\/www.1055.fr\/besancon\/contenu\/uploads\/2023\/04\/BOWLING-6-1-1024x683.jpg","type":"image\/jpeg"}],"twitter_card":"summary_large_image","twitter_title":"Accueil","twitter_misc":{"Dur\u00e9e de lecture estim\u00e9e":"2 minutes"},"schema":{"@context":"https:\/\/schema.org","@graph":[{"@type":"WebPage","@id":"https:\/\/www.1055.fr\/besancon\/","url":"https:\/\/www.1055.fr\/besancon\/","name":"Sortir \u00e0 Besan\u00e7on - Complexe de Loisirs 10.55 - Ouvert 7\/7j","isPartOf":{"@id":"https:\/\/www.1055.fr\/besancon\/#website"},"primaryImageOfPage":{"@id":"https:\/\/www.1055.fr\/besancon\/#primaryimage"},"image":{"@id":"https:\/\/www.1055.fr\/besancon\/#primaryimage"},"thumbnailUrl":"https:\/\/www.1055.fr\/besancon\/contenu\/uploads\/2023\/10\/BESANCON_Logo_Marque_Bl-1024x537.png","datePublished":"2020-01-22T20:59:14+00:00","dateModified":"2026-03-18T08:52:09+00:00","description":"Sortir \u00e0 Besan\u00e7on : Parc Indoor et Parc Outdoor, Restaurant, Micro-brasserie : rendez-vous au 10.55, dans notre immense complexe de Loisirs !","breadcrumb":{"@id":"https:\/\/www.1055.fr\/besancon\/#breadcrumb"},"inLanguage":"fr-FR","potentialAction":[{"@type":"ReadAction","target":["https:\/\/www.1055.fr\/besancon\/"]}]},{"@type":"ImageObject","inLanguage":"fr-FR","@id":"https:\/\/www.1055.fr\/besancon\/#primaryimage","url":"https:\/\/www.1055.fr\/besancon\/contenu\/uploads\/2023\/10\/BESANCON_Logo_Marque_Bl.png","contentUrl":"https:\/\/www.1055.fr\/besancon\/contenu\/uploads\/2023\/10\/BESANCON_Logo_Marque_Bl.png","width":1599,"height":838},{"@type":"BreadcrumbList","@id":"https:\/\/www.1055.fr\/besancon\/#breadcrumb","itemListElement":[{"@type":"ListItem","position":1,"name":"Home","item":"https:\/\/www.1055.fr\/besancon\/"},{"@type":"ListItem","position":2,"name":"Accueil"}]},{"@type":"WebSite","@id":"https:\/\/www.1055.fr\/besancon\/#website","url":"https:\/\/www.1055.fr\/besancon\/","name":"","description":"","publisher":{"@id":"https:\/\/www.1055.fr\/besancon\/#organization"},"potentialAction":[{"@type":"SearchAction","target":{"@type":"EntryPoint","urlTemplate":"https:\/\/www.1055.fr\/besancon\/?s={search_term_string}"},"query-input":{"@type":"PropertyValueSpecification","valueRequired":true,"valueName":"search_term_string"}}],"inLanguage":"fr-FR"},{"@type":"Organization","@id":"https:\/\/www.1055.fr\/besancon\/#organization","name":"1055 Besan\u00e7on","url":"https:\/\/www.1055.fr\/besancon\/","logo":{"@type":"ImageObject","inLanguage":"fr-FR","@id":"https:\/\/www.1055.fr\/besancon\/#\/schema\/logo\/image\/","url":"https:\/\/www.1055.fr\/besancon\/contenu\/uploads\/2021\/04\/logo-page-2-1.png","contentUrl":"https:\/\/www.1055.fr\/besancon\/contenu\/uploads\/2021\/04\/logo-page-2-1.png","width":120,"height":162,"caption":"1055 Besan\u00e7on"},"image":{"@id":"https:\/\/www.1055.fr\/besancon\/#\/schema\/logo\/image\/"}}]}},"_links":{"self":[{"href":"https:\/\/www.1055.fr\/besancon\/wp-json\/wp\/v2\/pages\/5","targetHints":{"allow":["GET"]}}],"collection":[{"href":"https:\/\/www.1055.fr\/besancon\/wp-json\/wp\/v2\/pages"}],"about":[{"href":"https:\/\/www.1055.fr\/besancon\/wp-json\/wp\/v2\/types\/page"}],"author":[{"embeddable":true,"href":"https:\/\/www.1055.fr\/besancon\/wp-json\/wp\/v2\/users\/6"}],"replies":[{"embeddable":true,"href":"https:\/\/www.1055.fr\/besancon\/wp-json\/wp\/v2\/comments?post=5"}],"version-history":[{"count":2,"href":"https:\/\/www.1055.fr\/besancon\/wp-json\/wp\/v2\/pages\/5\/revisions"}],"predecessor-version":[{"id":7094,"href":"https:\/\/www.1055.fr\/besancon\/wp-json\/wp\/v2\/pages\/5\/revisions\/7094"}],"wp:attachment":[{"href":"https:\/\/www.1055.fr\/besancon\/wp-json\/wp\/v2\/media?parent=5"}],"curies":[{"name":"wp","href":"https:\/\/api.w.org\/{rel}","templated":true}]}}