{"id":365,"date":"2021-05-11T11:10:10","date_gmt":"2021-05-11T09:10:10","guid":{"rendered":"https:\/\/www.1055.fr\/besancon\/?page_id=365"},"modified":"2024-10-31T11:43:59","modified_gmt":"2024-10-31T10:43:59","slug":"centre-de-loisirs","status":"publish","type":"page","link":"https:\/\/www.1055.fr\/besancon\/groupes\/centre-de-loisirs\/","title":{"rendered":"Centre de Loisirs et \u00e9coles"},"content":{"rendered":"<div class=\"entry-content\">\n<h2>20 000m\u00b2 de jeux et loisirs \u00e0 Chalezeule\/Besan\u00e7on \u00e0 disposition dans votre centre !<\/h2>\n<p><img decoding=\"async\" class=\"wp-image-313 aligncenter\" src=\"https:\/\/www.1055.fr\/besancon\/contenu\/uploads\/2021\/05\/PICTO-ESPACE-LOISIRS1055-283x300.jpg\" alt=\"\" width=\"151\" height=\"160\" srcset=\"https:\/\/www.1055.fr\/besancon\/contenu\/uploads\/2021\/05\/PICTO-ESPACE-LOISIRS1055-283x300.jpg 283w, https:\/\/www.1055.fr\/besancon\/contenu\/uploads\/2021\/05\/PICTO-ESPACE-LOISIRS1055-965x1024.jpg 965w, https:\/\/www.1055.fr\/besancon\/contenu\/uploads\/2021\/05\/PICTO-ESPACE-LOISIRS1055-768x815.jpg 768w, https:\/\/www.1055.fr\/besancon\/contenu\/uploads\/2021\/05\/PICTO-ESPACE-LOISIRS1055-24x24.jpg 24w, https:\/\/www.1055.fr\/besancon\/contenu\/uploads\/2021\/05\/PICTO-ESPACE-LOISIRS1055-34x36.jpg 34w, https:\/\/www.1055.fr\/besancon\/contenu\/uploads\/2021\/05\/PICTO-ESPACE-LOISIRS1055-45x48.jpg 45w, https:\/\/www.1055.fr\/besancon\/contenu\/uploads\/2021\/05\/PICTO-ESPACE-LOISIRS1055.jpg 1299w\" sizes=\"(max-width: 151px) 100vw, 151px\" \/><\/p>\n<p><strong>Centres de loisirs, \u00e9coles,<\/strong> proposez toute l\u2019ann\u00e9e une <strong>offre de loisirs qualitative<\/strong>, <strong>ludique et festive<\/strong> \u00e0 associer pourquoi pas \u00e0<strong> un repas<\/strong> ou <strong>un go\u00fbter au 1055 !\u00a0<\/strong><\/p>\n<p><strong>Notre large choix d\u2019activit\u00e9s<\/strong> nous permet d\u2019offrir une r\u00e9ponse satisfaisante aux besoins de <strong>tous les \u00e2ges.\u00a0<\/strong>Pour les plus petits, le <a href=\"https:\/\/www.1055.fr\/lons-le-saunier\/activites\/kid-park-geant-anniversaire-enfant-jura\/\"><strong>Kid Park <\/strong><\/a>est\u00a0enti\u00e8rement d\u00e9di\u00e9 aux enfants dans <strong>une ambiance lumineuse et color\u00e9e<\/strong>.\u00a0 Au 1055, vous avez l\u2019assurance de passer <strong>un moment f\u00e9d\u00e9rateur et convivial.<\/strong><\/p>\n<p><a href=\"https:\/\/cloud.groupe.1055.fr\/professionnels-contactez-nous\"><strong>Contactez-nous<\/strong><\/a> pour toute demande, nous avons \u00e0 c\u0153ur de recevoir les groupes dans les meilleures conditions, c\u2019est pourquoi il convient de pr\u00e9parer ensemble votre venue comme il se doit ! <strong>Nous vous enverrons le bon de commande avec les tarifs sp\u00e9ciaux pour les centres de loisirs.<\/strong><\/p>\n<p><img decoding=\"async\" class=\"size-medium wp-image-369 aligncenter\" src=\"https:\/\/www.1055.fr\/besancon\/contenu\/uploads\/2021\/05\/menu-centreloisirs-300x300.jpg\" alt=\"\" width=\"300\" height=\"300\" srcset=\"https:\/\/www.1055.fr\/besancon\/contenu\/uploads\/2021\/05\/menu-centreloisirs-300x300.jpg 300w, https:\/\/www.1055.fr\/besancon\/contenu\/uploads\/2021\/05\/menu-centreloisirs-150x150.jpg 150w, https:\/\/www.1055.fr\/besancon\/contenu\/uploads\/2021\/05\/menu-centreloisirs-246x246.jpg 246w, https:\/\/www.1055.fr\/besancon\/contenu\/uploads\/2021\/05\/menu-centreloisirs-100x100.jpg 100w, https:\/\/www.1055.fr\/besancon\/contenu\/uploads\/2021\/05\/menu-centreloisirs-24x24.jpg 24w, https:\/\/www.1055.fr\/besancon\/contenu\/uploads\/2021\/05\/menu-centreloisirs-36x36.jpg 36w, https:\/\/www.1055.fr\/besancon\/contenu\/uploads\/2021\/05\/menu-centreloisirs-48x48.jpg 48w, https:\/\/www.1055.fr\/besancon\/contenu\/uploads\/2021\/05\/menu-centreloisirs.jpg 320w\" sizes=\"(max-width: 300px) 100vw, 300px\" \/><\/p>\n<\/div>\n","protected":false},"excerpt":{"rendered":"<p>20 000m\u00b2 de jeux et loisirs \u00e0 Chalezeule\/Besan\u00e7on \u00e0 disposition dans votre centre ! Centres de loisirs, \u00e9coles, proposez toute &hellip;<\/p>\n","protected":false},"author":10,"featured_media":368,"parent":184,"menu_order":0,"comment_status":"closed","ping_status":"closed","template":"page-activite.php","meta":{"_acf_changed":false,"inline_featured_image":false,"footnotes":""},"class_list":["post-365","page","type-page","status-publish","has-post-thumbnail","hentry"],"acf":[],"yoast_head":"<!-- This site is optimized with the Yoast SEO Premium plugin v24.7 (Yoast SEO v24.7) - https:\/\/yoast.com\/wordpress\/plugins\/seo\/ -->\n<title>Centre de Loisirs et \u00e9coles<\/title>\n<meta name=\"robots\" content=\"index, follow, max-snippet:-1, max-image-preview:large, max-video-preview:-1\" \/>\n<link rel=\"canonical\" href=\"https:\/\/www.1055.fr\/besancon\/groupes\/centre-de-loisirs\/\" \/>\n<meta property=\"og:locale\" content=\"fr_FR\" \/>\n<meta property=\"og:type\" content=\"article\" \/>\n<meta property=\"og:title\" content=\"Centre de Loisirs et \u00e9coles\" \/>\n<meta property=\"og:description\" content=\"20 000m\u00b2 de jeux et loisirs \u00e0 Chalezeule\/Besan\u00e7on \u00e0 disposition dans votre centre ! Centres de loisirs, \u00e9coles, proposez toute &hellip;\" \/>\n<meta property=\"og:url\" content=\"https:\/\/www.1055.fr\/besancon\/groupes\/centre-de-loisirs\/\" \/>\n<meta property=\"article:modified_time\" content=\"2024-10-31T10:43:59+00:00\" \/>\n<meta property=\"og:image\" content=\"https:\/\/www.1055.fr\/besancon\/contenu\/uploads\/2021\/05\/banniereminigolf.jpg\" \/>\n\t<meta property=\"og:image:width\" content=\"1024\" \/>\n\t<meta property=\"og:image:height\" content=\"205\" \/>\n\t<meta property=\"og:image:type\" content=\"image\/jpeg\" \/>\n<meta name=\"twitter:card\" content=\"summary_large_image\" \/>\n<meta name=\"twitter:label1\" content=\"Dur\u00e9e de lecture estim\u00e9e\" \/>\n\t<meta name=\"twitter:data1\" content=\"2 minutes\" \/>\n<script type=\"application\/ld+json\" class=\"yoast-schema-graph\">{\"@context\":\"https:\/\/schema.org\",\"@graph\":[{\"@type\":\"WebPage\",\"@id\":\"https:\/\/www.1055.fr\/besancon\/groupes\/centre-de-loisirs\/\",\"url\":\"https:\/\/www.1055.fr\/besancon\/groupes\/centre-de-loisirs\/\",\"name\":\"Centre de Loisirs et \u00e9coles\",\"isPartOf\":{\"@id\":\"https:\/\/www.1055.fr\/besancon\/#website\"},\"primaryImageOfPage\":{\"@id\":\"https:\/\/www.1055.fr\/besancon\/groupes\/centre-de-loisirs\/#primaryimage\"},\"image\":{\"@id\":\"https:\/\/www.1055.fr\/besancon\/groupes\/centre-de-loisirs\/#primaryimage\"},\"thumbnailUrl\":\"https:\/\/www.1055.fr\/besancon\/contenu\/uploads\/2021\/05\/banniereminigolf.jpg\",\"datePublished\":\"2021-05-11T09:10:10+00:00\",\"dateModified\":\"2024-10-31T10:43:59+00:00\",\"breadcrumb\":{\"@id\":\"https:\/\/www.1055.fr\/besancon\/groupes\/centre-de-loisirs\/#breadcrumb\"},\"inLanguage\":\"fr-FR\",\"potentialAction\":[{\"@type\":\"ReadAction\",\"target\":[\"https:\/\/www.1055.fr\/besancon\/groupes\/centre-de-loisirs\/\"]}]},{\"@type\":\"ImageObject\",\"inLanguage\":\"fr-FR\",\"@id\":\"https:\/\/www.1055.fr\/besancon\/groupes\/centre-de-loisirs\/#primaryimage\",\"url\":\"https:\/\/www.1055.fr\/besancon\/contenu\/uploads\/2021\/05\/banniereminigolf.jpg\",\"contentUrl\":\"https:\/\/www.1055.fr\/besancon\/contenu\/uploads\/2021\/05\/banniereminigolf.jpg\",\"width\":1024,\"height\":205},{\"@type\":\"BreadcrumbList\",\"@id\":\"https:\/\/www.1055.fr\/besancon\/groupes\/centre-de-loisirs\/#breadcrumb\",\"itemListElement\":[{\"@type\":\"ListItem\",\"position\":1,\"name\":\"Home\",\"item\":\"https:\/\/www.1055.fr\/besancon\/\"},{\"@type\":\"ListItem\",\"position\":2,\"name\":\"Groupes\",\"item\":\"https:\/\/www.1055.fr\/besancon\/groupes\/\"},{\"@type\":\"ListItem\",\"position\":3,\"name\":\"Centre de Loisirs et \u00e9coles\"}]},{\"@type\":\"WebSite\",\"@id\":\"https:\/\/www.1055.fr\/besancon\/#website\",\"url\":\"https:\/\/www.1055.fr\/besancon\/\",\"name\":\"\",\"description\":\"\",\"publisher\":{\"@id\":\"https:\/\/www.1055.fr\/besancon\/#organization\"},\"potentialAction\":[{\"@type\":\"SearchAction\",\"target\":{\"@type\":\"EntryPoint\",\"urlTemplate\":\"https:\/\/www.1055.fr\/besancon\/?s={search_term_string}\"},\"query-input\":{\"@type\":\"PropertyValueSpecification\",\"valueRequired\":true,\"valueName\":\"search_term_string\"}}],\"inLanguage\":\"fr-FR\"},{\"@type\":\"Organization\",\"@id\":\"https:\/\/www.1055.fr\/besancon\/#organization\",\"name\":\"1055 Besan\u00e7on\",\"url\":\"https:\/\/www.1055.fr\/besancon\/\",\"logo\":{\"@type\":\"ImageObject\",\"inLanguage\":\"fr-FR\",\"@id\":\"https:\/\/www.1055.fr\/besancon\/#\/schema\/logo\/image\/\",\"url\":\"https:\/\/www.1055.fr\/besancon\/contenu\/uploads\/2021\/04\/logo-page-2-1.png\",\"contentUrl\":\"https:\/\/www.1055.fr\/besancon\/contenu\/uploads\/2021\/04\/logo-page-2-1.png\",\"width\":120,\"height\":162,\"caption\":\"1055 Besan\u00e7on\"},\"image\":{\"@id\":\"https:\/\/www.1055.fr\/besancon\/#\/schema\/logo\/image\/\"}}]}<\/script>\n<!-- \/ Yoast SEO Premium plugin. -->","yoast_head_json":{"title":"Centre de Loisirs et \u00e9coles","robots":{"index":"index","follow":"follow","max-snippet":"max-snippet:-1","max-image-preview":"max-image-preview:large","max-video-preview":"max-video-preview:-1"},"canonical":"https:\/\/www.1055.fr\/besancon\/groupes\/centre-de-loisirs\/","og_locale":"fr_FR","og_type":"article","og_title":"Centre de Loisirs et \u00e9coles","og_description":"20 000m\u00b2 de jeux et loisirs \u00e0 Chalezeule\/Besan\u00e7on \u00e0 disposition dans votre centre ! Centres de loisirs, \u00e9coles, proposez toute &hellip;","og_url":"https:\/\/www.1055.fr\/besancon\/groupes\/centre-de-loisirs\/","article_modified_time":"2024-10-31T10:43:59+00:00","og_image":[{"width":1024,"height":205,"url":"https:\/\/www.1055.fr\/besancon\/contenu\/uploads\/2021\/05\/banniereminigolf.jpg","type":"image\/jpeg"}],"twitter_card":"summary_large_image","twitter_misc":{"Dur\u00e9e de lecture estim\u00e9e":"2 minutes"},"schema":{"@context":"https:\/\/schema.org","@graph":[{"@type":"WebPage","@id":"https:\/\/www.1055.fr\/besancon\/groupes\/centre-de-loisirs\/","url":"https:\/\/www.1055.fr\/besancon\/groupes\/centre-de-loisirs\/","name":"Centre de Loisirs et \u00e9coles","isPartOf":{"@id":"https:\/\/www.1055.fr\/besancon\/#website"},"primaryImageOfPage":{"@id":"https:\/\/www.1055.fr\/besancon\/groupes\/centre-de-loisirs\/#primaryimage"},"image":{"@id":"https:\/\/www.1055.fr\/besancon\/groupes\/centre-de-loisirs\/#primaryimage"},"thumbnailUrl":"https:\/\/www.1055.fr\/besancon\/contenu\/uploads\/2021\/05\/banniereminigolf.jpg","datePublished":"2021-05-11T09:10:10+00:00","dateModified":"2024-10-31T10:43:59+00:00","breadcrumb":{"@id":"https:\/\/www.1055.fr\/besancon\/groupes\/centre-de-loisirs\/#breadcrumb"},"inLanguage":"fr-FR","potentialAction":[{"@type":"ReadAction","target":["https:\/\/www.1055.fr\/besancon\/groupes\/centre-de-loisirs\/"]}]},{"@type":"ImageObject","inLanguage":"fr-FR","@id":"https:\/\/www.1055.fr\/besancon\/groupes\/centre-de-loisirs\/#primaryimage","url":"https:\/\/www.1055.fr\/besancon\/contenu\/uploads\/2021\/05\/banniereminigolf.jpg","contentUrl":"https:\/\/www.1055.fr\/besancon\/contenu\/uploads\/2021\/05\/banniereminigolf.jpg","width":1024,"height":205},{"@type":"BreadcrumbList","@id":"https:\/\/www.1055.fr\/besancon\/groupes\/centre-de-loisirs\/#breadcrumb","itemListElement":[{"@type":"ListItem","position":1,"name":"Home","item":"https:\/\/www.1055.fr\/besancon\/"},{"@type":"ListItem","position":2,"name":"Groupes","item":"https:\/\/www.1055.fr\/besancon\/groupes\/"},{"@type":"ListItem","position":3,"name":"Centre de Loisirs et \u00e9coles"}]},{"@type":"WebSite","@id":"https:\/\/www.1055.fr\/besancon\/#website","url":"https:\/\/www.1055.fr\/besancon\/","name":"","description":"","publisher":{"@id":"https:\/\/www.1055.fr\/besancon\/#organization"},"potentialAction":[{"@type":"SearchAction","target":{"@type":"EntryPoint","urlTemplate":"https:\/\/www.1055.fr\/besancon\/?s={search_term_string}"},"query-input":{"@type":"PropertyValueSpecification","valueRequired":true,"valueName":"search_term_string"}}],"inLanguage":"fr-FR"},{"@type":"Organization","@id":"https:\/\/www.1055.fr\/besancon\/#organization","name":"1055 Besan\u00e7on","url":"https:\/\/www.1055.fr\/besancon\/","logo":{"@type":"ImageObject","inLanguage":"fr-FR","@id":"https:\/\/www.1055.fr\/besancon\/#\/schema\/logo\/image\/","url":"https:\/\/www.1055.fr\/besancon\/contenu\/uploads\/2021\/04\/logo-page-2-1.png","contentUrl":"https:\/\/www.1055.fr\/besancon\/contenu\/uploads\/2021\/04\/logo-page-2-1.png","width":120,"height":162,"caption":"1055 Besan\u00e7on"},"image":{"@id":"https:\/\/www.1055.fr\/besancon\/#\/schema\/logo\/image\/"}}]}},"_links":{"self":[{"href":"https:\/\/www.1055.fr\/besancon\/wp-json\/wp\/v2\/pages\/365","targetHints":{"allow":["GET"]}}],"collection":[{"href":"https:\/\/www.1055.fr\/besancon\/wp-json\/wp\/v2\/pages"}],"about":[{"href":"https:\/\/www.1055.fr\/besancon\/wp-json\/wp\/v2\/types\/page"}],"author":[{"embeddable":true,"href":"https:\/\/www.1055.fr\/besancon\/wp-json\/wp\/v2\/users\/10"}],"replies":[{"embeddable":true,"href":"https:\/\/www.1055.fr\/besancon\/wp-json\/wp\/v2\/comments?post=365"}],"version-history":[{"count":2,"href":"https:\/\/www.1055.fr\/besancon\/wp-json\/wp\/v2\/pages\/365\/revisions"}],"predecessor-version":[{"id":5752,"href":"https:\/\/www.1055.fr\/besancon\/wp-json\/wp\/v2\/pages\/365\/revisions\/5752"}],"up":[{"embeddable":true,"href":"https:\/\/www.1055.fr\/besancon\/wp-json\/wp\/v2\/pages\/184"}],"wp:featuredmedia":[{"embeddable":true,"href":"https:\/\/www.1055.fr\/besancon\/wp-json\/wp\/v2\/media\/368"}],"wp:attachment":[{"href":"https:\/\/www.1055.fr\/besancon\/wp-json\/wp\/v2\/media?parent=365"}],"curies":[{"name":"wp","href":"https:\/\/api.w.org\/{rel}","templated":true}]}}