{"id":176,"date":"2021-04-19T16:23:46","date_gmt":"2021-04-19T14:23:46","guid":{"rendered":"https:\/\/www.1055.fr\/besancon\/?page_id=176"},"modified":"2024-05-15T11:13:45","modified_gmt":"2024-05-15T09:13:45","slug":"laser-game","status":"publish","type":"page","link":"https:\/\/www.1055.fr\/besancon\/activites\/laser-game\/","title":{"rendered":"Laser Game"},"content":{"rendered":"<h2>Le Laser Game, qu\u2019est-ce que c\u2019est ?<\/h2>\n<p>Le laser game est u<strong>ne simulation de tir<\/strong> o\u00f9 les joueurs \u00e9quip\u00e9s de pistolets laser et de combinaisons \u00e0 capteurs s\u2019affrontent pour gagner un maximum de points.<\/p>\n<p><img decoding=\"async\" class=\"alignnone wp-image-1486\" src=\"https:\/\/www.1055.fr\/besancon\/contenu\/uploads\/2022\/10\/30-300x200.jpg\" alt=\"\" width=\"437\" height=\"291\" srcset=\"https:\/\/www.1055.fr\/besancon\/contenu\/uploads\/2022\/10\/30-300x200.jpg 300w, https:\/\/www.1055.fr\/besancon\/contenu\/uploads\/2022\/10\/30-1024x683.jpg 1024w, https:\/\/www.1055.fr\/besancon\/contenu\/uploads\/2022\/10\/30-768x512.jpg 768w, https:\/\/www.1055.fr\/besancon\/contenu\/uploads\/2022\/10\/30-1536x1024.jpg 1536w, https:\/\/www.1055.fr\/besancon\/contenu\/uploads\/2022\/10\/30-2048x1366.jpg 2048w, https:\/\/www.1055.fr\/besancon\/contenu\/uploads\/2022\/10\/30-24x16.jpg 24w, https:\/\/www.1055.fr\/besancon\/contenu\/uploads\/2022\/10\/30-36x24.jpg 36w, https:\/\/www.1055.fr\/besancon\/contenu\/uploads\/2022\/10\/30-48x32.jpg 48w\" sizes=\"(max-width: 437px) 100vw, 437px\" \/><\/p>\n<h2>Sortez du r\u00e9el et prenez part au combat !<\/h2>\n<p><strong>Equip\u00e9 d\u2019un gilet et d\u2019un pistolet laser<\/strong>, vous \u00e9voluez dans\u00a0un\u00a0<strong>labyrinthe de en lumi\u00e8re noire<\/strong> mettant en valeur le d\u00e9cor surr\u00e9aliste de notre <strong>Laser Game.<\/strong><\/p>\n<p>Avant votre \u00e9quipement, un film est projet\u00e9 dans la zone de briefing pour vous <strong>rappeler les r\u00e8gles de jeu et de s\u00e9curit\u00e9.<\/strong><\/p>\n<h2>En totale immersion !<\/h2>\n<p><strong>Vous sentez la tension monter ?<\/strong> Dans quelques secondes, vous ne serez plus vous-m\u00eame et seule votre strat\u00e9gie vous permettra de d\u00e9fier vos adversaires <strong>dans le plus grand\u00a0fair-play.<\/strong><\/p>\n<p><strong>La partie termin\u00e9e, vous d\u00e9couvrez vos points.<\/strong><\/p>\n<p><strong>Pas de joueurs\u00a0\u00e9limin\u00e9s en cours de jeu<\/strong>, le<strong> Laser Game<\/strong> reste <strong>un loisirs ludique<\/strong>\u00a0qui a pour but de vous<strong> divertir en se d\u00e9fiant en famille,<\/strong>\u00a0<strong>entre amis ou entre coll\u00e8gues !<\/strong><\/p>\n<p><strong>Nous conseillons le jeu \u00e0 partir de 7 ans.\u00a0<\/strong><\/p>\n<h2>Un jeu pour toutes les occasions<\/h2>\n<p>Vous f\u00eatez votre <a href=\"https:\/\/www.1055.fr\/besancon\/feter\/evjf-evg\/\"><strong>enterrement de vie de c\u00e9libataire<\/strong><\/a>, <a href=\"https:\/\/www.1055.fr\/besancon\/feter\/anniversaires\/\"><strong>l&rsquo;anniversaire de votre enfant,<\/strong><\/a> ou organisez un <a href=\"https:\/\/www.1055.fr\/besancon\/groupes\/entreprises-et-ce\/\"><strong>Team Bulding<\/strong><\/a>? Le Laser Game se pr\u00eate \u00e0 toutes les occasions ! Attention, \u00e7a donne soif, n&rsquo;h\u00e9sitez pas \u00e0 aller vous rafraichir dans notre <a href=\"https:\/\/www.1055.fr\/besancon\/restaurant\/micro-brasserie\/\"><strong>Micro-Brasserie<\/strong><\/a> apr\u00e8s une partie.<\/p>\n","protected":false},"excerpt":{"rendered":"<p>Le Laser Game, qu\u2019est-ce que c\u2019est ? Le laser game est une simulation de tir o\u00f9 les joueurs \u00e9quip\u00e9s de &hellip;<\/p>\n","protected":false},"author":2,"featured_media":326,"parent":164,"menu_order":5,"comment_status":"closed","ping_status":"closed","template":"page-activite.php","meta":{"_acf_changed":false,"inline_featured_image":false,"footnotes":""},"class_list":["post-176","page","type-page","status-publish","has-post-thumbnail","hentry"],"acf":[],"yoast_head":"<!-- This site is optimized with the Yoast SEO Premium plugin v24.7 (Yoast SEO v24.7) - https:\/\/yoast.com\/wordpress\/plugins\/seo\/ -->\n<title>Laser Game<\/title>\n<meta name=\"robots\" content=\"index, follow, max-snippet:-1, max-image-preview:large, max-video-preview:-1\" \/>\n<link rel=\"canonical\" href=\"https:\/\/www.1055.fr\/besancon\/activites\/laser-game\/\" \/>\n<meta property=\"og:locale\" content=\"fr_FR\" \/>\n<meta property=\"og:type\" content=\"article\" \/>\n<meta property=\"og:title\" content=\"Laser Game\" \/>\n<meta property=\"og:description\" content=\"Le Laser Game, qu\u2019est-ce que c\u2019est ? Le laser game est une simulation de tir o\u00f9 les joueurs \u00e9quip\u00e9s de &hellip;\" \/>\n<meta property=\"og:url\" content=\"https:\/\/www.1055.fr\/besancon\/activites\/laser-game\/\" \/>\n<meta property=\"article:modified_time\" content=\"2024-05-15T09:13:45+00:00\" \/>\n<meta property=\"og:image\" content=\"https:\/\/www.1055.fr\/besancon\/contenu\/uploads\/2021\/05\/2047_463642910368737_1526871681_n-e1536155155587-1024x205-1.jpg\" \/>\n\t<meta property=\"og:image:width\" content=\"1024\" \/>\n\t<meta property=\"og:image:height\" content=\"205\" \/>\n\t<meta property=\"og:image:type\" content=\"image\/jpeg\" \/>\n<meta name=\"twitter:card\" content=\"summary_large_image\" \/>\n<meta name=\"twitter:label1\" content=\"Dur\u00e9e de lecture estim\u00e9e\" \/>\n\t<meta name=\"twitter:data1\" content=\"2 minutes\" \/>\n<script type=\"application\/ld+json\" class=\"yoast-schema-graph\">{\"@context\":\"https:\/\/schema.org\",\"@graph\":[{\"@type\":\"WebPage\",\"@id\":\"https:\/\/www.1055.fr\/besancon\/activites\/laser-game\/\",\"url\":\"https:\/\/www.1055.fr\/besancon\/activites\/laser-game\/\",\"name\":\"Laser Game\",\"isPartOf\":{\"@id\":\"https:\/\/www.1055.fr\/besancon\/#website\"},\"primaryImageOfPage\":{\"@id\":\"https:\/\/www.1055.fr\/besancon\/activites\/laser-game\/#primaryimage\"},\"image\":{\"@id\":\"https:\/\/www.1055.fr\/besancon\/activites\/laser-game\/#primaryimage\"},\"thumbnailUrl\":\"https:\/\/www.1055.fr\/besancon\/contenu\/uploads\/2021\/05\/2047_463642910368737_1526871681_n-e1536155155587-1024x205-1.jpg\",\"datePublished\":\"2021-04-19T14:23:46+00:00\",\"dateModified\":\"2024-05-15T09:13:45+00:00\",\"breadcrumb\":{\"@id\":\"https:\/\/www.1055.fr\/besancon\/activites\/laser-game\/#breadcrumb\"},\"inLanguage\":\"fr-FR\",\"potentialAction\":[{\"@type\":\"ReadAction\",\"target\":[\"https:\/\/www.1055.fr\/besancon\/activites\/laser-game\/\"]}]},{\"@type\":\"ImageObject\",\"inLanguage\":\"fr-FR\",\"@id\":\"https:\/\/www.1055.fr\/besancon\/activites\/laser-game\/#primaryimage\",\"url\":\"https:\/\/www.1055.fr\/besancon\/contenu\/uploads\/2021\/05\/2047_463642910368737_1526871681_n-e1536155155587-1024x205-1.jpg\",\"contentUrl\":\"https:\/\/www.1055.fr\/besancon\/contenu\/uploads\/2021\/05\/2047_463642910368737_1526871681_n-e1536155155587-1024x205-1.jpg\",\"width\":1024,\"height\":205},{\"@type\":\"BreadcrumbList\",\"@id\":\"https:\/\/www.1055.fr\/besancon\/activites\/laser-game\/#breadcrumb\",\"itemListElement\":[{\"@type\":\"ListItem\",\"position\":1,\"name\":\"Home\",\"item\":\"https:\/\/www.1055.fr\/besancon\/\"},{\"@type\":\"ListItem\",\"position\":2,\"name\":\"Parc Indoor\",\"item\":\"https:\/\/www.1055.fr\/besancon\/activites\/\"},{\"@type\":\"ListItem\",\"position\":3,\"name\":\"Laser Game\"}]},{\"@type\":\"WebSite\",\"@id\":\"https:\/\/www.1055.fr\/besancon\/#website\",\"url\":\"https:\/\/www.1055.fr\/besancon\/\",\"name\":\"\",\"description\":\"\",\"publisher\":{\"@id\":\"https:\/\/www.1055.fr\/besancon\/#organization\"},\"potentialAction\":[{\"@type\":\"SearchAction\",\"target\":{\"@type\":\"EntryPoint\",\"urlTemplate\":\"https:\/\/www.1055.fr\/besancon\/?s={search_term_string}\"},\"query-input\":{\"@type\":\"PropertyValueSpecification\",\"valueRequired\":true,\"valueName\":\"search_term_string\"}}],\"inLanguage\":\"fr-FR\"},{\"@type\":\"Organization\",\"@id\":\"https:\/\/www.1055.fr\/besancon\/#organization\",\"name\":\"1055 Besan\u00e7on\",\"url\":\"https:\/\/www.1055.fr\/besancon\/\",\"logo\":{\"@type\":\"ImageObject\",\"inLanguage\":\"fr-FR\",\"@id\":\"https:\/\/www.1055.fr\/besancon\/#\/schema\/logo\/image\/\",\"url\":\"https:\/\/www.1055.fr\/besancon\/contenu\/uploads\/2021\/04\/logo-page-2-1.png\",\"contentUrl\":\"https:\/\/www.1055.fr\/besancon\/contenu\/uploads\/2021\/04\/logo-page-2-1.png\",\"width\":120,\"height\":162,\"caption\":\"1055 Besan\u00e7on\"},\"image\":{\"@id\":\"https:\/\/www.1055.fr\/besancon\/#\/schema\/logo\/image\/\"}}]}<\/script>\n<!-- \/ Yoast SEO Premium plugin. -->","yoast_head_json":{"title":"Laser Game","robots":{"index":"index","follow":"follow","max-snippet":"max-snippet:-1","max-image-preview":"max-image-preview:large","max-video-preview":"max-video-preview:-1"},"canonical":"https:\/\/www.1055.fr\/besancon\/activites\/laser-game\/","og_locale":"fr_FR","og_type":"article","og_title":"Laser Game","og_description":"Le Laser Game, qu\u2019est-ce que c\u2019est ? Le laser game est une simulation de tir o\u00f9 les joueurs \u00e9quip\u00e9s de &hellip;","og_url":"https:\/\/www.1055.fr\/besancon\/activites\/laser-game\/","article_modified_time":"2024-05-15T09:13:45+00:00","og_image":[{"width":1024,"height":205,"url":"https:\/\/www.1055.fr\/besancon\/contenu\/uploads\/2021\/05\/2047_463642910368737_1526871681_n-e1536155155587-1024x205-1.jpg","type":"image\/jpeg"}],"twitter_card":"summary_large_image","twitter_misc":{"Dur\u00e9e de lecture estim\u00e9e":"2 minutes"},"schema":{"@context":"https:\/\/schema.org","@graph":[{"@type":"WebPage","@id":"https:\/\/www.1055.fr\/besancon\/activites\/laser-game\/","url":"https:\/\/www.1055.fr\/besancon\/activites\/laser-game\/","name":"Laser Game","isPartOf":{"@id":"https:\/\/www.1055.fr\/besancon\/#website"},"primaryImageOfPage":{"@id":"https:\/\/www.1055.fr\/besancon\/activites\/laser-game\/#primaryimage"},"image":{"@id":"https:\/\/www.1055.fr\/besancon\/activites\/laser-game\/#primaryimage"},"thumbnailUrl":"https:\/\/www.1055.fr\/besancon\/contenu\/uploads\/2021\/05\/2047_463642910368737_1526871681_n-e1536155155587-1024x205-1.jpg","datePublished":"2021-04-19T14:23:46+00:00","dateModified":"2024-05-15T09:13:45+00:00","breadcrumb":{"@id":"https:\/\/www.1055.fr\/besancon\/activites\/laser-game\/#breadcrumb"},"inLanguage":"fr-FR","potentialAction":[{"@type":"ReadAction","target":["https:\/\/www.1055.fr\/besancon\/activites\/laser-game\/"]}]},{"@type":"ImageObject","inLanguage":"fr-FR","@id":"https:\/\/www.1055.fr\/besancon\/activites\/laser-game\/#primaryimage","url":"https:\/\/www.1055.fr\/besancon\/contenu\/uploads\/2021\/05\/2047_463642910368737_1526871681_n-e1536155155587-1024x205-1.jpg","contentUrl":"https:\/\/www.1055.fr\/besancon\/contenu\/uploads\/2021\/05\/2047_463642910368737_1526871681_n-e1536155155587-1024x205-1.jpg","width":1024,"height":205},{"@type":"BreadcrumbList","@id":"https:\/\/www.1055.fr\/besancon\/activites\/laser-game\/#breadcrumb","itemListElement":[{"@type":"ListItem","position":1,"name":"Home","item":"https:\/\/www.1055.fr\/besancon\/"},{"@type":"ListItem","position":2,"name":"Parc Indoor","item":"https:\/\/www.1055.fr\/besancon\/activites\/"},{"@type":"ListItem","position":3,"name":"Laser Game"}]},{"@type":"WebSite","@id":"https:\/\/www.1055.fr\/besancon\/#website","url":"https:\/\/www.1055.fr\/besancon\/","name":"","description":"","publisher":{"@id":"https:\/\/www.1055.fr\/besancon\/#organization"},"potentialAction":[{"@type":"SearchAction","target":{"@type":"EntryPoint","urlTemplate":"https:\/\/www.1055.fr\/besancon\/?s={search_term_string}"},"query-input":{"@type":"PropertyValueSpecification","valueRequired":true,"valueName":"search_term_string"}}],"inLanguage":"fr-FR"},{"@type":"Organization","@id":"https:\/\/www.1055.fr\/besancon\/#organization","name":"1055 Besan\u00e7on","url":"https:\/\/www.1055.fr\/besancon\/","logo":{"@type":"ImageObject","inLanguage":"fr-FR","@id":"https:\/\/www.1055.fr\/besancon\/#\/schema\/logo\/image\/","url":"https:\/\/www.1055.fr\/besancon\/contenu\/uploads\/2021\/04\/logo-page-2-1.png","contentUrl":"https:\/\/www.1055.fr\/besancon\/contenu\/uploads\/2021\/04\/logo-page-2-1.png","width":120,"height":162,"caption":"1055 Besan\u00e7on"},"image":{"@id":"https:\/\/www.1055.fr\/besancon\/#\/schema\/logo\/image\/"}}]}},"_links":{"self":[{"href":"https:\/\/www.1055.fr\/besancon\/wp-json\/wp\/v2\/pages\/176","targetHints":{"allow":["GET"]}}],"collection":[{"href":"https:\/\/www.1055.fr\/besancon\/wp-json\/wp\/v2\/pages"}],"about":[{"href":"https:\/\/www.1055.fr\/besancon\/wp-json\/wp\/v2\/types\/page"}],"author":[{"embeddable":true,"href":"https:\/\/www.1055.fr\/besancon\/wp-json\/wp\/v2\/users\/2"}],"replies":[{"embeddable":true,"href":"https:\/\/www.1055.fr\/besancon\/wp-json\/wp\/v2\/comments?post=176"}],"version-history":[{"count":2,"href":"https:\/\/www.1055.fr\/besancon\/wp-json\/wp\/v2\/pages\/176\/revisions"}],"predecessor-version":[{"id":4877,"href":"https:\/\/www.1055.fr\/besancon\/wp-json\/wp\/v2\/pages\/176\/revisions\/4877"}],"up":[{"embeddable":true,"href":"https:\/\/www.1055.fr\/besancon\/wp-json\/wp\/v2\/pages\/164"}],"wp:featuredmedia":[{"embeddable":true,"href":"https:\/\/www.1055.fr\/besancon\/wp-json\/wp\/v2\/media\/326"}],"wp:attachment":[{"href":"https:\/\/www.1055.fr\/besancon\/wp-json\/wp\/v2\/media?parent=176"}],"curies":[{"name":"wp","href":"https:\/\/api.w.org\/{rel}","templated":true}]}}