{"id":1464,"date":"2022-10-10T15:52:12","date_gmt":"2022-10-10T13:52:12","guid":{"rendered":"https:\/\/www.1055.fr\/besancon\/?page_id=1464"},"modified":"2024-05-15T11:12:23","modified_gmt":"2024-05-15T09:12:23","slug":"lance-de-haches-besancon","status":"publish","type":"page","link":"https:\/\/www.1055.fr\/besancon\/activites\/lance-de-haches-besancon\/","title":{"rendered":"Lancer de haches"},"content":{"rendered":"\n<h2 class=\"wp-block-heading\" id=\"h-le-lancer-de-haches-a-besancon-une-activite-originale-qui-defoule\"><span style=\"color: #ff0000;\">Le lancer de haches \u00e0 Besan\u00e7on : une activit\u00e9 originale qui d\u00e9foule<\/span><\/h2>\n\n\n\n<p><strong>Le lancer de haches <\/strong>\u00e0 Besan\u00e7on est une activit\u00e9 de loisirs originale qui fait de plus en plus d&rsquo;adeptes \u00e0 Besan\u00e7on. En effet, cette pratique, qui consiste \u00e0 lancer des haches sur des cibles en bois, est \u00e0 la fois amusante et  stimulante. Si vous cherchez <strong>une exp\u00e9rience insolite <\/strong>\u00e0 partager entre  amis ou en famille ou pour un <strong>team building<\/strong>, le lancer de haches \u00e0 Besan\u00e7on est une excellente  option.<\/p>\n\n\n\n<p id=\"tarifs-et-reservation\">Le lancer de haches \u00e0 Besan\u00e7on est disponible au 10.55 parmi une multitude d&rsquo;autres activit\u00e9s. <strong><a href=\"#tarifs-et-reservation\">Vous pouvez acc\u00e9der aux tarifs et \u00e0 la r\u00e9servation en cliquant ici <\/a><\/strong>ou juste \u00e0 droite \u2192 sur votre ordinateur. Alors n&rsquo;h\u00e9sitez plus, d\u00e9couvrez cette activit\u00e9 originale \u00e0 partager avec les personnes de votre choix. <\/p>\n\n\n\n<p>En conclusion, si vous cherchez<strong> un divertissement original<\/strong> et stimulant \u00e0 Besan\u00e7on, le lancer de haches est une activit\u00e9 \u00e0 ne pas manquer. Vous pourrez y d\u00e9couvrir une <strong>pratique insolite<\/strong> tout en passant un bon moment entre amis ou en famille. N&rsquo;h\u00e9sitez pas \u00e0 r\u00e9server une s\u00e9ance de lancer de haches de la ville et \u00e0 vivre une exp\u00e9rience unique !<\/p>\n\n\n\n<p>Venez vous d\u00e9fiez et challenger vos potes au lancer de haches. <strong>Cette activit\u00e9 est disponible \u00e0 l&rsquo;unit\u00e9 ou dans votre <a href=\"https:\/\/www.1055.fr\/besancon\/tarifs-et-bons-plans\/nos-pass\/\">Pass Or !<\/a><\/strong><\/p>\n\n\n\n<p>3 boxs sont disponibles pour jouer, 3 personnes par box, les r\u00e8gles du jeu affich\u00e9es devant vous, vous n&rsquo;avez plus qu&rsquo;\u00e0 lancer vos haches pour r\u00e9colter le maximum de points &#8230;<\/p>\n\n\n<div class=\"wp-block-image\">\n<figure class=\"aligncenter size-medium\"><img decoding=\"async\" width=\"300\" height=\"225\" src=\"https:\/\/www.1055.fr\/besancon\/contenu\/uploads\/2023\/02\/lancer-de-hache-300x225.jpg\" alt=\"lancer de haches \" class=\"wp-image-2370\" srcset=\"https:\/\/www.1055.fr\/besancon\/contenu\/uploads\/2023\/02\/lancer-de-hache-300x225.jpg 300w, https:\/\/www.1055.fr\/besancon\/contenu\/uploads\/2023\/02\/lancer-de-hache-1024x768.jpg 1024w, https:\/\/www.1055.fr\/besancon\/contenu\/uploads\/2023\/02\/lancer-de-hache-768x576.jpg 768w, https:\/\/www.1055.fr\/besancon\/contenu\/uploads\/2023\/02\/lancer-de-hache-1536x1152.jpg 1536w, https:\/\/www.1055.fr\/besancon\/contenu\/uploads\/2023\/02\/lancer-de-hache-24x18.jpg 24w, https:\/\/www.1055.fr\/besancon\/contenu\/uploads\/2023\/02\/lancer-de-hache-36x27.jpg 36w, https:\/\/www.1055.fr\/besancon\/contenu\/uploads\/2023\/02\/lancer-de-hache-48x36.jpg 48w, https:\/\/www.1055.fr\/besancon\/contenu\/uploads\/2023\/02\/lancer-de-hache.jpg 2048w\" sizes=\"(max-width: 300px) 100vw, 300px\" \/><\/figure>\n<\/div>\n\n\n<p>Vous voulez vous amuser toujours plus ? Alors d\u00e9couvrez le reste de <a href=\"https:\/\/www.1055.fr\/besancon\/\">notre parc en cliquant ici.<\/a><br>Lancer des haches, \u00e7a peut donner faim ! N&rsquo;h\u00e9sitez pas \u00e0 r\u00e9server une table dans notre restaurant <a href=\"https:\/\/www.labrasserie-1055.fr\/reservation-table-restaurant\/besancon-chalezeule\/\">en cliquant ici<\/a><\/p>\n\n\n\n<p><strong>Pour plus de challenges, des r\u00e8gles suppl\u00e9mentaires sont disponibles sur place<\/strong><\/p>\n\n\n\n<p><a href=\"https:\/\/www.1055.fr\/besancon\/contenu\/uploads\/2023\/02\/REGLEMENT-LANCER-DE-HACHE.pdf\"><strong>T\u00e9l\u00e9charger le r\u00e8glement<\/strong> <\/a><\/p>\n\n\n\n<hr class=\"wp-block-separator has-alpha-channel-opacity\"\/>\n\n\n\n<ul class=\"wp-block-social-links has-visible-labels is-style-pill-shape is-layout-flex wp-block-social-links-is-layout-flex\"><li class=\"wp-social-link wp-social-link-facebook  wp-block-social-link\"><a rel=\"noopener nofollow\" target=\"_blank\" href=\"https:\/\/www.facebook.com\/1055besanconchalezeule\" class=\"wp-block-social-link-anchor\"><svg width=\"24\" height=\"24\" viewBox=\"0 0 24 24\" version=\"1.1\" xmlns=\"http:\/\/www.w3.org\/2000\/svg\" aria-hidden=\"true\" focusable=\"false\"><path d=\"M12 2C6.5 2 2 6.5 2 12c0 5 3.7 9.1 8.4 9.9v-7H7.9V12h2.5V9.8c0-2.5 1.5-3.9 3.8-3.9 1.1 0 2.2.2 2.2.2v2.5h-1.3c-1.2 0-1.6.8-1.6 1.6V12h2.8l-.4 2.9h-2.3v7C18.3 21.1 22 17 22 12c0-5.5-4.5-10-10-10z\"><\/path><\/svg><span class=\"wp-block-social-link-label\">Facebook<\/span><\/a><\/li>\n\n<li class=\"wp-social-link wp-social-link-instagram  wp-block-social-link\"><a rel=\"noopener nofollow\" target=\"_blank\" href=\"https:\/\/www.instagram.com\/stories\/1055.besancon\/3083500758809880494\/\" class=\"wp-block-social-link-anchor\"><svg width=\"24\" height=\"24\" viewBox=\"0 0 24 24\" version=\"1.1\" xmlns=\"http:\/\/www.w3.org\/2000\/svg\" aria-hidden=\"true\" focusable=\"false\"><path d=\"M12,4.622c2.403,0,2.688,0.009,3.637,0.052c0.877,0.04,1.354,0.187,1.671,0.31c0.42,0.163,0.72,0.358,1.035,0.673 c0.315,0.315,0.51,0.615,0.673,1.035c0.123,0.317,0.27,0.794,0.31,1.671c0.043,0.949,0.052,1.234,0.052,3.637 s-0.009,2.688-0.052,3.637c-0.04,0.877-0.187,1.354-0.31,1.671c-0.163,0.42-0.358,0.72-0.673,1.035 c-0.315,0.315-0.615,0.51-1.035,0.673c-0.317,0.123-0.794,0.27-1.671,0.31c-0.949,0.043-1.233,0.052-3.637,0.052 s-2.688-0.009-3.637-0.052c-0.877-0.04-1.354-0.187-1.671-0.31c-0.42-0.163-0.72-0.358-1.035-0.673 c-0.315-0.315-0.51-0.615-0.673-1.035c-0.123-0.317-0.27-0.794-0.31-1.671C4.631,14.688,4.622,14.403,4.622,12 s0.009-2.688,0.052-3.637c0.04-0.877,0.187-1.354,0.31-1.671c0.163-0.42,0.358-0.72,0.673-1.035 c0.315-0.315,0.615-0.51,1.035-0.673c0.317-0.123,0.794-0.27,1.671-0.31C9.312,4.631,9.597,4.622,12,4.622 M12,3 C9.556,3,9.249,3.01,8.289,3.054C7.331,3.098,6.677,3.25,6.105,3.472C5.513,3.702,5.011,4.01,4.511,4.511 c-0.5,0.5-0.808,1.002-1.038,1.594C3.25,6.677,3.098,7.331,3.054,8.289C3.01,9.249,3,9.556,3,12c0,2.444,0.01,2.751,0.054,3.711 c0.044,0.958,0.196,1.612,0.418,2.185c0.23,0.592,0.538,1.094,1.038,1.594c0.5,0.5,1.002,0.808,1.594,1.038 c0.572,0.222,1.227,0.375,2.185,0.418C9.249,20.99,9.556,21,12,21s2.751-0.01,3.711-0.054c0.958-0.044,1.612-0.196,2.185-0.418 c0.592-0.23,1.094-0.538,1.594-1.038c0.5-0.5,0.808-1.002,1.038-1.594c0.222-0.572,0.375-1.227,0.418-2.185 C20.99,14.751,21,14.444,21,12s-0.01-2.751-0.054-3.711c-0.044-0.958-0.196-1.612-0.418-2.185c-0.23-0.592-0.538-1.094-1.038-1.594 c-0.5-0.5-1.002-0.808-1.594-1.038c-0.572-0.222-1.227-0.375-2.185-0.418C14.751,3.01,14.444,3,12,3L12,3z M12,7.378 c-2.552,0-4.622,2.069-4.622,4.622S9.448,16.622,12,16.622s4.622-2.069,4.622-4.622S14.552,7.378,12,7.378z M12,15 c-1.657,0-3-1.343-3-3s1.343-3,3-3s3,1.343,3,3S13.657,15,12,15z M16.804,6.116c-0.596,0-1.08,0.484-1.08,1.08 s0.484,1.08,1.08,1.08c0.596,0,1.08-0.484,1.08-1.08S17.401,6.116,16.804,6.116z\"><\/path><\/svg><span class=\"wp-block-social-link-label\">Instagram<\/span><\/a><\/li>\n\n<li class=\"wp-social-link wp-social-link-wordpress  wp-block-social-link\"><a rel=\"noopener nofollow\" target=\"_blank\" href=\"https:\/\/www.1055.fr\/\" class=\"wp-block-social-link-anchor\"><svg width=\"24\" height=\"24\" viewBox=\"0 0 24 24\" version=\"1.1\" xmlns=\"http:\/\/www.w3.org\/2000\/svg\" aria-hidden=\"true\" focusable=\"false\"><path d=\"M12.158,12.786L9.46,20.625c0.806,0.237,1.657,0.366,2.54,0.366c1.047,0,2.051-0.181,2.986-0.51 c-0.024-0.038-0.046-0.079-0.065-0.124L12.158,12.786z M3.009,12c0,3.559,2.068,6.634,5.067,8.092L3.788,8.341 C3.289,9.459,3.009,10.696,3.009,12z M18.069,11.546c0-1.112-0.399-1.881-0.741-2.48c-0.456-0.741-0.883-1.368-0.883-2.109 c0-0.826,0.627-1.596,1.51-1.596c0.04,0,0.078,0.005,0.116,0.007C16.472,3.904,14.34,3.009,12,3.009 c-3.141,0-5.904,1.612-7.512,4.052c0.211,0.007,0.41,0.011,0.579,0.011c0.94,0,2.396-0.114,2.396-0.114 C7.947,6.93,8.004,7.642,7.52,7.699c0,0-0.487,0.057-1.029,0.085l3.274,9.739l1.968-5.901l-1.401-3.838 C9.848,7.756,9.389,7.699,9.389,7.699C8.904,7.67,8.961,6.93,9.446,6.958c0,0,1.484,0.114,2.368,0.114 c0.94,0,2.397-0.114,2.397-0.114c0.485-0.028,0.542,0.684,0.057,0.741c0,0-0.488,0.057-1.029,0.085l3.249,9.665l0.897-2.996 C17.841,13.284,18.069,12.316,18.069,11.546z M19.889,7.686c0.039,0.286,0.06,0.593,0.06,0.924c0,0.912-0.171,1.938-0.684,3.22 l-2.746,7.94c2.673-1.558,4.47-4.454,4.47-7.771C20.991,10.436,20.591,8.967,19.889,7.686z M12,22C6.486,22,2,17.514,2,12 C2,6.486,6.486,2,12,2c5.514,0,10,4.486,10,10C22,17.514,17.514,22,12,22z\"><\/path><\/svg><span class=\"wp-block-social-link-label\">WordPress<\/span><\/a><\/li><\/ul>\n\n\n\n<div class=\"wp-block-buttons is-layout-flex wp-block-buttons-is-layout-flex\">\n<div class=\"wp-block-button is-style-outline is-style-outline--1\"><a class=\"wp-block-button__link has-white-color has-black-background-color has-text-color has-background wp-element-button\" href=\"http:\/\/labrasserie-1055.fr\" target=\"_blank\" rel=\"noreferrer noopener\">LA BRASSERIE<\/a><\/div>\n\n\n\n<div class=\"wp-block-button is-style-outline is-style-outline--2\"><a class=\"wp-block-button__link has-black-color has-luminous-vivid-amber-background-color has-text-color has-background wp-element-button\" href=\"https:\/\/boutique.1055.fr\/\" style=\"border-radius:100px\">LA BOUTIQUE<\/a><\/div>\n\n\n\n<div class=\"wp-block-button is-style-outline is-style-outline--3\"><a class=\"wp-block-button__link has-vivid-cyan-blue-color has-light-green-cyan-background-color has-text-color has-background wp-element-button\" href=\"https:\/\/www.1055.fr\/besancon\/foire-aux-questions\/\" style=\"border-radius:56px\">Foire Aux Questions<\/a><\/div>\n<\/div>\n\n\n\n<p><\/p>\n","protected":false},"excerpt":{"rendered":"<p>lancer de haches \u00e0 besan\u00e7on <\/p>\n","protected":false},"author":10,"featured_media":1465,"parent":164,"menu_order":0,"comment_status":"closed","ping_status":"closed","template":"page-activite.php","meta":{"_acf_changed":false,"inline_featured_image":false,"footnotes":""},"class_list":["post-1464","page","type-page","status-publish","has-post-thumbnail","hentry"],"acf":[],"yoast_head":"<!-- This site is optimized with the Yoast SEO Premium plugin v24.7 (Yoast SEO v24.7) - https:\/\/yoast.com\/wordpress\/plugins\/seo\/ -->\n<title>Lancer de haches - 10.55 complexe de Loisirs<\/title>\n<meta name=\"description\" content=\"Si vous \u00eates \u00e0 la recherche d&#039;une activit\u00e9 insolite, le lancer de haches \u00e0 Besan\u00e7on au 10.55 est fait pour vous.\" \/>\n<meta name=\"robots\" content=\"index, follow, max-snippet:-1, max-image-preview:large, max-video-preview:-1\" \/>\n<link rel=\"canonical\" href=\"https:\/\/www.1055.fr\/besancon\/activites\/lance-de-haches-besancon\/\" \/>\n<meta property=\"og:locale\" content=\"fr_FR\" \/>\n<meta property=\"og:type\" content=\"article\" \/>\n<meta property=\"og:title\" content=\"Lancer de haches\" \/>\n<meta property=\"og:description\" content=\"Si vous \u00eates \u00e0 la recherche d&#039;une activit\u00e9 insolite, le lancer de haches \u00e0 Besan\u00e7on au 10.55 est fait pour vous.\" \/>\n<meta property=\"og:url\" content=\"https:\/\/www.1055.fr\/besancon\/activites\/lance-de-haches-besancon\/\" \/>\n<meta property=\"article:modified_time\" content=\"2024-05-15T09:12:23+00:00\" \/>\n<meta property=\"og:image\" content=\"https:\/\/www.1055.fr\/besancon\/contenu\/uploads\/2022\/10\/LANC2-HACHE-GRANDE-BANNIERE.png\" \/>\n\t<meta property=\"og:image:width\" content=\"1800\" \/>\n\t<meta property=\"og:image:height\" content=\"360\" \/>\n\t<meta property=\"og:image:type\" content=\"image\/png\" \/>\n<meta name=\"twitter:card\" content=\"summary_large_image\" \/>\n<meta name=\"twitter:label1\" content=\"Dur\u00e9e de lecture estim\u00e9e\" \/>\n\t<meta name=\"twitter:data1\" content=\"2 minutes\" \/>\n<script type=\"application\/ld+json\" class=\"yoast-schema-graph\">{\"@context\":\"https:\/\/schema.org\",\"@graph\":[{\"@type\":\"WebPage\",\"@id\":\"https:\/\/www.1055.fr\/besancon\/activites\/lance-de-haches-besancon\/\",\"url\":\"https:\/\/www.1055.fr\/besancon\/activites\/lance-de-haches-besancon\/\",\"name\":\"Lancer de haches - 10.55 complexe de Loisirs\",\"isPartOf\":{\"@id\":\"https:\/\/www.1055.fr\/besancon\/#website\"},\"primaryImageOfPage\":{\"@id\":\"https:\/\/www.1055.fr\/besancon\/activites\/lance-de-haches-besancon\/#primaryimage\"},\"image\":{\"@id\":\"https:\/\/www.1055.fr\/besancon\/activites\/lance-de-haches-besancon\/#primaryimage\"},\"thumbnailUrl\":\"https:\/\/www.1055.fr\/besancon\/contenu\/uploads\/2022\/10\/LANC2-HACHE-GRANDE-BANNIERE.png\",\"datePublished\":\"2022-10-10T13:52:12+00:00\",\"dateModified\":\"2024-05-15T09:12:23+00:00\",\"description\":\"Si vous \u00eates \u00e0 la recherche d'une activit\u00e9 insolite, le lancer de haches \u00e0 Besan\u00e7on au 10.55 est fait pour vous.\",\"breadcrumb\":{\"@id\":\"https:\/\/www.1055.fr\/besancon\/activites\/lance-de-haches-besancon\/#breadcrumb\"},\"inLanguage\":\"fr-FR\",\"potentialAction\":[{\"@type\":\"ReadAction\",\"target\":[\"https:\/\/www.1055.fr\/besancon\/activites\/lance-de-haches-besancon\/\"]}]},{\"@type\":\"ImageObject\",\"inLanguage\":\"fr-FR\",\"@id\":\"https:\/\/www.1055.fr\/besancon\/activites\/lance-de-haches-besancon\/#primaryimage\",\"url\":\"https:\/\/www.1055.fr\/besancon\/contenu\/uploads\/2022\/10\/LANC2-HACHE-GRANDE-BANNIERE.png\",\"contentUrl\":\"https:\/\/www.1055.fr\/besancon\/contenu\/uploads\/2022\/10\/LANC2-HACHE-GRANDE-BANNIERE.png\",\"width\":1800,\"height\":360},{\"@type\":\"BreadcrumbList\",\"@id\":\"https:\/\/www.1055.fr\/besancon\/activites\/lance-de-haches-besancon\/#breadcrumb\",\"itemListElement\":[{\"@type\":\"ListItem\",\"position\":1,\"name\":\"Home\",\"item\":\"https:\/\/www.1055.fr\/besancon\/\"},{\"@type\":\"ListItem\",\"position\":2,\"name\":\"Parc Indoor\",\"item\":\"https:\/\/www.1055.fr\/besancon\/activites\/\"},{\"@type\":\"ListItem\",\"position\":3,\"name\":\"Lancer de haches\"}]},{\"@type\":\"WebSite\",\"@id\":\"https:\/\/www.1055.fr\/besancon\/#website\",\"url\":\"https:\/\/www.1055.fr\/besancon\/\",\"name\":\"\",\"description\":\"\",\"publisher\":{\"@id\":\"https:\/\/www.1055.fr\/besancon\/#organization\"},\"potentialAction\":[{\"@type\":\"SearchAction\",\"target\":{\"@type\":\"EntryPoint\",\"urlTemplate\":\"https:\/\/www.1055.fr\/besancon\/?s={search_term_string}\"},\"query-input\":{\"@type\":\"PropertyValueSpecification\",\"valueRequired\":true,\"valueName\":\"search_term_string\"}}],\"inLanguage\":\"fr-FR\"},{\"@type\":\"Organization\",\"@id\":\"https:\/\/www.1055.fr\/besancon\/#organization\",\"name\":\"1055 Besan\u00e7on\",\"url\":\"https:\/\/www.1055.fr\/besancon\/\",\"logo\":{\"@type\":\"ImageObject\",\"inLanguage\":\"fr-FR\",\"@id\":\"https:\/\/www.1055.fr\/besancon\/#\/schema\/logo\/image\/\",\"url\":\"https:\/\/www.1055.fr\/besancon\/contenu\/uploads\/2021\/04\/logo-page-2-1.png\",\"contentUrl\":\"https:\/\/www.1055.fr\/besancon\/contenu\/uploads\/2021\/04\/logo-page-2-1.png\",\"width\":120,\"height\":162,\"caption\":\"1055 Besan\u00e7on\"},\"image\":{\"@id\":\"https:\/\/www.1055.fr\/besancon\/#\/schema\/logo\/image\/\"}}]}<\/script>\n<!-- \/ Yoast SEO Premium plugin. -->","yoast_head_json":{"title":"Lancer de haches - 10.55 complexe de Loisirs","description":"Si vous \u00eates \u00e0 la recherche d'une activit\u00e9 insolite, le lancer de haches \u00e0 Besan\u00e7on au 10.55 est fait pour vous.","robots":{"index":"index","follow":"follow","max-snippet":"max-snippet:-1","max-image-preview":"max-image-preview:large","max-video-preview":"max-video-preview:-1"},"canonical":"https:\/\/www.1055.fr\/besancon\/activites\/lance-de-haches-besancon\/","og_locale":"fr_FR","og_type":"article","og_title":"Lancer de haches","og_description":"Si vous \u00eates \u00e0 la recherche d'une activit\u00e9 insolite, le lancer de haches \u00e0 Besan\u00e7on au 10.55 est fait pour vous.","og_url":"https:\/\/www.1055.fr\/besancon\/activites\/lance-de-haches-besancon\/","article_modified_time":"2024-05-15T09:12:23+00:00","og_image":[{"width":1800,"height":360,"url":"https:\/\/www.1055.fr\/besancon\/contenu\/uploads\/2022\/10\/LANC2-HACHE-GRANDE-BANNIERE.png","type":"image\/png"}],"twitter_card":"summary_large_image","twitter_misc":{"Dur\u00e9e de lecture estim\u00e9e":"2 minutes"},"schema":{"@context":"https:\/\/schema.org","@graph":[{"@type":"WebPage","@id":"https:\/\/www.1055.fr\/besancon\/activites\/lance-de-haches-besancon\/","url":"https:\/\/www.1055.fr\/besancon\/activites\/lance-de-haches-besancon\/","name":"Lancer de haches - 10.55 complexe de Loisirs","isPartOf":{"@id":"https:\/\/www.1055.fr\/besancon\/#website"},"primaryImageOfPage":{"@id":"https:\/\/www.1055.fr\/besancon\/activites\/lance-de-haches-besancon\/#primaryimage"},"image":{"@id":"https:\/\/www.1055.fr\/besancon\/activites\/lance-de-haches-besancon\/#primaryimage"},"thumbnailUrl":"https:\/\/www.1055.fr\/besancon\/contenu\/uploads\/2022\/10\/LANC2-HACHE-GRANDE-BANNIERE.png","datePublished":"2022-10-10T13:52:12+00:00","dateModified":"2024-05-15T09:12:23+00:00","description":"Si vous \u00eates \u00e0 la recherche d'une activit\u00e9 insolite, le lancer de haches \u00e0 Besan\u00e7on au 10.55 est fait pour vous.","breadcrumb":{"@id":"https:\/\/www.1055.fr\/besancon\/activites\/lance-de-haches-besancon\/#breadcrumb"},"inLanguage":"fr-FR","potentialAction":[{"@type":"ReadAction","target":["https:\/\/www.1055.fr\/besancon\/activites\/lance-de-haches-besancon\/"]}]},{"@type":"ImageObject","inLanguage":"fr-FR","@id":"https:\/\/www.1055.fr\/besancon\/activites\/lance-de-haches-besancon\/#primaryimage","url":"https:\/\/www.1055.fr\/besancon\/contenu\/uploads\/2022\/10\/LANC2-HACHE-GRANDE-BANNIERE.png","contentUrl":"https:\/\/www.1055.fr\/besancon\/contenu\/uploads\/2022\/10\/LANC2-HACHE-GRANDE-BANNIERE.png","width":1800,"height":360},{"@type":"BreadcrumbList","@id":"https:\/\/www.1055.fr\/besancon\/activites\/lance-de-haches-besancon\/#breadcrumb","itemListElement":[{"@type":"ListItem","position":1,"name":"Home","item":"https:\/\/www.1055.fr\/besancon\/"},{"@type":"ListItem","position":2,"name":"Parc Indoor","item":"https:\/\/www.1055.fr\/besancon\/activites\/"},{"@type":"ListItem","position":3,"name":"Lancer de haches"}]},{"@type":"WebSite","@id":"https:\/\/www.1055.fr\/besancon\/#website","url":"https:\/\/www.1055.fr\/besancon\/","name":"","description":"","publisher":{"@id":"https:\/\/www.1055.fr\/besancon\/#organization"},"potentialAction":[{"@type":"SearchAction","target":{"@type":"EntryPoint","urlTemplate":"https:\/\/www.1055.fr\/besancon\/?s={search_term_string}"},"query-input":{"@type":"PropertyValueSpecification","valueRequired":true,"valueName":"search_term_string"}}],"inLanguage":"fr-FR"},{"@type":"Organization","@id":"https:\/\/www.1055.fr\/besancon\/#organization","name":"1055 Besan\u00e7on","url":"https:\/\/www.1055.fr\/besancon\/","logo":{"@type":"ImageObject","inLanguage":"fr-FR","@id":"https:\/\/www.1055.fr\/besancon\/#\/schema\/logo\/image\/","url":"https:\/\/www.1055.fr\/besancon\/contenu\/uploads\/2021\/04\/logo-page-2-1.png","contentUrl":"https:\/\/www.1055.fr\/besancon\/contenu\/uploads\/2021\/04\/logo-page-2-1.png","width":120,"height":162,"caption":"1055 Besan\u00e7on"},"image":{"@id":"https:\/\/www.1055.fr\/besancon\/#\/schema\/logo\/image\/"}}]}},"_links":{"self":[{"href":"https:\/\/www.1055.fr\/besancon\/wp-json\/wp\/v2\/pages\/1464","targetHints":{"allow":["GET"]}}],"collection":[{"href":"https:\/\/www.1055.fr\/besancon\/wp-json\/wp\/v2\/pages"}],"about":[{"href":"https:\/\/www.1055.fr\/besancon\/wp-json\/wp\/v2\/types\/page"}],"author":[{"embeddable":true,"href":"https:\/\/www.1055.fr\/besancon\/wp-json\/wp\/v2\/users\/10"}],"replies":[{"embeddable":true,"href":"https:\/\/www.1055.fr\/besancon\/wp-json\/wp\/v2\/comments?post=1464"}],"version-history":[{"count":2,"href":"https:\/\/www.1055.fr\/besancon\/wp-json\/wp\/v2\/pages\/1464\/revisions"}],"predecessor-version":[{"id":4876,"href":"https:\/\/www.1055.fr\/besancon\/wp-json\/wp\/v2\/pages\/1464\/revisions\/4876"}],"up":[{"embeddable":true,"href":"https:\/\/www.1055.fr\/besancon\/wp-json\/wp\/v2\/pages\/164"}],"wp:featuredmedia":[{"embeddable":true,"href":"https:\/\/www.1055.fr\/besancon\/wp-json\/wp\/v2\/media\/1465"}],"wp:attachment":[{"href":"https:\/\/www.1055.fr\/besancon\/wp-json\/wp\/v2\/media?parent=1464"}],"curies":[{"name":"wp","href":"https:\/\/api.w.org\/{rel}","templated":true}]}}